{"id":10191,"date":"2024-10-24T14:50:56","date_gmt":"2024-10-24T12:50:56","guid":{"rendered":"https:\/\/blog.seetal-chile.ch\/?post_type=seetal_chile_poscht&#038;p=10191"},"modified":"2024-10-24T14:50:57","modified_gmt":"2024-10-24T12:50:57","slug":"martin-von-schoultz","status":"publish","type":"seetal_chile_poscht","link":"https:\/\/blog.seetal-chile.ch\/fr\/seetal_chile_poscht\/martin-von-schoultz\/","title":{"rendered":"Martin von Schoultz"},"content":{"rendered":"<p>\u0639\u0644\u064a\u0643\u0645 \"Salam aleikum\"<\/p>\n\n\n\n<p>Il ne s'est pas encore \u00e9coul\u00e9 un mois depuis que j'\u00e9tais en Suisse, que je buvais du caf\u00e9 avec vous et que je mangeais de la tarte aux carottes. Et me voil\u00e0 d\u00e9j\u00e0 de retour dans le pays des deux fleuves, l\u00e0 o\u00f9 se trouvait le jardin d'Eden et o\u00f9 se trouve la ville natale d'Abraham. Lorsque je traversais en bus les vastes \u00e9tendues de mon pays, que j'apercevais le puissant Tigre et que je regardais les plaines arides et sans arbres, un sentiment d'appartenance m'envahissait : \"<em>Enfin, je suis de retour.<\/em>\"<\/p>\n\n\n\n<p>J'ai eu un petit pincement au c\u0153ur quand j'ai r\u00e9alis\u00e9 que je n'avais pas compl\u00e8tement oubli\u00e9 mon kurde. Il m'a fallu un moment pour me replonger dans la culture. Par exemple, l'autre jour, un ami m'a invit\u00e9 \u00e0 un match de football. J'ai \u00e9t\u00e9 un peu surpris lorsqu'il m'a expliqu\u00e9 que le match se d\u00e9roulait de 00h00 \u00e0 02h00 du matin. Mais ce sont des horaires normaux pour les kurdes.<\/p>\n\n\n\n<p>Une chose qui me fait davantage r\u00e9fl\u00e9chir depuis que je suis de retour ici, ce sont les nombreux contacts et amiti\u00e9s que je cultive. Je connais maintenant tellement de Kurdes que je ne sais pas vraiment avec qui je dois m'investir ou non. Il y a le propri\u00e9taire de l'\u00e9picerie du coin, le videur de notre immeuble ou le guide touristique d'\u00e0 c\u00f4t\u00e9, etc.<\/p>\n\n\n\n<p>Ici, je vous demande vos pri\u00e8res, chers seetal chile, pour que je puisse toujours mieux distinguer qui est ouvert et qui ne l'est pas parmi eux. Et prie pour qu'une porte s'ouvre \u00e0 notre espoir.<\/p>\n\n\n\n<p>Merci beaucoup, c'est tellement g\u00e9nial d'\u00eatre connect\u00e9 avec vous, chers amis. Ensemble, nous allons dans la m\u00eame direction.<\/p>\n\n\n\n<p>Salutations amicales, eue Tinu<\/p>\n\n\n\n<p><em>Si tu souhaites t'abonner \u00e0 la lettre d'information de Martin von Schoultz, tu peux contacter sa personne de contact Melanie Meier (079 723 18 33).<\/em><\/p>","protected":false},"author":4,"featured_media":0,"template":"","seetal_chile_poscht_ausgabe":[],"class_list":["post-10191","seetal_chile_poscht","type-seetal_chile_poscht","status-publish","hentry"],"acf":[],"_links":{"self":[{"href":"https:\/\/blog.seetal-chile.ch\/fr\/wp-json\/wp\/v2\/seetal_chile_poscht\/10191","targetHints":{"allow":["GET"]}}],"collection":[{"href":"https:\/\/blog.seetal-chile.ch\/fr\/wp-json\/wp\/v2\/seetal_chile_poscht"}],"about":[{"href":"https:\/\/blog.seetal-chile.ch\/fr\/wp-json\/wp\/v2\/types\/seetal_chile_poscht"}],"author":[{"embeddable":true,"href":"https:\/\/blog.seetal-chile.ch\/fr\/wp-json\/wp\/v2\/users\/4"}],"version-history":[{"count":1,"href":"https:\/\/blog.seetal-chile.ch\/fr\/wp-json\/wp\/v2\/seetal_chile_poscht\/10191\/revisions"}],"predecessor-version":[{"id":10192,"href":"https:\/\/blog.seetal-chile.ch\/fr\/wp-json\/wp\/v2\/seetal_chile_poscht\/10191\/revisions\/10192"}],"wp:attachment":[{"href":"https:\/\/blog.seetal-chile.ch\/fr\/wp-json\/wp\/v2\/media?parent=10191"}],"wp:term":[{"taxonomy":"seetal_chile_poscht_ausgabe","embeddable":true,"href":"https:\/\/blog.seetal-chile.ch\/fr\/wp-json\/wp\/v2\/seetal_chile_poscht_ausgabe?post=10191"}],"curies":[{"name":"wp","href":"https:\/\/api.w.org\/{rel}","templated":true}]}}

<p>عليكم "Salam aleikum"</p>



<p>Il ne s'est pas encore écoulé un mois depuis que j'étais en Suisse, que je buvais du café avec vous et que je mangeais de la tarte aux carottes. Et me voilà déjà de retour dans le pays des deux fleuves, là où se trouvait le jardin d'Eden et où se trouve la ville natale d'Abraham. Lorsque je traversais en bus les vastes étendues de mon pays, que j'apercevais le puissant Tigre et que je regardais les plaines arides et sans arbres, un sentiment d'appartenance m'envahissait : "<em>Enfin, je suis de retour.</em>"</p>



<p>J'ai eu un petit pincement au cœur quand j'ai réalisé que je n'avais pas complètement oublié mon kurde. Il m'a fallu un moment pour me replonger dans la culture. Par exemple, l'autre jour, un ami m'a invité à un match de football. J'ai été un peu surpris lorsqu'il m'a expliqué que le match se déroulait de 00h00 à 02h00 du matin. Mais ce sont des horaires normaux pour les kurdes.</p>



<p>Une chose qui me fait davantage réfléchir depuis que je suis de retour ici, ce sont les nombreux contacts et amitiés que je cultive. Je connais maintenant tellement de Kurdes que je ne sais pas vraiment avec qui je dois m'investir ou non. Il y a le propriétaire de l'épicerie du coin, le videur de notre immeuble ou le guide touristique d'à côté, etc.</p>



<p>Ici, je vous demande vos prières, chers seetal chile, pour que je puisse toujours mieux distinguer qui est ouvert et qui ne l'est pas parmi eux. Et prie pour qu'une porte s'ouvre à notre espoir.</p>



<p>Merci beaucoup, c'est tellement génial d'être connecté avec vous, chers amis. Ensemble, nous allons dans la même direction.</p>



<p>Salutations amicales, eue Tinu</p>



<p><em>Si tu souhaites t'abonner à la lettre d'information de Martin von Schoultz, tu peux contacter sa personne de contact Melanie Meier (079 723 18 33).</em></p>
