{"id":10412,"date":"2024-12-23T15:37:02","date_gmt":"2024-12-23T14:37:02","guid":{"rendered":"https:\/\/blog.seetal-chile.ch\/?post_type=seetal_chile_poscht&#038;p=10412"},"modified":"2024-12-23T15:37:02","modified_gmt":"2024-12-23T14:37:02","slug":"infos-in-aller-kuerze-17","status":"publish","type":"seetal_chile_poscht","link":"https:\/\/blog.seetal-chile.ch\/fr\/seetal_chile_poscht\/infos-in-aller-kuerze-17\/","title":{"rendered":"Les infos en bref"},"content":{"rendered":"<p>Apr\u00e8s un culte en d\u00e9cembre, une note manuscrite contenant un message anonyme sur le comportement moralement r\u00e9pr\u00e9hensible d'une personne active dans le culte a \u00e9t\u00e9 d\u00e9pos\u00e9e dans la bo\u00eete de collecte. Nous invitons cordialement la personne qui l'a envoy\u00e9 \u00e0 s'approcher de l'un des pasteurs pour que nous puissions discuter de la chose et, si n\u00e9cessaire, l'aborder de mani\u00e8re pastorale. D'une mani\u00e8re g\u00e9n\u00e9rale, il nous tient \u00e0 c\u0153ur que les pr\u00e9occupations importantes et les suppositions qui prennent beaucoup de pouvoir en secret soient abord\u00e9es de mani\u00e8re ouverte et transparente. Travaillons ensemble \u00e0 une telle culture du royaume de Dieu !<\/p>\n\n\n\n<p>Depuis ao\u00fbt 2024, les enfants les plus \u00e2g\u00e9s n'enrichissent plus le Kigo, mais font partie des Preteens. Maintenant, le Kigo est sensiblement rajeuni, car les \u00e9l\u00e8ves de 6e et 7e ann\u00e9e manquent. Avec quelques adaptations, nous souhaitons insuffler un vent de fra\u00eecheur au Kigo en janvier. Des chansons simples, moins de texte th\u00e9\u00e2tral, un nouveau rituel d'entr\u00e9e... sois curieux, les visiteurs sont les bienvenus.<\/p>\n\n\n\n<p>Il y a deux ans, le groupe de travail \"Diff\u00e9rentes situations de vie\" a commenc\u00e9 sa mission. L'objectif \u00e9tait de d\u00e9couvrir comment seetal chile peut \u00eatre un foyer non seulement pour les familles avec enfants, mais aussi pour les personnes ayant des situations de vie diff\u00e9rentes. Le groupe a pu sensibiliser et stimuler une ou deux choses. Comme il n'y a pas de besoin urgent d'agir pour le moment, le groupe de travail met fin \u00e0 ses activit\u00e9s. Un grand merci \u00e0 Philippe Ehrsam, Martina Hauri, Mirjam Hauser, Denise Pival, Andrea Werder et C\u00e9dric Br\u00fcgger pour leur contribution \u00e0 cette \u00e9quipe.<\/p>","protected":false},"author":4,"featured_media":0,"template":"","seetal_chile_poscht_ausgabe":[],"class_list":["post-10412","seetal_chile_poscht","type-seetal_chile_poscht","status-publish","hentry"],"acf":[],"_links":{"self":[{"href":"https:\/\/blog.seetal-chile.ch\/fr\/wp-json\/wp\/v2\/seetal_chile_poscht\/10412","targetHints":{"allow":["GET"]}}],"collection":[{"href":"https:\/\/blog.seetal-chile.ch\/fr\/wp-json\/wp\/v2\/seetal_chile_poscht"}],"about":[{"href":"https:\/\/blog.seetal-chile.ch\/fr\/wp-json\/wp\/v2\/types\/seetal_chile_poscht"}],"author":[{"embeddable":true,"href":"https:\/\/blog.seetal-chile.ch\/fr\/wp-json\/wp\/v2\/users\/4"}],"version-history":[{"count":1,"href":"https:\/\/blog.seetal-chile.ch\/fr\/wp-json\/wp\/v2\/seetal_chile_poscht\/10412\/revisions"}],"predecessor-version":[{"id":10413,"href":"https:\/\/blog.seetal-chile.ch\/fr\/wp-json\/wp\/v2\/seetal_chile_poscht\/10412\/revisions\/10413"}],"wp:attachment":[{"href":"https:\/\/blog.seetal-chile.ch\/fr\/wp-json\/wp\/v2\/media?parent=10412"}],"wp:term":[{"taxonomy":"seetal_chile_poscht_ausgabe","embeddable":true,"href":"https:\/\/blog.seetal-chile.ch\/fr\/wp-json\/wp\/v2\/seetal_chile_poscht_ausgabe?post=10412"}],"curies":[{"name":"wp","href":"https:\/\/api.w.org\/{rel}","templated":true}]}}

<p>Après un culte en décembre, une note manuscrite contenant un message anonyme sur le comportement moralement répréhensible d'une personne active dans le culte a été déposée dans la boîte de collecte. Nous invitons cordialement la personne qui l'a envoyé à s'approcher de l'un des pasteurs pour que nous puissions discuter de la chose et, si nécessaire, l'aborder de manière pastorale. D'une manière générale, il nous tient à cœur que les préoccupations importantes et les suppositions qui prennent beaucoup de pouvoir en secret soient abordées de manière ouverte et transparente. Travaillons ensemble à une telle culture du royaume de Dieu !</p>



<p>Depuis août 2024, les enfants les plus âgés n'enrichissent plus le Kigo, mais font partie des Preteens. Maintenant, le Kigo est sensiblement rajeuni, car les élèves de 6e et 7e année manquent. Avec quelques adaptations, nous souhaitons insuffler un vent de fraîcheur au Kigo en janvier. Des chansons simples, moins de texte théâtral, un nouveau rituel d'entrée... sois curieux, les visiteurs sont les bienvenus.</p>



<p>Il y a deux ans, le groupe de travail "Différentes situations de vie" a commencé sa mission. L'objectif était de découvrir comment seetal chile peut être un foyer non seulement pour les familles avec enfants, mais aussi pour les personnes ayant des situations de vie différentes. Le groupe a pu sensibiliser et stimuler une ou deux choses. Comme il n'y a pas de besoin urgent d'agir pour le moment, le groupe de travail met fin à ses activités. Un grand merci à Philippe Ehrsam, Martina Hauri, Mirjam Hauser, Denise Pival, Andrea Werder et Cédric Brügger pour leur contribution à cette équipe.</p>
