{"id":10843,"date":"2025-05-30T08:57:50","date_gmt":"2025-05-30T06:57:50","guid":{"rendered":"https:\/\/blog.seetal-chile.ch\/?post_type=seetal_chile_poscht&#038;p=10843"},"modified":"2025-05-30T08:57:50","modified_gmt":"2025-05-30T06:57:50","slug":"zukunft-glow-ameisli-und-kids","status":"publish","type":"seetal_chile_poscht","link":"https:\/\/blog.seetal-chile.ch\/fr\/seetal_chile_poscht\/zukunft-glow-ameisli-und-kids\/","title":{"rendered":"Futur glow Ameisli et Kids"},"content":{"rendered":"<p>Nous construisons l'\u00e9glise pour la prochaine g\u00e9n\u00e9ration. Cette mission caract\u00e9rise la seetal chile - et une partie centrale de celle-ci est notre programme pour enfants. Avec glow Ameisli et Kids, notre programme du samedi, nous voulons enthousiasmer les enfants de notre \u00e9glise, mais aussi du village, pour une vie avec J\u00e9sus.<\/p>\n\n\n\n<p>Ce qui nous tient \u00e0 c\u0153ur, c'est que les enfants puissent vivre de vraies exp\u00e9riences - des exp\u00e9riences avec Dieu et avec d'autres enfants. Nous souhaitons qu'ils puissent se faire des amis et d\u00e9velopper des relations profondes. Avec notre programme, nous voulons aller dans la nature, au milieu de la cr\u00e9ation de Dieu - pour y d\u00e9couvrir son cr\u00e9ateur et y trouver de la joie.<\/p>\n\n\n\n<p>Cependant, ces derni\u00e8res ann\u00e9es, nous avons constat\u00e9 que la participation \u00e0 notre programme pour enfants \u00e9tait plut\u00f4t faible. Cela nous a mis au d\u00e9fi, en tant qu'\u00e9quipe, de remettre honn\u00eatement en question notre offre : o\u00f9 en sommes-nous ? Et comment pouvons-nous la d\u00e9velopper ?<\/p>\n\n\n\n<p>Apr\u00e8s ce processus de r\u00e9flexion, nous avons d\u00e9cid\u00e9 ensemble d'investir de mani\u00e8re cibl\u00e9e dans le d\u00e9veloppement et le renforcement de ce travail au cours du prochain semestre. Nous voulons prendre le temps d'apprendre les uns des autres et d'autres programmes pour enfants - des responsables exp\u00e9riment\u00e9s, des bonnes id\u00e9es et de nouvelles impulsions. C'est pourquoi nous suspendons le programme Ameisli et Kids pendant six mois et investissons consciemment ce temps dans notre \u00e9quipe et notre vision.<\/p>\n\n\n\n<p>Nous savons que cette \u00e9tape comporte \u00e0 la fois des opportunit\u00e9s et des risques. Mais nous sommes convaincus qu'il y a un grand potentiel dans cette voie. Nous souhaitons la parcourir en toute confiance - avec l'objectif de repartir avec un nouveau souffle au bout de six mois.<\/p>","protected":false},"author":42,"featured_media":0,"template":"","seetal_chile_poscht_ausgabe":[102],"class_list":["post-10843","seetal_chile_poscht","type-seetal_chile_poscht","status-publish","hentry","seetal_chile_poscht_ausgabe-seetal-chile-poscht-06-2025-73240253-3479-46f2-8e56-d7fc5aa4dff1"],"acf":[],"_links":{"self":[{"href":"https:\/\/blog.seetal-chile.ch\/fr\/wp-json\/wp\/v2\/seetal_chile_poscht\/10843","targetHints":{"allow":["GET"]}}],"collection":[{"href":"https:\/\/blog.seetal-chile.ch\/fr\/wp-json\/wp\/v2\/seetal_chile_poscht"}],"about":[{"href":"https:\/\/blog.seetal-chile.ch\/fr\/wp-json\/wp\/v2\/types\/seetal_chile_poscht"}],"author":[{"embeddable":true,"href":"https:\/\/blog.seetal-chile.ch\/fr\/wp-json\/wp\/v2\/users\/42"}],"version-history":[{"count":1,"href":"https:\/\/blog.seetal-chile.ch\/fr\/wp-json\/wp\/v2\/seetal_chile_poscht\/10843\/revisions"}],"predecessor-version":[{"id":10844,"href":"https:\/\/blog.seetal-chile.ch\/fr\/wp-json\/wp\/v2\/seetal_chile_poscht\/10843\/revisions\/10844"}],"wp:attachment":[{"href":"https:\/\/blog.seetal-chile.ch\/fr\/wp-json\/wp\/v2\/media?parent=10843"}],"wp:term":[{"taxonomy":"seetal_chile_poscht_ausgabe","embeddable":true,"href":"https:\/\/blog.seetal-chile.ch\/fr\/wp-json\/wp\/v2\/seetal_chile_poscht_ausgabe?post=10843"}],"curies":[{"name":"wp","href":"https:\/\/api.w.org\/{rel}","templated":true}]}}

<p>Nous construisons l'église pour la prochaine génération. Cette mission caractérise la seetal chile - et une partie centrale de celle-ci est notre programme pour enfants. Avec glow Ameisli et Kids, notre programme du samedi, nous voulons enthousiasmer les enfants de notre église, mais aussi du village, pour une vie avec Jésus.</p>



<p>Ce qui nous tient à cœur, c'est que les enfants puissent vivre de vraies expériences - des expériences avec Dieu et avec d'autres enfants. Nous souhaitons qu'ils puissent se faire des amis et développer des relations profondes. Avec notre programme, nous voulons aller dans la nature, au milieu de la création de Dieu - pour y découvrir son créateur et y trouver de la joie.</p>



<p>Cependant, ces dernières années, nous avons constaté que la participation à notre programme pour enfants était plutôt faible. Cela nous a mis au défi, en tant qu'équipe, de remettre honnêtement en question notre offre : où en sommes-nous ? Et comment pouvons-nous la développer ?</p>



<p>Après ce processus de réflexion, nous avons décidé ensemble d'investir de manière ciblée dans le développement et le renforcement de ce travail au cours du prochain semestre. Nous voulons prendre le temps d'apprendre les uns des autres et d'autres programmes pour enfants - des responsables expérimentés, des bonnes idées et de nouvelles impulsions. C'est pourquoi nous suspendons le programme Ameisli et Kids pendant six mois et investissons consciemment ce temps dans notre équipe et notre vision.</p>



<p>Nous savons que cette étape comporte à la fois des opportunités et des risques. Mais nous sommes convaincus qu'il y a un grand potentiel dans cette voie. Nous souhaitons la parcourir en toute confiance - avec l'objectif de repartir avec un nouveau souffle au bout de six mois.</p>
