{"id":11009,"date":"2025-08-29T07:48:39","date_gmt":"2025-08-29T05:48:39","guid":{"rendered":"https:\/\/blog.seetal-chile.ch\/?post_type=seetal_chile_poscht&#038;p=11009"},"modified":"2025-08-29T07:48:39","modified_gmt":"2025-08-29T05:48:39","slug":"infos-zu-personen-25","status":"publish","type":"seetal_chile_poscht","link":"https:\/\/blog.seetal-chile.ch\/fr\/seetal_chile_poscht\/infos-zu-personen-25\/","title":{"rendered":"Infos sur les personnes"},"content":{"rendered":"<p>Ces deux derniers mois, deux deuxi\u00e8mes b\u00e9b\u00e9s sont arriv\u00e9s :<\/p>\n\n\n\n<ul class=\"wp-block-list\">\n<li>Le 15 juillet 2025, Samuel et Isabelle ont pu <strong>Gloor<\/strong> <strong>Elissia Adaja<\/strong> dans ses bras. C'est la s\u0153ur de Joana Liara.<\/li>\n\n\n\n<li>Le 4 ao\u00fbt 2025, c'\u00e9tait l'heure de naissance de <strong>Finn Friess<\/strong>. Ses parents Samuel et Catrina, ainsi que son fr\u00e8re Benaja, sont super contents.<\/li>\n<\/ul>\n\n\n\n<p>On souhaite de tout c\u0153ur aux deux familles heureuses beaucoup de joie, de force, de sagesse et tout ce que Dieu peut leur apporter de bien.<\/p>\n\n\n\n<p><strong>Michael et Alisa Ramseier<\/strong> ont transf\u00e9r\u00e9 leur adh\u00e9sion de seetal chile \u00e0 Lenzchile Reinach. En tant que famille, ils ont rejoint la communaut\u00e9 Lenzchile, plus proche de chez eux. Reconnaissants pour tout ce qu'on a v\u00e9cu ensemble, on vous b\u00e9nit et vous dit au revoir !<\/p>\n\n\n\n<p>La ligne Kafi-Chnopf est g\u00e9r\u00e9e par <strong>Nathalie Gloor<\/strong> \u00e0 <strong>Simona Spichtig<\/strong> ont rejoint l'\u00e9quipe ; les nouveaux membres sont <strong>Salom\u00e9 Wildy<\/strong>, <strong>Samira Fr\u00f6hlich<\/strong>, <strong>Sandra B\u00fchler<\/strong> et <strong>Hanna Pl\u00fcss<\/strong>. Les nouveaux membres de l'\u00e9quipe glow Next sont <strong>Metin Tung<\/strong> et <strong>Fabienne Hertig. <\/strong>Les nouveaux venus chez Kigo sont <strong>Melina Pariyar,<\/strong> <strong>Debora et Patrick Hugentobler<\/strong>.<\/p>\n\n\n\n<p><strong>Madlene Zingg<\/strong> quitte l'\u00e9quipe de traduction et <strong>Simona Spichtig<\/strong> s'arr\u00eate dans la Kinderh\u00fceti. Un grand merci \u00e0 vous deux pour le temps et l'\u00e9nergie que vous y avez mis !<\/p>\n\n\n\n<p><strong>Matthias Altwegg<\/strong> est l'intervenant \u00e0 la conf\u00e9rence annuelle de l'EGW, qui se tiendra du 10 au 14 septembre \u00e0 M\u00fcnchenbuchsee et dimanche \u00e0 Berne (https:\/\/egw.ch\/jahreskonferenz). Il sera super occup\u00e9 par cette t\u00e2che pendant toute cette semaine.<\/p>\n\n\n\n<p><strong>C\u00e9dric Br\u00fcgger<\/strong> a commenc\u00e9 une formation continue. Dans le cadre du programme de d\u00e9veloppement communal, il se penche sur la th\u00e9orie et la pratique du d\u00e9veloppement organisationnel. Il y a six modules au total jusqu'en ao\u00fbt 2026.<\/p>","protected":false},"author":4,"featured_media":0,"template":"","seetal_chile_poscht_ausgabe":[104],"class_list":["post-11009","seetal_chile_poscht","type-seetal_chile_poscht","status-publish","hentry","seetal_chile_poscht_ausgabe-seetal-chile-poscht-09-2025-0f6736fd-9ee3-4e88-b516-fd291409ed65"],"acf":[],"_links":{"self":[{"href":"https:\/\/blog.seetal-chile.ch\/fr\/wp-json\/wp\/v2\/seetal_chile_poscht\/11009","targetHints":{"allow":["GET"]}}],"collection":[{"href":"https:\/\/blog.seetal-chile.ch\/fr\/wp-json\/wp\/v2\/seetal_chile_poscht"}],"about":[{"href":"https:\/\/blog.seetal-chile.ch\/fr\/wp-json\/wp\/v2\/types\/seetal_chile_poscht"}],"author":[{"embeddable":true,"href":"https:\/\/blog.seetal-chile.ch\/fr\/wp-json\/wp\/v2\/users\/4"}],"version-history":[{"count":1,"href":"https:\/\/blog.seetal-chile.ch\/fr\/wp-json\/wp\/v2\/seetal_chile_poscht\/11009\/revisions"}],"predecessor-version":[{"id":11010,"href":"https:\/\/blog.seetal-chile.ch\/fr\/wp-json\/wp\/v2\/seetal_chile_poscht\/11009\/revisions\/11010"}],"wp:attachment":[{"href":"https:\/\/blog.seetal-chile.ch\/fr\/wp-json\/wp\/v2\/media?parent=11009"}],"wp:term":[{"taxonomy":"seetal_chile_poscht_ausgabe","embeddable":true,"href":"https:\/\/blog.seetal-chile.ch\/fr\/wp-json\/wp\/v2\/seetal_chile_poscht_ausgabe?post=11009"}],"curies":[{"name":"wp","href":"https:\/\/api.w.org\/{rel}","templated":true}]}}

<p>Ces deux derniers mois, deux deuxièmes bébés sont arrivés :</p>



<ul class="wp-block-list">
<li>Le 15 juillet 2025, Samuel et Isabelle ont pu <strong>Gloor</strong> <strong>Elissia Adaja</strong> dans ses bras. C'est la sœur de Joana Liara.</li>



<li>Le 4 août 2025, c'était l'heure de naissance de <strong>Finn Friess</strong>. Ses parents Samuel et Catrina, ainsi que son frère Benaja, sont super contents.</li>
</ul>



<p>On souhaite de tout cœur aux deux familles heureuses beaucoup de joie, de force, de sagesse et tout ce que Dieu peut leur apporter de bien.</p>



<p><strong>Michael et Alisa Ramseier</strong> ont transféré leur adhésion de seetal chile à Lenzchile Reinach. En tant que famille, ils ont rejoint la communauté Lenzchile, plus proche de chez eux. Reconnaissants pour tout ce qu'on a vécu ensemble, on vous bénit et vous dit au revoir !</p>



<p>La ligne Kafi-Chnopf est gérée par <strong>Nathalie Gloor</strong> à <strong>Simona Spichtig</strong> ont rejoint l'équipe ; les nouveaux membres sont <strong>Salomé Wildy</strong>, <strong>Samira Fröhlich</strong>, <strong>Sandra Bühler</strong> et <strong>Hanna Plüss</strong>. Les nouveaux membres de l'équipe glow Next sont <strong>Metin Tung</strong> et <strong>Fabienne Hertig. </strong>Les nouveaux venus chez Kigo sont <strong>Melina Pariyar,</strong> <strong>Debora et Patrick Hugentobler</strong>.</p>



<p><strong>Madlene Zingg</strong> quitte l'équipe de traduction et <strong>Simona Spichtig</strong> s'arrête dans la Kinderhüeti. Un grand merci à vous deux pour le temps et l'énergie que vous y avez mis !</p>



<p><strong>Matthias Altwegg</strong> est l'intervenant à la conférence annuelle de l'EGW, qui se tiendra du 10 au 14 septembre à Münchenbuchsee et dimanche à Berne (https://egw.ch/jahreskonferenz). Il sera super occupé par cette tâche pendant toute cette semaine.</p>



<p><strong>Cédric Brügger</strong> a commencé une formation continue. Dans le cadre du programme de développement communal, il se penche sur la théorie et la pratique du développement organisationnel. Il y a six modules au total jusqu'en août 2026.</p>
