{"id":11011,"date":"2025-08-29T07:49:34","date_gmt":"2025-08-29T05:49:34","guid":{"rendered":"https:\/\/blog.seetal-chile.ch\/?post_type=seetal_chile_poscht&#038;p=11011"},"modified":"2025-08-29T10:42:43","modified_gmt":"2025-08-29T08:42:43","slug":"infos-in-aller-kuerze-23","status":"publish","type":"seetal_chile_poscht","link":"https:\/\/blog.seetal-chile.ch\/fr\/seetal_chile_poscht\/infos-in-aller-kuerze-23\/","title":{"rendered":"Les infos en bref"},"content":{"rendered":"<p>49 personnes de notre \u00e9glise se sont inscrites au Viva al Mare \u00e0 Bibione, en Italie. Parmi elles, neuf personnes forment un groupe de musique qui animera les temps de louange lors des r\u00e9unions pl\u00e9ni\u00e8res.<\/p>\n\n\n\n<p>Pour ce semestre, glow Ameisli et Kids ont \u00e9t\u00e9 mis en pause. L'\u00e9quipe profite de ce temps libre pour se former et se motiver \u00e0 fond. Tu peux voir sur notre blog comment ils occupent ce temps.<\/p>","protected":false},"author":4,"featured_media":0,"template":"","seetal_chile_poscht_ausgabe":[104],"class_list":["post-11011","seetal_chile_poscht","type-seetal_chile_poscht","status-publish","hentry","seetal_chile_poscht_ausgabe-seetal-chile-poscht-09-2025-0f6736fd-9ee3-4e88-b516-fd291409ed65"],"acf":[],"_links":{"self":[{"href":"https:\/\/blog.seetal-chile.ch\/fr\/wp-json\/wp\/v2\/seetal_chile_poscht\/11011","targetHints":{"allow":["GET"]}}],"collection":[{"href":"https:\/\/blog.seetal-chile.ch\/fr\/wp-json\/wp\/v2\/seetal_chile_poscht"}],"about":[{"href":"https:\/\/blog.seetal-chile.ch\/fr\/wp-json\/wp\/v2\/types\/seetal_chile_poscht"}],"author":[{"embeddable":true,"href":"https:\/\/blog.seetal-chile.ch\/fr\/wp-json\/wp\/v2\/users\/4"}],"version-history":[{"count":3,"href":"https:\/\/blog.seetal-chile.ch\/fr\/wp-json\/wp\/v2\/seetal_chile_poscht\/11011\/revisions"}],"predecessor-version":[{"id":11023,"href":"https:\/\/blog.seetal-chile.ch\/fr\/wp-json\/wp\/v2\/seetal_chile_poscht\/11011\/revisions\/11023"}],"wp:attachment":[{"href":"https:\/\/blog.seetal-chile.ch\/fr\/wp-json\/wp\/v2\/media?parent=11011"}],"wp:term":[{"taxonomy":"seetal_chile_poscht_ausgabe","embeddable":true,"href":"https:\/\/blog.seetal-chile.ch\/fr\/wp-json\/wp\/v2\/seetal_chile_poscht_ausgabe?post=11011"}],"curies":[{"name":"wp","href":"https:\/\/api.w.org\/{rel}","templated":true}]}}

<p>49 personnes de notre église se sont inscrites au Viva al Mare à Bibione, en Italie. Parmi elles, neuf personnes forment un groupe de musique qui animera les temps de louange lors des réunions plénières.</p>



<p>Pour ce semestre, glow Ameisli et Kids ont été mis en pause. L'équipe profite de ce temps libre pour se former et se motiver à fond. Tu peux voir sur notre blog comment ils occupent ce temps.</p>
