{"id":11602,"date":"2026-02-27T07:45:09","date_gmt":"2026-02-27T06:45:09","guid":{"rendered":"https:\/\/blog.seetal-chile.ch\/?post_type=seetal_chile_poscht&#038;p=11602"},"modified":"2026-02-27T07:45:10","modified_gmt":"2026-02-27T06:45:10","slug":"fuer-die-agenda-47","status":"publish","type":"seetal_chile_poscht","link":"https:\/\/blog.seetal-chile.ch\/fr\/seetal_chile_poscht\/fuer-die-agenda-47\/","title":{"rendered":"Pour l'agenda"},"content":{"rendered":"<p>Au <strong>11 mars \u00e0 19h30<\/strong> Une autre rencontre a lieu <strong>Soir\u00e9e d'impulsion r\u00e9gionale <\/strong>a eu lieu dans l'\u00e9glise Lenzo de Lenzbourg. En accord avec le th\u00e8me de l'ann\u00e9e (\u00ab<em>Dieu dit : Je cr\u00e9e de nouveaux cieux et une nouvelle terre.<\/em>\u00bb), nous nous pencherons sur des th\u00e8mes d'avenir. Notre conf\u00e9rencier sera le Dr. Stefan Wenger.<\/p>\n\n\n\n<p>Am Tag nach Ferienplausch und Teens Event, <strong>am 18. April, findet von 8:00 bis 12:00 Uhr <\/strong>die Grundreinigung unserer R\u00e4umlichkeiten statt. Wenn wir die riesige Arbeit auf viele Leute aufteilen k\u00f6nnen, kann dies sogar etwas Spass machen! Bereits beim anschliessenden gemeinsamen Mittagessen sind jeweils alle Strapazen vergessen. \ud83d\ude09<\/p>\n\n\n\n<p>De <strong>23-25 mai<\/strong> c'est nous, toute la communaut\u00e9 de Bad Schussenried. Le site <strong>Week-end de la communaut\u00e9 <\/strong>sur le th\u00e8me \"<em>koinonia - (vivre) la foi ensemble<\/em>\u00bb bietet hervorragende M\u00f6glichkeiten, um miteinander und mit Gott in Beziehung zu kommen. Die Anmeldung ist ab sofort \u00fcber den Blog m\u00f6glich.<\/p>\n\n\n\n<p>De <strong>Du 30 ao\u00fbt au 5 septembre 2026<\/strong> Nous organisons avec le voyagiste Surprise et deux de nos voisins Viva Kirchen (Beinwil am See et Reinach) une <strong>Semaine de vacances attractive pour les plus de 60 ans dans le magnifique Tyrol<\/strong> par. Tu trouveras toutes les informations sur notre blog !<\/p>","protected":false},"author":4,"featured_media":0,"template":"","seetal_chile_poscht_ausgabe":[110],"class_list":["post-11602","seetal_chile_poscht","type-seetal_chile_poscht","status-publish","hentry","seetal_chile_poscht_ausgabe-seetal-chile-poscht-03-2026-0cdef7cc-9aa7-4d3b-9332-3afc940ec601"],"acf":[],"_links":{"self":[{"href":"https:\/\/blog.seetal-chile.ch\/fr\/wp-json\/wp\/v2\/seetal_chile_poscht\/11602","targetHints":{"allow":["GET"]}}],"collection":[{"href":"https:\/\/blog.seetal-chile.ch\/fr\/wp-json\/wp\/v2\/seetal_chile_poscht"}],"about":[{"href":"https:\/\/blog.seetal-chile.ch\/fr\/wp-json\/wp\/v2\/types\/seetal_chile_poscht"}],"author":[{"embeddable":true,"href":"https:\/\/blog.seetal-chile.ch\/fr\/wp-json\/wp\/v2\/users\/4"}],"version-history":[{"count":1,"href":"https:\/\/blog.seetal-chile.ch\/fr\/wp-json\/wp\/v2\/seetal_chile_poscht\/11602\/revisions"}],"predecessor-version":[{"id":11603,"href":"https:\/\/blog.seetal-chile.ch\/fr\/wp-json\/wp\/v2\/seetal_chile_poscht\/11602\/revisions\/11603"}],"wp:attachment":[{"href":"https:\/\/blog.seetal-chile.ch\/fr\/wp-json\/wp\/v2\/media?parent=11602"}],"wp:term":[{"taxonomy":"seetal_chile_poscht_ausgabe","embeddable":true,"href":"https:\/\/blog.seetal-chile.ch\/fr\/wp-json\/wp\/v2\/seetal_chile_poscht_ausgabe?post=11602"}],"curies":[{"name":"wp","href":"https:\/\/api.w.org\/{rel}","templated":true}]}}

<p>Au <strong>11 mars à 19h30</strong> Une autre rencontre a lieu <strong>Soirée d'impulsion régionale </strong>a eu lieu dans l'église Lenzo de Lenzbourg. En accord avec le thème de l'année («<em>Dieu dit : Je crée de nouveaux cieux et une nouvelle terre.</em>»), nous nous pencherons sur des thèmes d'avenir. Notre conférencier sera le Dr. Stefan Wenger.</p>



<p>Am Tag nach Ferienplausch und Teens Event, <strong>am 18. April, findet von 8:00 bis 12:00 Uhr </strong>die Grundreinigung unserer Räumlichkeiten statt. Wenn wir die riesige Arbeit auf viele Leute aufteilen können, kann dies sogar etwas Spass machen! Bereits beim anschliessenden gemeinsamen Mittagessen sind jeweils alle Strapazen vergessen. 😉</p>



<p>De <strong>23-25 mai</strong> c'est nous, toute la communauté de Bad Schussenried. Le site <strong>Week-end de la communauté </strong>sur le thème "<em>koinonia - (vivre) la foi ensemble</em>» bietet hervorragende Möglichkeiten, um miteinander und mit Gott in Beziehung zu kommen. Die Anmeldung ist ab sofort über den Blog möglich.</p>



<p>De <strong>Du 30 août au 5 septembre 2026</strong> Nous organisons avec le voyagiste Surprise et deux de nos voisins Viva Kirchen (Beinwil am See et Reinach) une <strong>Semaine de vacances attractive pour les plus de 60 ans dans le magnifique Tyrol</strong> par. Tu trouveras toutes les informations sur notre blog !</p>
