{"id":11604,"date":"2026-02-27T07:45:55","date_gmt":"2026-02-27T06:45:55","guid":{"rendered":"https:\/\/blog.seetal-chile.ch\/?post_type=seetal_chile_poscht&#038;p=11604"},"modified":"2026-02-27T07:51:59","modified_gmt":"2026-02-27T06:51:59","slug":"infos-zu-personen-45","status":"publish","type":"seetal_chile_poscht","link":"https:\/\/blog.seetal-chile.ch\/fr\/seetal_chile_poscht\/infos-zu-personen-45\/","title":{"rendered":"Infos sur les personnes"},"content":{"rendered":"<p><strong>Hava L\u00fcscher<\/strong> ist am 12. Februar als vierte Tochter von Stefanie &amp; Thomas zur Welt gekommen. Was f\u00fcr ein Wunder! Was f\u00fcr eine Freude! Zu diesem wunderbaren Ereignis w\u00fcnschen wir Euch Gottes Segen!<\/p>\n\n\n\n<p>Nous sommes heureux de pouvoir dire qu'apr\u00e8s un d\u00e9lai d'opposition \u00abr\u00e9ussi\u00bb, nous avons <strong>Charly &amp; Rahel Beck<\/strong> als neue Mitglieder unter uns begr\u00fcssen d\u00fcrfen!<\/p>\n\n\n\n<p>Die Mitgliedschaft von <strong>Nicolas Baur<\/strong> wurde von der Lenzokirche zu uns in die seetal chile \u00fcbertragen. Wenn jemand aus einer anderen Freikirche zu uns st\u00f6sst, braucht es kein Aufnahmeverfahren.<\/p>\n\n\n\n<p><strong>Andreas &amp; Mirjam D\u00e4twyler<\/strong> ainsi que <strong>Daniel, Jeanine und Zo\u00e9 Rindlisbacher<\/strong> demandent \u00e0 devenir membres de seetal chile. On est super contents et on lance donc le d\u00e9lai de 14 jours pendant lequel les membres actuels peuvent faire opposition.<\/p>\n\n\n\n<p><strong>Mirjam Sigg<\/strong> (VL und Delegierte), <strong>Andrea Werder<\/strong> (VL), <strong>Daniel R\u00fcegger<\/strong> (Delegierter) sowie <strong>Philippe Ehrsam<\/strong> et <strong>Paul Walti<\/strong> (Revisoren) wurden an der GV vom 26. Februar in ihren \u00c4mtern best\u00e4tigt bzw. neu gew\u00e4hlt.<\/p>\n\n\n\n<p><strong>Simon Wick<\/strong> pausiert vorl\u00e4ufig seine T\u00e4tigkeit in der Gemeindeleitung. Ebenso wird <strong>Juliana Wick<\/strong> ihren Dienst in der Moderation unterbrechen. Ausserdem beendet sie die Leitung des Besuchsdienst.<\/p>\n\n\n\n<p><strong>Jennifer Ravinger<\/strong> arbeitet neu bei glow Murmeli mit. <strong>Marcel Wunderli<\/strong> beendet seine Mitarbeit im Audio-Team und <strong>Seraina Gugger<\/strong> im Besuchsdienst.<\/p>","protected":false},"author":4,"featured_media":0,"template":"","seetal_chile_poscht_ausgabe":[110],"class_list":["post-11604","seetal_chile_poscht","type-seetal_chile_poscht","status-publish","hentry","seetal_chile_poscht_ausgabe-seetal-chile-poscht-03-2026-0cdef7cc-9aa7-4d3b-9332-3afc940ec601"],"acf":[],"_links":{"self":[{"href":"https:\/\/blog.seetal-chile.ch\/fr\/wp-json\/wp\/v2\/seetal_chile_poscht\/11604","targetHints":{"allow":["GET"]}}],"collection":[{"href":"https:\/\/blog.seetal-chile.ch\/fr\/wp-json\/wp\/v2\/seetal_chile_poscht"}],"about":[{"href":"https:\/\/blog.seetal-chile.ch\/fr\/wp-json\/wp\/v2\/types\/seetal_chile_poscht"}],"author":[{"embeddable":true,"href":"https:\/\/blog.seetal-chile.ch\/fr\/wp-json\/wp\/v2\/users\/4"}],"version-history":[{"count":2,"href":"https:\/\/blog.seetal-chile.ch\/fr\/wp-json\/wp\/v2\/seetal_chile_poscht\/11604\/revisions"}],"predecessor-version":[{"id":11618,"href":"https:\/\/blog.seetal-chile.ch\/fr\/wp-json\/wp\/v2\/seetal_chile_poscht\/11604\/revisions\/11618"}],"wp:attachment":[{"href":"https:\/\/blog.seetal-chile.ch\/fr\/wp-json\/wp\/v2\/media?parent=11604"}],"wp:term":[{"taxonomy":"seetal_chile_poscht_ausgabe","embeddable":true,"href":"https:\/\/blog.seetal-chile.ch\/fr\/wp-json\/wp\/v2\/seetal_chile_poscht_ausgabe?post=11604"}],"curies":[{"name":"wp","href":"https:\/\/api.w.org\/{rel}","templated":true}]}}

<p><strong>Hava Lüscher</strong> ist am 12. Februar als vierte Tochter von Stefanie &amp; Thomas zur Welt gekommen. Was für ein Wunder! Was für eine Freude! Zu diesem wunderbaren Ereignis wünschen wir Euch Gottes Segen!</p>



<p>Nous sommes heureux de pouvoir dire qu'après un délai d'opposition «réussi», nous avons <strong>Charly &amp; Rahel Beck</strong> als neue Mitglieder unter uns begrüssen dürfen!</p>



<p>Die Mitgliedschaft von <strong>Nicolas Baur</strong> wurde von der Lenzokirche zu uns in die seetal chile übertragen. Wenn jemand aus einer anderen Freikirche zu uns stösst, braucht es kein Aufnahmeverfahren.</p>



<p><strong>Andreas &amp; Mirjam Dätwyler</strong> ainsi que <strong>Daniel, Jeanine und Zoé Rindlisbacher</strong> demandent à devenir membres de seetal chile. On est super contents et on lance donc le délai de 14 jours pendant lequel les membres actuels peuvent faire opposition.</p>



<p><strong>Mirjam Sigg</strong> (VL und Delegierte), <strong>Andrea Werder</strong> (VL), <strong>Daniel Rüegger</strong> (Delegierter) sowie <strong>Philippe Ehrsam</strong> et <strong>Paul Walti</strong> (Revisoren) wurden an der GV vom 26. Februar in ihren Ämtern bestätigt bzw. neu gewählt.</p>



<p><strong>Simon Wick</strong> pausiert vorläufig seine Tätigkeit in der Gemeindeleitung. Ebenso wird <strong>Juliana Wick</strong> ihren Dienst in der Moderation unterbrechen. Ausserdem beendet sie die Leitung des Besuchsdienst.</p>



<p><strong>Jennifer Ravinger</strong> arbeitet neu bei glow Murmeli mit. <strong>Marcel Wunderli</strong> beendet seine Mitarbeit im Audio-Team und <strong>Seraina Gugger</strong> im Besuchsdienst.</p>
