{"id":11723,"date":"2026-03-27T07:47:16","date_gmt":"2026-03-27T06:47:16","guid":{"rendered":"https:\/\/blog.seetal-chile.ch\/?post_type=seetal_chile_poscht&#038;p=11723"},"modified":"2026-03-27T07:47:17","modified_gmt":"2026-03-27T06:47:17","slug":"fuer-die-agenda-48","status":"publish","type":"seetal_chile_poscht","link":"https:\/\/blog.seetal-chile.ch\/fr\/seetal_chile_poscht\/fuer-die-agenda-48\/","title":{"rendered":"Pour l'agenda"},"content":{"rendered":"<p>Au <strong>Auferstehungstag<\/strong>, den <strong>5. April<\/strong>, gibt es in unseren R\u00e4umlichkeiten keinen Gottesdienst. Wir werden als ganze Kirche bei Sonnenaufgang auf dem Homberg sein und dort die Auferstehung von Jesus feiern. Was f\u00fcr M\u00f6glichkeiten du hast, dorthin zu gelangen, kannst du in unserem Blog nachlesen. Es w\u00e4re super, wenn du bei dieser etwas anders gestalteten Auferstehungsfeier dabei w\u00e4rst!<\/p>\n\n\n\n<p>Am Tag nach Ferienplausch und Teens Event, <strong>am 18. April, findet von 8:00 bis 12:00 Uhr <\/strong>die Grundreinigung unserer R\u00e4umlichkeiten statt. Wenn wir die riesige Arbeit auf viele Schultern verteilen k\u00f6nnen, kann dies sogar etwas Spass machen! Bereits beim anschliessenden gemeinsamen Mittagessen werden alle Strapazen vergessen sein. \ud83d\ude09<\/p>\n\n\n\n<p>Au <strong>23. April 2026<\/strong> trifft sich um 14:30 Uhr die <strong>Generation+ zu einem Nachmittag mit Ernst &amp; Marianne Leuenberger<\/strong>. Sie werden uns von ihrem langj\u00e4hrigen Einsatz in Mali erz\u00e4hlen. Wegen den aktuellen Unruhen in Mali konnten sie leider nicht mehr ausreisen \u2013 daf\u00fcr kommen sie nun zu uns.<\/p>\n\n\n\n<p>Au <strong>5. Mai<\/strong> fahren wir gemeinsam mit unseren Nachbarskirchen zum <strong>tsc Inspirationstag<\/strong> f\u00fcr Menschen in der zweiten Lebensh\u00e4lfte nach St. Chrischona. Nebst dem wichtigen Thema \u00abEntwicklungsaufgaben in den reifen Lebensjahren\u00bb, werden wir eine gute Gemeinschaft, sch\u00f6ne Musik und gutes Essen geniessen. Melde dich doch bis zum 20. April auf unserem Blog an!<\/p>\n\n\n\n<p>De <strong>23-25 mai<\/strong> c'est nous, toute la communaut\u00e9 de Bad Schussenried. Le site <strong>Week-end de la communaut\u00e9 <\/strong>sur le th\u00e8me \"<em>koinonia - (vivre) la foi ensemble<\/em>\u00bb bietet hervorragende M\u00f6glichkeiten, um miteinander und mit Gott in Beziehung zu kommen. Die Anmeldung ist ab sofort \u00fcber den Blog m\u00f6glich.<\/p>\n\n\n\n<p>De <strong>Du 30 ao\u00fbt au 5 septembre 2026<\/strong> Nous organisons avec le voyagiste Surprise et deux de nos voisins Viva Kirchen (Beinwil am See et Reinach) une <strong>Semaine de vacances attractive pour les plus de 60 ans dans le magnifique Tyrol<\/strong> durch. Auf unserem Blog findest du alle Informationen dazu. <strong>Anmeldeschluss ist der 26. April 2026.<\/strong><\/p>\n\n\n\n<p>De <strong>25. September bis 4. Oktober 2026<\/strong> trouve le <strong>Camp d'automne du glow<\/strong> in Spanien statt. Alle ab 16 Jahren sind herzlich eingeladen. Die Anmeldung \u00fcber den Blog ist ab sofort offen.<\/p>","protected":false},"author":4,"featured_media":0,"template":"","seetal_chile_poscht_ausgabe":[111],"class_list":["post-11723","seetal_chile_poscht","type-seetal_chile_poscht","status-publish","hentry","seetal_chile_poscht_ausgabe-seetal-chile-poscht-04-2026-cab70c22-749d-4fc3-b676-8b45ed47bd04"],"acf":[],"_links":{"self":[{"href":"https:\/\/blog.seetal-chile.ch\/fr\/wp-json\/wp\/v2\/seetal_chile_poscht\/11723","targetHints":{"allow":["GET"]}}],"collection":[{"href":"https:\/\/blog.seetal-chile.ch\/fr\/wp-json\/wp\/v2\/seetal_chile_poscht"}],"about":[{"href":"https:\/\/blog.seetal-chile.ch\/fr\/wp-json\/wp\/v2\/types\/seetal_chile_poscht"}],"author":[{"embeddable":true,"href":"https:\/\/blog.seetal-chile.ch\/fr\/wp-json\/wp\/v2\/users\/4"}],"version-history":[{"count":1,"href":"https:\/\/blog.seetal-chile.ch\/fr\/wp-json\/wp\/v2\/seetal_chile_poscht\/11723\/revisions"}],"predecessor-version":[{"id":11724,"href":"https:\/\/blog.seetal-chile.ch\/fr\/wp-json\/wp\/v2\/seetal_chile_poscht\/11723\/revisions\/11724"}],"wp:attachment":[{"href":"https:\/\/blog.seetal-chile.ch\/fr\/wp-json\/wp\/v2\/media?parent=11723"}],"wp:term":[{"taxonomy":"seetal_chile_poscht_ausgabe","embeddable":true,"href":"https:\/\/blog.seetal-chile.ch\/fr\/wp-json\/wp\/v2\/seetal_chile_poscht_ausgabe?post=11723"}],"curies":[{"name":"wp","href":"https:\/\/api.w.org\/{rel}","templated":true}]}}

<p>Au <strong>Auferstehungstag</strong>, den <strong>5. April</strong>, gibt es in unseren Räumlichkeiten keinen Gottesdienst. Wir werden als ganze Kirche bei Sonnenaufgang auf dem Homberg sein und dort die Auferstehung von Jesus feiern. Was für Möglichkeiten du hast, dorthin zu gelangen, kannst du in unserem Blog nachlesen. Es wäre super, wenn du bei dieser etwas anders gestalteten Auferstehungsfeier dabei wärst!</p>



<p>Am Tag nach Ferienplausch und Teens Event, <strong>am 18. April, findet von 8:00 bis 12:00 Uhr </strong>die Grundreinigung unserer Räumlichkeiten statt. Wenn wir die riesige Arbeit auf viele Schultern verteilen können, kann dies sogar etwas Spass machen! Bereits beim anschliessenden gemeinsamen Mittagessen werden alle Strapazen vergessen sein. 😉</p>



<p>Au <strong>23. April 2026</strong> trifft sich um 14:30 Uhr die <strong>Generation+ zu einem Nachmittag mit Ernst &amp; Marianne Leuenberger</strong>. Sie werden uns von ihrem langjährigen Einsatz in Mali erzählen. Wegen den aktuellen Unruhen in Mali konnten sie leider nicht mehr ausreisen – dafür kommen sie nun zu uns.</p>



<p>Au <strong>5. Mai</strong> fahren wir gemeinsam mit unseren Nachbarskirchen zum <strong>tsc Inspirationstag</strong> für Menschen in der zweiten Lebenshälfte nach St. Chrischona. Nebst dem wichtigen Thema «Entwicklungsaufgaben in den reifen Lebensjahren», werden wir eine gute Gemeinschaft, schöne Musik und gutes Essen geniessen. Melde dich doch bis zum 20. April auf unserem Blog an!</p>



<p>De <strong>23-25 mai</strong> c'est nous, toute la communauté de Bad Schussenried. Le site <strong>Week-end de la communauté </strong>sur le thème "<em>koinonia - (vivre) la foi ensemble</em>» bietet hervorragende Möglichkeiten, um miteinander und mit Gott in Beziehung zu kommen. Die Anmeldung ist ab sofort über den Blog möglich.</p>



<p>De <strong>Du 30 août au 5 septembre 2026</strong> Nous organisons avec le voyagiste Surprise et deux de nos voisins Viva Kirchen (Beinwil am See et Reinach) une <strong>Semaine de vacances attractive pour les plus de 60 ans dans le magnifique Tyrol</strong> durch. Auf unserem Blog findest du alle Informationen dazu. <strong>Anmeldeschluss ist der 26. April 2026.</strong></p>



<p>De <strong>25. September bis 4. Oktober 2026</strong> trouve le <strong>Camp d'automne du glow</strong> in Spanien statt. Alle ab 16 Jahren sind herzlich eingeladen. Die Anmeldung über den Blog ist ab sofort offen.</p>
