{"id":6077,"date":"2021-12-26T11:10:51","date_gmt":"2021-12-26T11:10:51","guid":{"rendered":"https:\/\/blog.seetal-chile.ch\/?post_type=seetal_chile_poscht&#038;p=6077"},"modified":"2021-12-26T11:13:23","modified_gmt":"2021-12-26T11:13:23","slug":"neuland-kirche","status":"publish","type":"seetal_chile_poscht","link":"https:\/\/blog.seetal-chile.ch\/fr\/seetal_chile_poscht\/neuland-kirche\/","title":{"rendered":"Nouvelle terre \u00e9glise"},"content":{"rendered":"<p>Il y a quelque temps, le pasteur de l'\u00e9glise Neuland (anciennement : Chrischona Buchs ZH) nous a contact\u00e9s avec une question. Il voulait savoir s'ils pouvaient, en tant qu'\u00e9glise enti\u00e8re, participer \u00e0 un culte de seetal chile par livestream une fois par mois de janvier \u00e0 juillet 2022. L'\u00e9glise Neuland est une \u00e9glise dynamique qui se trouve face \u00e0 un grand projet de construction. Mais malheureusement, ils vivent une p\u00e9riode de d\u00e9fi en termes de personnel, car le pasteur principal a d\u00fb se r\u00e9orienter professionnellement pour des raisons personnelles. Comme nous l'avons expliqu\u00e9 dans le dernier num\u00e9ro, nous pensons que Dieu nous a confi\u00e9 de nombreux talents \u00e0 g\u00e9rer avec notre livestream. C'est pourquoi nous sommes heureux de pouvoir servir les autres. Pour que cela ne devienne pas une histoire compl\u00e8tement unilat\u00e9rale, nous voulons d\u00e9lib\u00e9r\u00e9ment organiser ces services ensemble. Cela signifie que lors du premier service du 9 janvier, Doro Kr\u00f6ker (pasteur) repr\u00e9sentera l'\u00e9glise Neuland chez nous. D'autres interventions de \"nouveaux pays\" comme l'utilisation de la bande et la co-mod\u00e9ration sont en cours de planification. Nous nous r\u00e9jouissons de ces services communs et sommes convaincus que nous aussi, nous serons gratifi\u00e9s par ce partenariat.<\/p>","protected":false},"author":4,"featured_media":0,"template":"","seetal_chile_poscht_ausgabe":[],"class_list":["post-6077","seetal_chile_poscht","type-seetal_chile_poscht","status-publish","hentry"],"acf":[],"_links":{"self":[{"href":"https:\/\/blog.seetal-chile.ch\/fr\/wp-json\/wp\/v2\/seetal_chile_poscht\/6077","targetHints":{"allow":["GET"]}}],"collection":[{"href":"https:\/\/blog.seetal-chile.ch\/fr\/wp-json\/wp\/v2\/seetal_chile_poscht"}],"about":[{"href":"https:\/\/blog.seetal-chile.ch\/fr\/wp-json\/wp\/v2\/types\/seetal_chile_poscht"}],"author":[{"embeddable":true,"href":"https:\/\/blog.seetal-chile.ch\/fr\/wp-json\/wp\/v2\/users\/4"}],"version-history":[{"count":0,"href":"https:\/\/blog.seetal-chile.ch\/fr\/wp-json\/wp\/v2\/seetal_chile_poscht\/6077\/revisions"}],"wp:attachment":[{"href":"https:\/\/blog.seetal-chile.ch\/fr\/wp-json\/wp\/v2\/media?parent=6077"}],"wp:term":[{"taxonomy":"seetal_chile_poscht_ausgabe","embeddable":true,"href":"https:\/\/blog.seetal-chile.ch\/fr\/wp-json\/wp\/v2\/seetal_chile_poscht_ausgabe?post=6077"}],"curies":[{"name":"wp","href":"https:\/\/api.w.org\/{rel}","templated":true}]}}

Nouvelle terre église

<p>Il y a quelque temps, le pasteur de l'église Neuland (anciennement : Chrischona Buchs ZH) nous a contactés avec une question. Il voulait savoir s'ils pouvaient, en tant qu'église entière, participer à un culte de seetal chile par livestream une fois par mois de janvier à juillet 2022. L'église Neuland est une église dynamique qui se trouve face à un grand projet de construction. Mais malheureusement, ils vivent une période de défi en termes de personnel, car le pasteur principal a dû se réorienter professionnellement pour des raisons personnelles. Comme nous l'avons expliqué dans le dernier numéro, nous pensons que Dieu nous a confié de nombreux talents à gérer avec notre livestream. C'est pourquoi nous sommes heureux de pouvoir servir les autres. Pour que cela ne devienne pas une histoire complètement unilatérale, nous voulons délibérément organiser ces services ensemble. Cela signifie que lors du premier service du 9 janvier, Doro Kröker (pasteur) représentera l'église Neuland chez nous. D'autres interventions de "nouveaux pays" comme l'utilisation de la bande et la co-modération sont en cours de planification. Nous nous réjouissons de ces services communs et sommes convaincus que nous aussi, nous serons gratifiés par ce partenariat.</p>
