{"id":7830,"date":"2023-01-24T16:02:39","date_gmt":"2023-01-24T16:02:39","guid":{"rendered":"https:\/\/blog.seetal-chile.ch\/?post_type=seetal_chile_poscht&#038;p=7830"},"modified":"2023-01-24T16:02:39","modified_gmt":"2023-01-24T16:02:39","slug":"liebe-freunde-der-seetal-chile-38","status":"publish","type":"seetal_chile_poscht","link":"https:\/\/blog.seetal-chile.ch\/fr\/seetal_chile_poscht\/liebe-freunde-der-seetal-chile-38\/","title":{"rendered":"Chers amis de la seetal chile"},"content":{"rendered":"<p>J'ai v\u00e9cu plusieurs camps, mais le camp d'hiver de cette ann\u00e9e se distingue de loin. Le th\u00e8me du camp de cette ann\u00e9e \u00e9tait \"Back to the roots\". Il s'agissait de revenir aux racines, au fondement de notre foi, m\u00eame dans les \u00e9l\u00e9ments spirituels du camp. D\u00e8s le premier soir, nous avons commenc\u00e9 ce temps par une chanson avec le refrain \"Bi eus chunnt Jesus zerscht\". C'\u00e9tait mon souhait le plus profond que cela puisse p\u00e9n\u00e9trer dans le camp et que les ados ne se contentent pas de le chanter, mais qu'ils en t\u00e9moignent aussi - et ce qui s'est pass\u00e9 les jours suivants a d\u00e9pass\u00e9 toute imagination.<\/p>\n\n\n\n<p>Pendant le temps de louange, un soir sur deux, il y avait la possibilit\u00e9 de prier. Elle a \u00e9t\u00e9 tr\u00e8s utilis\u00e9e, avec entre 15 et 20 personnes qui ont pri\u00e9 - et cela chaque soir ! Certains adolescents ont parl\u00e9 pour la premi\u00e8re fois de leur vie int\u00e9rieure. Apr\u00e8s la premi\u00e8re soir\u00e9e, un autre responsable et moi nous sommes r\u00e9unis et avons dit \"qu'est-ce qui vient de se passer ? Nous avons \u00e9t\u00e9 compl\u00e8tement subjugu\u00e9s par le fait que tant de jeunes ont fait appel \u00e0 la pri\u00e8re, ont mis en lumi\u00e8re des choses pour la premi\u00e8re fois et ont ador\u00e9 Dieu de tout leur c\u0153ur. Nous ne pouvions pas nous emp\u00eacher de remercier et de louer Dieu.<\/p>\n\n\n\n<p>Comment cela sonne-t-il pour toi ? Oui, si je suis honn\u00eate, cela me semble un peu trop spirituel, trop pieux, tout simplement trop incroyable et oui \"en tant que pasteur, tu dois \u00e9crire cela comme \u00e7a\". Je remarque aussi que je me demande d\u00e9j\u00e0 apr\u00e8s un mois : \"Est-ce que cela s'est vraiment pass\u00e9 ? Mais quelque chose d'autre est aussi arriv\u00e9. J'ai faim de plus. La faim de voir le ciel s'ouvrir et changer la vie de chacun d'entre nous \u00e0 tel point que nous ne pouvons pas nous emp\u00eacher de chanter \"Bi eus chunnt Jesus zerscht\". Qu'en est-il pour toi ? As-tu aussi envie d'en vivre davantage ? Car <em>\"[...] l\u00e0 o\u00f9 il y a l'esprit du Seigneur, il y a la libert\u00e9\".<\/em> (2 Corinthiens 3:17).<\/p>\n\n\n\n<p>Pour ma part, je ne veux pas arr\u00eater de prier dans cette attente. Car les rencontres avec Dieu, nous ne pouvons pas les faire, mais seulement les demander.<\/p>","protected":false},"author":41,"featured_media":0,"template":"","seetal_chile_poscht_ausgabe":[],"class_list":["post-7830","seetal_chile_poscht","type-seetal_chile_poscht","status-publish","hentry"],"acf":[],"_links":{"self":[{"href":"https:\/\/blog.seetal-chile.ch\/fr\/wp-json\/wp\/v2\/seetal_chile_poscht\/7830","targetHints":{"allow":["GET"]}}],"collection":[{"href":"https:\/\/blog.seetal-chile.ch\/fr\/wp-json\/wp\/v2\/seetal_chile_poscht"}],"about":[{"href":"https:\/\/blog.seetal-chile.ch\/fr\/wp-json\/wp\/v2\/types\/seetal_chile_poscht"}],"author":[{"embeddable":true,"href":"https:\/\/blog.seetal-chile.ch\/fr\/wp-json\/wp\/v2\/users\/41"}],"version-history":[{"count":0,"href":"https:\/\/blog.seetal-chile.ch\/fr\/wp-json\/wp\/v2\/seetal_chile_poscht\/7830\/revisions"}],"wp:attachment":[{"href":"https:\/\/blog.seetal-chile.ch\/fr\/wp-json\/wp\/v2\/media?parent=7830"}],"wp:term":[{"taxonomy":"seetal_chile_poscht_ausgabe","embeddable":true,"href":"https:\/\/blog.seetal-chile.ch\/fr\/wp-json\/wp\/v2\/seetal_chile_poscht_ausgabe?post=7830"}],"curies":[{"name":"wp","href":"https:\/\/api.w.org\/{rel}","templated":true}]}}

<p>J'ai vécu plusieurs camps, mais le camp d'hiver de cette année se distingue de loin. Le thème du camp de cette année était "Back to the roots". Il s'agissait de revenir aux racines, au fondement de notre foi, même dans les éléments spirituels du camp. Dès le premier soir, nous avons commencé ce temps par une chanson avec le refrain "Bi eus chunnt Jesus zerscht". C'était mon souhait le plus profond que cela puisse pénétrer dans le camp et que les ados ne se contentent pas de le chanter, mais qu'ils en témoignent aussi - et ce qui s'est passé les jours suivants a dépassé toute imagination.</p>



<p>Pendant le temps de louange, un soir sur deux, il y avait la possibilité de prier. Elle a été très utilisée, avec entre 15 et 20 personnes qui ont prié - et cela chaque soir ! Certains adolescents ont parlé pour la première fois de leur vie intérieure. Après la première soirée, un autre responsable et moi nous sommes réunis et avons dit "qu'est-ce qui vient de se passer ? Nous avons été complètement subjugués par le fait que tant de jeunes ont fait appel à la prière, ont mis en lumière des choses pour la première fois et ont adoré Dieu de tout leur cœur. Nous ne pouvions pas nous empêcher de remercier et de louer Dieu.</p>



<p>Comment cela sonne-t-il pour toi ? Oui, si je suis honnête, cela me semble un peu trop spirituel, trop pieux, tout simplement trop incroyable et oui "en tant que pasteur, tu dois écrire cela comme ça". Je remarque aussi que je me demande déjà après un mois : "Est-ce que cela s'est vraiment passé ? Mais quelque chose d'autre est aussi arrivé. J'ai faim de plus. La faim de voir le ciel s'ouvrir et changer la vie de chacun d'entre nous à tel point que nous ne pouvons pas nous empêcher de chanter "Bi eus chunnt Jesus zerscht". Qu'en est-il pour toi ? As-tu aussi envie d'en vivre davantage ? Car <em>"[...] là où il y a l'esprit du Seigneur, il y a la liberté".</em> (2 Corinthiens 3:17).</p>



<p>Pour ma part, je ne veux pas arrêter de prier dans cette attente. Car les rencontres avec Dieu, nous ne pouvons pas les faire, mais seulement les demander.</p>
