{"id":8199,"date":"2023-03-23T15:02:46","date_gmt":"2023-03-23T15:02:46","guid":{"rendered":"https:\/\/blog.seetal-chile.ch\/?post_type=seetal_chile_poscht&#038;p=8199"},"modified":"2023-03-27T06:09:23","modified_gmt":"2023-03-27T06:09:23","slug":"fuer-die-agenda-41","status":"publish","type":"seetal_chile_poscht","link":"https:\/\/blog.seetal-chile.ch\/fr\/seetal_chile_poscht\/fuer-die-agenda-41\/","title":{"rendered":"Pour l'agenda"},"content":{"rendered":"<p>Le jeudi saint, le <strong>6 avril \u00e0 19h30,<\/strong> m\u00e8ne la <strong>Schauspiel GmbH la com\u00e9die musicale \"Filius et le fils\". <\/strong>chez nous dans le seetal chile.<\/p>\n\n\n\n<p>Au <strong>15 avril de 8h00 \u00e0 12h00<\/strong>Le matin, nous organisons notre <strong>nettoyage de base annuel<\/strong> Nous avons besoin de toi. Nous comptons sur de nombreux b\u00e9n\u00e9voles. Ensuite, tout le monde est invit\u00e9 \u00e0 un d\u00e9jeuner commun. Merci de t'inscrire sur notre blog.<\/p>\n\n\n\n<p><strong>Le 20 avril \u00e0 14h30<\/strong> nous obtenons <strong>\u00e0 l'occasion du Generation+ <\/strong>Visite d'un policier de nos rangs. A cette occasion, il parlera de son quotidien et r\u00e9pondra \u00e0 nos questions.<\/p>\n\n\n\n<p><strong>Le 2 mai, la journ\u00e9e d'inspiration du tsc aura lieu sur la montagne Chrischona.<\/strong> (anciennement : journ\u00e9e des seniors) pour les personnes de 55 ans et plus aura lieu. Tu peux t'inscrire \u00e0 cet \u00e9v\u00e9nement sur notre blog. Nous nous r\u00e9jouissons de t'accueillir !<\/p>\n\n\n\n<p><strong>Le 12 mai \u00e0 19h30 aura lieu le prochain \u00e9v\u00e9nement pour faire connaissance.<\/strong>. Cet \u00e9v\u00e9nement est un bon moyen de se familiariser avec la seetal chile. Tu peux t'inscrire sur notre blog.<\/p>\n\n\n\n<p>Regarder un peu plus loin en avant : <strong>Du 8 au 15 juillet<\/strong> Comme tous les deux ans, nous organisons un <strong>camp glow<\/strong> par le biais de. Tous les enfants devraient noter cette date dans leurs agendas !<\/p>\n\n\n\n<p>Merci beaucoup pour ton int\u00e9r\u00eat pour la seetal chile et pour ton soutien. Nous te souhaitons une p\u00e9riode de la Passion riche en b\u00e9n\u00e9dictions et en exp\u00e9riences.<\/p>\n\n\n\n<p>Dans cet esprit, nous vous saluons avec la salutation pascale : \"Christ est ressuscit\u00e9 ! Il est vraiment ressuscit\u00e9 !\"<\/p>\n\n\n\n<p>Matthias Altwegg et C\u00e9dric Br\u00fcgger<\/p>","protected":false},"author":41,"featured_media":0,"template":"","seetal_chile_poscht_ausgabe":[],"class_list":["post-8199","seetal_chile_poscht","type-seetal_chile_poscht","status-publish","hentry"],"acf":[],"_links":{"self":[{"href":"https:\/\/blog.seetal-chile.ch\/fr\/wp-json\/wp\/v2\/seetal_chile_poscht\/8199","targetHints":{"allow":["GET"]}}],"collection":[{"href":"https:\/\/blog.seetal-chile.ch\/fr\/wp-json\/wp\/v2\/seetal_chile_poscht"}],"about":[{"href":"https:\/\/blog.seetal-chile.ch\/fr\/wp-json\/wp\/v2\/types\/seetal_chile_poscht"}],"author":[{"embeddable":true,"href":"https:\/\/blog.seetal-chile.ch\/fr\/wp-json\/wp\/v2\/users\/41"}],"version-history":[{"count":4,"href":"https:\/\/blog.seetal-chile.ch\/fr\/wp-json\/wp\/v2\/seetal_chile_poscht\/8199\/revisions"}],"predecessor-version":[{"id":8230,"href":"https:\/\/blog.seetal-chile.ch\/fr\/wp-json\/wp\/v2\/seetal_chile_poscht\/8199\/revisions\/8230"}],"wp:attachment":[{"href":"https:\/\/blog.seetal-chile.ch\/fr\/wp-json\/wp\/v2\/media?parent=8199"}],"wp:term":[{"taxonomy":"seetal_chile_poscht_ausgabe","embeddable":true,"href":"https:\/\/blog.seetal-chile.ch\/fr\/wp-json\/wp\/v2\/seetal_chile_poscht_ausgabe?post=8199"}],"curies":[{"name":"wp","href":"https:\/\/api.w.org\/{rel}","templated":true}]}}

<p>Le jeudi saint, le <strong>6 avril à 19h30,</strong> mène la <strong>Schauspiel GmbH la comédie musicale "Filius et le fils". </strong>chez nous dans le seetal chile.</p>



<p>Au <strong>15 avril de 8h00 à 12h00</strong>Le matin, nous organisons notre <strong>nettoyage de base annuel</strong> Nous avons besoin de toi. Nous comptons sur de nombreux bénévoles. Ensuite, tout le monde est invité à un déjeuner commun. Merci de t'inscrire sur notre blog.</p>



<p><strong>Le 20 avril à 14h30</strong> nous obtenons <strong>à l'occasion du Generation+ </strong>Visite d'un policier de nos rangs. A cette occasion, il parlera de son quotidien et répondra à nos questions.</p>



<p><strong>Le 2 mai, la journée d'inspiration du tsc aura lieu sur la montagne Chrischona.</strong> (anciennement : journée des seniors) pour les personnes de 55 ans et plus aura lieu. Tu peux t'inscrire à cet événement sur notre blog. Nous nous réjouissons de t'accueillir !</p>



<p><strong>Le 12 mai à 19h30 aura lieu le prochain événement pour faire connaissance.</strong>. Cet événement est un bon moyen de se familiariser avec la seetal chile. Tu peux t'inscrire sur notre blog.</p>



<p>Regarder un peu plus loin en avant : <strong>Du 8 au 15 juillet</strong> Comme tous les deux ans, nous organisons un <strong>camp glow</strong> par le biais de. Tous les enfants devraient noter cette date dans leurs agendas !</p>



<p>Merci beaucoup pour ton intérêt pour la seetal chile et pour ton soutien. Nous te souhaitons une période de la Passion riche en bénédictions et en expériences.</p>



<p>Dans cet esprit, nous vous saluons avec la salutation pascale : "Christ est ressuscité ! Il est vraiment ressuscité !"</p>



<p>Matthias Altwegg et Cédric Brügger</p>
