{"id":8322,"date":"2023-04-28T06:46:36","date_gmt":"2023-04-28T06:46:36","guid":{"rendered":"https:\/\/blog.seetal-chile.ch\/?post_type=seetal_chile_poscht&#038;p=8322"},"modified":"2023-04-28T06:46:37","modified_gmt":"2023-04-28T06:46:37","slug":"fuer-die-agenda-42","status":"publish","type":"seetal_chile_poscht","link":"https:\/\/blog.seetal-chile.ch\/fr\/seetal_chile_poscht\/fuer-die-agenda-42\/","title":{"rendered":"Pour l'agenda"},"content":{"rendered":"<p><strong>Le 12 mai \u00e0 19h30 aura lieu le prochain \u00e9v\u00e9nement pour faire connaissance.<\/strong>. Cet \u00e9v\u00e9nement est un bon moyen de se familiariser avec la seetal chile. Tu peux t'inscrire sur notre blog.<\/p>\n\n\n\n<p>L'\u00e9v\u00e9nement du <strong>13 mai de 9h00 \u00e0 11h00<\/strong> signifie <strong>Conception de sc\u00e8ne 2.0<\/strong>. Si tu es int\u00e9ress\u00e9 par le r\u00e9am\u00e9nagement de la sc\u00e8ne dans la salle de culte, tu es le bienvenu (voir l'article du blog).<\/p>\n\n\n\n<p><strong>Le 18 mai \u00e0 14h00<\/strong> nous c\u00e9l\u00e9brons la <strong>Mariage de Dominik Hauser et Melanie Winzenried<\/strong> suivi d'un ap\u00e9ro \u00e0 la seetal chile. Ils se r\u00e9jouissent tous deux de ta participation \u00e0 cet \u00e9v\u00e9nement !<\/p>\n\n\n\n<p><strong>Du 8 au 14 juillet<\/strong> a lieu pour les enfants de la 1\u00e8re \u00e0 la 7\u00e8me classe \u00e0 Seon <strong>un camp de toile sur le th\u00e8me de l'aventure \u00e9gyptienne<\/strong> aura lieu. Tu trouveras plus d'informations et la possibilit\u00e9 de t'inscrire sur notre blog.<\/p>\n\n\n\n<p>Ce mois-ci, nous f\u00eatons la Pentec\u00f4te. Nous te souhaitons de tout c\u0153ur une forte pouss\u00e9e d\u00e9clench\u00e9e par l'Esprit de Dieu dans ta vie !<\/p>\n\n\n\n<p>Matthias Altwegg et C\u00e9dric Br\u00fcgger<\/p>","protected":false},"author":41,"featured_media":0,"template":"","seetal_chile_poscht_ausgabe":[],"class_list":["post-8322","seetal_chile_poscht","type-seetal_chile_poscht","status-publish","hentry"],"acf":[],"_links":{"self":[{"href":"https:\/\/blog.seetal-chile.ch\/fr\/wp-json\/wp\/v2\/seetal_chile_poscht\/8322","targetHints":{"allow":["GET"]}}],"collection":[{"href":"https:\/\/blog.seetal-chile.ch\/fr\/wp-json\/wp\/v2\/seetal_chile_poscht"}],"about":[{"href":"https:\/\/blog.seetal-chile.ch\/fr\/wp-json\/wp\/v2\/types\/seetal_chile_poscht"}],"author":[{"embeddable":true,"href":"https:\/\/blog.seetal-chile.ch\/fr\/wp-json\/wp\/v2\/users\/41"}],"version-history":[{"count":2,"href":"https:\/\/blog.seetal-chile.ch\/fr\/wp-json\/wp\/v2\/seetal_chile_poscht\/8322\/revisions"}],"predecessor-version":[{"id":8324,"href":"https:\/\/blog.seetal-chile.ch\/fr\/wp-json\/wp\/v2\/seetal_chile_poscht\/8322\/revisions\/8324"}],"wp:attachment":[{"href":"https:\/\/blog.seetal-chile.ch\/fr\/wp-json\/wp\/v2\/media?parent=8322"}],"wp:term":[{"taxonomy":"seetal_chile_poscht_ausgabe","embeddable":true,"href":"https:\/\/blog.seetal-chile.ch\/fr\/wp-json\/wp\/v2\/seetal_chile_poscht_ausgabe?post=8322"}],"curies":[{"name":"wp","href":"https:\/\/api.w.org\/{rel}","templated":true}]}}

<p><strong>Le 12 mai à 19h30 aura lieu le prochain événement pour faire connaissance.</strong>. Cet événement est un bon moyen de se familiariser avec la seetal chile. Tu peux t'inscrire sur notre blog.</p>



<p>L'événement du <strong>13 mai de 9h00 à 11h00</strong> signifie <strong>Conception de scène 2.0</strong>. Si tu es intéressé par le réaménagement de la scène dans la salle de culte, tu es le bienvenu (voir l'article du blog).</p>



<p><strong>Le 18 mai à 14h00</strong> nous célébrons la <strong>Mariage de Dominik Hauser et Melanie Winzenried</strong> suivi d'un apéro à la seetal chile. Ils se réjouissent tous deux de ta participation à cet événement !</p>



<p><strong>Du 8 au 14 juillet</strong> a lieu pour les enfants de la 1ère à la 7ème classe à Seon <strong>un camp de toile sur le thème de l'aventure égyptienne</strong> aura lieu. Tu trouveras plus d'informations et la possibilité de t'inscrire sur notre blog.</p>



<p>Ce mois-ci, nous fêtons la Pentecôte. Nous te souhaitons de tout cœur une forte poussée déclenchée par l'Esprit de Dieu dans ta vie !</p>



<p>Matthias Altwegg et Cédric Brügger</p>
