{"id":8673,"date":"2023-05-26T09:10:57","date_gmt":"2023-05-26T09:10:57","guid":{"rendered":"https:\/\/blog.seetal-chile.ch\/?post_type=seetal_chile_poscht&#038;p=8673"},"modified":"2023-05-26T09:10:57","modified_gmt":"2023-05-26T09:10:57","slug":"infos-zu-personen","status":"publish","type":"seetal_chile_poscht","link":"https:\/\/blog.seetal-chile.ch\/fr\/seetal_chile_poscht\/infos-zu-personen\/","title":{"rendered":"Infos sur les personnes"},"content":{"rendered":"<p>Le lundi 15 mai, la <strong>Mae L\u00fcscher<\/strong> au monde. Nous souhaitons aux parents, Stefanie &amp; Thomas avec Lia et Sarai, les riches b\u00e9n\u00e9dictions de Dieu et un bon d\u00e9part dans la vie de famille \u00e0 cinq !<\/p>\n\n\n\n<p><strong>Anette et Beni Brugger <\/strong>ainsi que <strong>Tamara et Stefan R\u00f6thlisberger<\/strong> demandent \u00e0 devenir membres de seetal chile. Nous nous en r\u00e9jouissons et ouvrons ainsi le d\u00e9lai d'opposition de 30 jours pour les membres.<\/p>\n\n\n\n<p><strong>Hadassa Binggeli<\/strong> commence \u00e0 partir de l'\u00e9t\u00e9 en tant que responsable de Lifegroup. <strong>Daniel R\u00fcegger<\/strong> a pris la fonction de responsable immobilier de <strong>Mats Staehelin<\/strong> Il est donc d\u00e9sormais responsable de l'\u00e9quipe d'entretien des b\u00e2timents et de tout ce qui concerne nos b\u00e2timents. <strong>Roger Zingg <\/strong>se met \u00e0 disposition pour le poste de responsable de la s\u00e9curit\u00e9. Dans cette fonction, il est responsable du respect de diverses r\u00e9glementations et a le pouvoir de donner des instructions dans de tels cas - pour le bien de notre s\u00e9curit\u00e9. Nous vous souhaitons \u00e0 tous un bon d\u00e9part et beaucoup d'\u00e9lan pour votre engagement. Merci !<\/p>\n\n\n\n<p><strong>Sandro Merz<\/strong> et <strong>Ruedi Sommer<\/strong> termineront leur engagement dans l'\u00e9quipe d'entretien des b\u00e2timents au cours de l'ann\u00e9e. Merci pour le temps et les connaissances que tu as consacr\u00e9s \u00e0 l'\u00e9quipe.<\/p>","protected":false},"author":41,"featured_media":0,"template":"","seetal_chile_poscht_ausgabe":[],"class_list":["post-8673","seetal_chile_poscht","type-seetal_chile_poscht","status-publish","hentry"],"acf":[],"_links":{"self":[{"href":"https:\/\/blog.seetal-chile.ch\/fr\/wp-json\/wp\/v2\/seetal_chile_poscht\/8673","targetHints":{"allow":["GET"]}}],"collection":[{"href":"https:\/\/blog.seetal-chile.ch\/fr\/wp-json\/wp\/v2\/seetal_chile_poscht"}],"about":[{"href":"https:\/\/blog.seetal-chile.ch\/fr\/wp-json\/wp\/v2\/types\/seetal_chile_poscht"}],"author":[{"embeddable":true,"href":"https:\/\/blog.seetal-chile.ch\/fr\/wp-json\/wp\/v2\/users\/41"}],"version-history":[{"count":2,"href":"https:\/\/blog.seetal-chile.ch\/fr\/wp-json\/wp\/v2\/seetal_chile_poscht\/8673\/revisions"}],"predecessor-version":[{"id":8675,"href":"https:\/\/blog.seetal-chile.ch\/fr\/wp-json\/wp\/v2\/seetal_chile_poscht\/8673\/revisions\/8675"}],"wp:attachment":[{"href":"https:\/\/blog.seetal-chile.ch\/fr\/wp-json\/wp\/v2\/media?parent=8673"}],"wp:term":[{"taxonomy":"seetal_chile_poscht_ausgabe","embeddable":true,"href":"https:\/\/blog.seetal-chile.ch\/fr\/wp-json\/wp\/v2\/seetal_chile_poscht_ausgabe?post=8673"}],"curies":[{"name":"wp","href":"https:\/\/api.w.org\/{rel}","templated":true}]}}

<p>Le lundi 15 mai, la <strong>Mae Lüscher</strong> au monde. Nous souhaitons aux parents, Stefanie &amp; Thomas avec Lia et Sarai, les riches bénédictions de Dieu et un bon départ dans la vie de famille à cinq !</p>



<p><strong>Anette et Beni Brugger </strong>ainsi que <strong>Tamara et Stefan Röthlisberger</strong> demandent à devenir membres de seetal chile. Nous nous en réjouissons et ouvrons ainsi le délai d'opposition de 30 jours pour les membres.</p>



<p><strong>Hadassa Binggeli</strong> commence à partir de l'été en tant que responsable de Lifegroup. <strong>Daniel Rüegger</strong> a pris la fonction de responsable immobilier de <strong>Mats Staehelin</strong> Il est donc désormais responsable de l'équipe d'entretien des bâtiments et de tout ce qui concerne nos bâtiments. <strong>Roger Zingg </strong>se met à disposition pour le poste de responsable de la sécurité. Dans cette fonction, il est responsable du respect de diverses réglementations et a le pouvoir de donner des instructions dans de tels cas - pour le bien de notre sécurité. Nous vous souhaitons à tous un bon départ et beaucoup d'élan pour votre engagement. Merci !</p>



<p><strong>Sandro Merz</strong> et <strong>Ruedi Sommer</strong> termineront leur engagement dans l'équipe d'entretien des bâtiments au cours de l'année. Merci pour le temps et les connaissances que tu as consacrés à l'équipe.</p>
