{"id":8960,"date":"2023-09-26T14:28:13","date_gmt":"2023-09-26T14:28:13","guid":{"rendered":"https:\/\/blog.seetal-chile.ch\/?post_type=seetal_chile_poscht&#038;p=8960"},"modified":"2023-09-26T14:28:13","modified_gmt":"2023-09-26T14:28:13","slug":"krank-was-nun","status":"publish","type":"seetal_chile_poscht","link":"https:\/\/blog.seetal-chile.ch\/fr\/seetal_chile_poscht\/krank-was-nun\/","title":{"rendered":"Malade - et maintenant ?"},"content":{"rendered":"<p>Chacun d'entre nous est confront\u00e9 \u00e0 la maladie au cours de sa vie. Quel soutien peux-tu obtenir en seetal chile ?<\/p>\n\n\n\n<ul class=\"wp-block-list\">\n<li>En tant que responsables d'\u00e9glise, nous proposons volontiers la pri\u00e8re des malades selon Jacques 5,13 et suivants. Nous croyons qu'il y a une grande promesse dans ce type de pri\u00e8re avec onction.<\/li>\n\n\n\n<li>Dans le cadre de nos services, l'\u00e9quipe de pri\u00e8re est heureuse de prier pour toi. Dans nos services mensuels du soir, la pri\u00e8re de gu\u00e9rison a une priorit\u00e9 particuli\u00e8rement \u00e9lev\u00e9e.<\/li>\n\n\n\n<li>Nous sommes heureux d'activer l'\u00e9norme potentiel que repr\u00e9sentent les pri\u00e8res de toute une communaut\u00e9. Tu peux nous \u00e9crire ta demande de pri\u00e8re en une courte phrase afin que nous puissions la publier sur le flyer de la messe et\/ou dans le calendrier des pri\u00e8res. Imagine que toute une communaut\u00e9 prie le m\u00eame jour pour ta demande ! Cela aura certainement un grand impact dans le monde invisible.<\/li>\n<\/ul>\n\n\n\n<p>Par la pr\u00e9sente, nous t'encourageons \u00e0 profiter de ces offres. La balle est dans ton camp. Nous sommes heureux de pouvoir te servir.<\/p>","protected":false},"author":4,"featured_media":0,"template":"","seetal_chile_poscht_ausgabe":[],"class_list":["post-8960","seetal_chile_poscht","type-seetal_chile_poscht","status-publish","hentry"],"acf":[],"_links":{"self":[{"href":"https:\/\/blog.seetal-chile.ch\/fr\/wp-json\/wp\/v2\/seetal_chile_poscht\/8960","targetHints":{"allow":["GET"]}}],"collection":[{"href":"https:\/\/blog.seetal-chile.ch\/fr\/wp-json\/wp\/v2\/seetal_chile_poscht"}],"about":[{"href":"https:\/\/blog.seetal-chile.ch\/fr\/wp-json\/wp\/v2\/types\/seetal_chile_poscht"}],"author":[{"embeddable":true,"href":"https:\/\/blog.seetal-chile.ch\/fr\/wp-json\/wp\/v2\/users\/4"}],"version-history":[{"count":3,"href":"https:\/\/blog.seetal-chile.ch\/fr\/wp-json\/wp\/v2\/seetal_chile_poscht\/8960\/revisions"}],"predecessor-version":[{"id":8963,"href":"https:\/\/blog.seetal-chile.ch\/fr\/wp-json\/wp\/v2\/seetal_chile_poscht\/8960\/revisions\/8963"}],"wp:attachment":[{"href":"https:\/\/blog.seetal-chile.ch\/fr\/wp-json\/wp\/v2\/media?parent=8960"}],"wp:term":[{"taxonomy":"seetal_chile_poscht_ausgabe","embeddable":true,"href":"https:\/\/blog.seetal-chile.ch\/fr\/wp-json\/wp\/v2\/seetal_chile_poscht_ausgabe?post=8960"}],"curies":[{"name":"wp","href":"https:\/\/api.w.org\/{rel}","templated":true}]}}

<p>Chacun d'entre nous est confronté à la maladie au cours de sa vie. Quel soutien peux-tu obtenir en seetal chile ?</p>



<ul class="wp-block-list">
<li>En tant que responsables d'église, nous proposons volontiers la prière des malades selon Jacques 5,13 et suivants. Nous croyons qu'il y a une grande promesse dans ce type de prière avec onction.</li>



<li>Dans le cadre de nos services, l'équipe de prière est heureuse de prier pour toi. Dans nos services mensuels du soir, la prière de guérison a une priorité particulièrement élevée.</li>



<li>Nous sommes heureux d'activer l'énorme potentiel que représentent les prières de toute une communauté. Tu peux nous écrire ta demande de prière en une courte phrase afin que nous puissions la publier sur le flyer de la messe et/ou dans le calendrier des prières. Imagine que toute une communauté prie le même jour pour ta demande ! Cela aura certainement un grand impact dans le monde invisible.</li>
</ul>



<p>Par la présente, nous t'encourageons à profiter de ces offres. La balle est dans ton camp. Nous sommes heureux de pouvoir te servir.</p>
