{"id":9069,"date":"2023-10-27T06:42:01","date_gmt":"2023-10-27T06:42:01","guid":{"rendered":"https:\/\/blog.seetal-chile.ch\/?post_type=seetal_chile_poscht&#038;p=9069"},"modified":"2023-10-27T06:42:02","modified_gmt":"2023-10-27T06:42:02","slug":"fuer-die-agenda-5","status":"publish","type":"seetal_chile_poscht","link":"https:\/\/blog.seetal-chile.ch\/fr\/seetal_chile_poscht\/fuer-die-agenda-5\/","title":{"rendered":"Pour l'agenda"},"content":{"rendered":"<p>Toutes les femmes sont cordialement invit\u00e9es \u00e0 participer au <strong>3 et 4 novembre<\/strong> avec le <strong>Sisterhood<\/strong> d'aller au Ladies Lounge \u00e0 Zurich.<\/p>\n\n\n\n<p>Au <strong>9 novembre \u00e0 20h00<\/strong> se d\u00e9roule dans le seetal chile un <strong>\u00c9v\u00e9nement de l'Alliance sur la situation des chr\u00e9tiens en Ukraine<\/strong> <strong>et l'Europe de l'Est<\/strong> aura lieu. Tu es invit\u00e9 \u00e0 l'ap\u00e9ro \u00e0 partir de 19h30.<\/p>\n\n\n\n<p>Au <strong>23 novembre \u00e0 20:00<\/strong> nous nous retrouvons pour une <strong>Assembl\u00e9e communale<\/strong>. Il y sera question du budget 2024, des id\u00e9es pour mieux utiliser la maison des jeunes et des perspectives de la direction. Tous les membres re\u00e7oivent une invitation personnelle avec l'ordre du jour.<\/p>\n\n\n\n<p>Au <strong>25 novembre est \u00e0 15h30<\/strong> Point de rencontre pour le <strong>\u00c9v\u00e9nement pour hommes<\/strong>Ils visiteront ensuite une centrale hydro\u00e9lectrique sous la conduite d'un guide exp\u00e9riment\u00e9.<\/p>\n\n\n\n<p>De <strong>27 d\u00e9cembre au 2 janvier<\/strong> est un groupe d'adolescents et de jeunes \u00e0 Lenzerheide dans le <strong>Camp d'hiver<\/strong>. Qui pourrais-tu motiver \u00e0 participer ou soutenir financi\u00e8rement ?<\/p>\n\n\n\n<p><strong>Du 9 au 12 mai 2024<\/strong> trouve notre <strong>Week-end de la communaut\u00e9 \u00e0 Bad Schussenried<\/strong> aura lieu.<\/p>","protected":false},"author":4,"featured_media":0,"template":"","seetal_chile_poscht_ausgabe":[],"class_list":["post-9069","seetal_chile_poscht","type-seetal_chile_poscht","status-publish","hentry"],"acf":[],"_links":{"self":[{"href":"https:\/\/blog.seetal-chile.ch\/fr\/wp-json\/wp\/v2\/seetal_chile_poscht\/9069","targetHints":{"allow":["GET"]}}],"collection":[{"href":"https:\/\/blog.seetal-chile.ch\/fr\/wp-json\/wp\/v2\/seetal_chile_poscht"}],"about":[{"href":"https:\/\/blog.seetal-chile.ch\/fr\/wp-json\/wp\/v2\/types\/seetal_chile_poscht"}],"author":[{"embeddable":true,"href":"https:\/\/blog.seetal-chile.ch\/fr\/wp-json\/wp\/v2\/users\/4"}],"version-history":[{"count":3,"href":"https:\/\/blog.seetal-chile.ch\/fr\/wp-json\/wp\/v2\/seetal_chile_poscht\/9069\/revisions"}],"predecessor-version":[{"id":9072,"href":"https:\/\/blog.seetal-chile.ch\/fr\/wp-json\/wp\/v2\/seetal_chile_poscht\/9069\/revisions\/9072"}],"wp:attachment":[{"href":"https:\/\/blog.seetal-chile.ch\/fr\/wp-json\/wp\/v2\/media?parent=9069"}],"wp:term":[{"taxonomy":"seetal_chile_poscht_ausgabe","embeddable":true,"href":"https:\/\/blog.seetal-chile.ch\/fr\/wp-json\/wp\/v2\/seetal_chile_poscht_ausgabe?post=9069"}],"curies":[{"name":"wp","href":"https:\/\/api.w.org\/{rel}","templated":true}]}}

<p>Toutes les femmes sont cordialement invitées à participer au <strong>3 et 4 novembre</strong> avec le <strong>Sisterhood</strong> d'aller au Ladies Lounge à Zurich.</p>



<p>Au <strong>9 novembre à 20h00</strong> se déroule dans le seetal chile un <strong>Événement de l'Alliance sur la situation des chrétiens en Ukraine</strong> <strong>et l'Europe de l'Est</strong> aura lieu. Tu es invité à l'apéro à partir de 19h30.</p>



<p>Au <strong>23 novembre à 20:00</strong> nous nous retrouvons pour une <strong>Assemblée communale</strong>. Il y sera question du budget 2024, des idées pour mieux utiliser la maison des jeunes et des perspectives de la direction. Tous les membres reçoivent une invitation personnelle avec l'ordre du jour.</p>



<p>Au <strong>25 novembre est à 15h30</strong> Point de rencontre pour le <strong>Événement pour hommes</strong>Ils visiteront ensuite une centrale hydroélectrique sous la conduite d'un guide expérimenté.</p>



<p>De <strong>27 décembre au 2 janvier</strong> est un groupe d'adolescents et de jeunes à Lenzerheide dans le <strong>Camp d'hiver</strong>. Qui pourrais-tu motiver à participer ou soutenir financièrement ?</p>



<p><strong>Du 9 au 12 mai 2024</strong> trouve notre <strong>Week-end de la communauté à Bad Schussenried</strong> aura lieu.</p>
