{"id":9247,"date":"2023-11-24T08:34:22","date_gmt":"2023-11-24T08:34:22","guid":{"rendered":"https:\/\/blog.seetal-chile.ch\/?post_type=seetal_chile_poscht&#038;p=9247"},"modified":"2023-11-24T08:34:22","modified_gmt":"2023-11-24T08:34:22","slug":"familie-hansen-bulgarien","status":"publish","type":"seetal_chile_poscht","link":"https:\/\/blog.seetal-chile.ch\/fr\/seetal_chile_poscht\/familie-hansen-bulgarien\/","title":{"rendered":"Famille Hansen, Bulgarie"},"content":{"rendered":"<p>Chers amis de la seetal chile<\/p>\n\n\n\n<p>\"Que puis-je faire pour toi ?\" C'est ainsi que nous accueillons les clients au service client\u00e8le au t\u00e9l\u00e9phone. Les clients appellent pour une question concernant leur contrat d'\u00e9lectricit\u00e9. Col\u00e8re, tristesse, insultes font partie de nombreux appels. L'entretien avec le client doit \u00eatre court et la demande du client doit \u00eatre r\u00e9solue.<\/p>\n\n\n\n<p>Mais traiter les demandes des clients n'est pas notre pr\u00e9occupation principale. Nous travaillons ici avec des personnes qui ont un besoin urgent de Dieu. \"Seigneur, que pouvons-nous faire pour toi ?\", nous demandons-nous. R\u00e9cemment encore, notre chef d'\u00e9quipe, Tamara, nous a dit que son fils avait de grandes peurs et qu'il se pr\u00e9occupait beaucoup de la mort. Parfois, il n'arrive plus \u00e0 s'endormir. Tamara a t\u00e9moign\u00e9 en quelques mots de la fa\u00e7on dont nos enfants Ilario et Amos ont de l'espoir gr\u00e2ce \u00e0 leur foi en notre Sauveur. Sachant que nous connaissons Dieu, les collaborateurs abordent le sujet de la foi et nous pouvons \u00eatre des t\u00e9moins. En ce moment, \u00e0 l'approche de No\u00ebl, une collaboratrice m'a dit qu'elle \u00e9tait ath\u00e9e et que le seul mot No\u00ebl la d\u00e9rangeait. Parfois, elle me met au d\u00e9fi de prendre position. Nous sommes heureux d'\u00eatre l\u00e0 et nous prions pour que J\u00e9sus puisse venir justement dans ce bureau pour changer les c\u0153urs.<\/p>\n\n\n\n<p>Depuis septembre, Amos est en premi\u00e8re ann\u00e9e. A l'\u00e9cole, il n'y a que deux enseignantes croyantes. C'est incroyable que son enseignante, Irina, ait une relation avec Dieu et consid\u00e8re sa profession comme une vocation. Irina nous demande toujours de soutenir par la pri\u00e8re les \u00e9l\u00e8ves qui sont malades ou sous mauvaise influence. L'autre jour, lors d'une telle rencontre, Tamara a eu une communion de pri\u00e8re avec elle. Irina est si heureuse qu'Amos soit dans sa classe. Il y a un autre esprit en lui, dit-elle. En tant que famille enti\u00e8re, nous avons re\u00e7u une mission suppl\u00e9mentaire, celle d'\u00eatre la lumi\u00e8re et le sel.<\/p>\n\n\n\n<p>Nous vous souhaitons un temps de l'Avent proche du c\u0153ur de notre P\u00e8re, peut-\u00eatre en lui demandant : \"Que puis-je faire pour toi ?\"<\/p>\n\n\n\n<p><em>Si tu souhaites t'abonner \u00e0 la lettre d'information de la famille Hansen, tu peux contacter leur personne de contact a.I. Tirza Z\u00fcrcher (079 730 11 14).<\/em><\/p>","protected":false},"author":4,"featured_media":9248,"template":"","seetal_chile_poscht_ausgabe":[],"class_list":["post-9247","seetal_chile_poscht","type-seetal_chile_poscht","status-publish","has-post-thumbnail","hentry"],"acf":[],"_links":{"self":[{"href":"https:\/\/blog.seetal-chile.ch\/fr\/wp-json\/wp\/v2\/seetal_chile_poscht\/9247","targetHints":{"allow":["GET"]}}],"collection":[{"href":"https:\/\/blog.seetal-chile.ch\/fr\/wp-json\/wp\/v2\/seetal_chile_poscht"}],"about":[{"href":"https:\/\/blog.seetal-chile.ch\/fr\/wp-json\/wp\/v2\/types\/seetal_chile_poscht"}],"author":[{"embeddable":true,"href":"https:\/\/blog.seetal-chile.ch\/fr\/wp-json\/wp\/v2\/users\/4"}],"version-history":[{"count":3,"href":"https:\/\/blog.seetal-chile.ch\/fr\/wp-json\/wp\/v2\/seetal_chile_poscht\/9247\/revisions"}],"predecessor-version":[{"id":9251,"href":"https:\/\/blog.seetal-chile.ch\/fr\/wp-json\/wp\/v2\/seetal_chile_poscht\/9247\/revisions\/9251"}],"wp:featuredmedia":[{"embeddable":true,"href":"https:\/\/blog.seetal-chile.ch\/fr\/wp-json\/wp\/v2\/media\/9248"}],"wp:attachment":[{"href":"https:\/\/blog.seetal-chile.ch\/fr\/wp-json\/wp\/v2\/media?parent=9247"}],"wp:term":[{"taxonomy":"seetal_chile_poscht_ausgabe","embeddable":true,"href":"https:\/\/blog.seetal-chile.ch\/fr\/wp-json\/wp\/v2\/seetal_chile_poscht_ausgabe?post=9247"}],"curies":[{"name":"wp","href":"https:\/\/api.w.org\/{rel}","templated":true}]}}

<p>Chers amis de la seetal chile</p>



<p>"Que puis-je faire pour toi ?" C'est ainsi que nous accueillons les clients au service clientèle au téléphone. Les clients appellent pour une question concernant leur contrat d'électricité. Colère, tristesse, insultes font partie de nombreux appels. L'entretien avec le client doit être court et la demande du client doit être résolue.</p>



<p>Mais traiter les demandes des clients n'est pas notre préoccupation principale. Nous travaillons ici avec des personnes qui ont un besoin urgent de Dieu. "Seigneur, que pouvons-nous faire pour toi ?", nous demandons-nous. Récemment encore, notre chef d'équipe, Tamara, nous a dit que son fils avait de grandes peurs et qu'il se préoccupait beaucoup de la mort. Parfois, il n'arrive plus à s'endormir. Tamara a témoigné en quelques mots de la façon dont nos enfants Ilario et Amos ont de l'espoir grâce à leur foi en notre Sauveur. Sachant que nous connaissons Dieu, les collaborateurs abordent le sujet de la foi et nous pouvons être des témoins. En ce moment, à l'approche de Noël, une collaboratrice m'a dit qu'elle était athée et que le seul mot Noël la dérangeait. Parfois, elle me met au défi de prendre position. Nous sommes heureux d'être là et nous prions pour que Jésus puisse venir justement dans ce bureau pour changer les cœurs.</p>



<p>Depuis septembre, Amos est en première année. A l'école, il n'y a que deux enseignantes croyantes. C'est incroyable que son enseignante, Irina, ait une relation avec Dieu et considère sa profession comme une vocation. Irina nous demande toujours de soutenir par la prière les élèves qui sont malades ou sous mauvaise influence. L'autre jour, lors d'une telle rencontre, Tamara a eu une communion de prière avec elle. Irina est si heureuse qu'Amos soit dans sa classe. Il y a un autre esprit en lui, dit-elle. En tant que famille entière, nous avons reçu une mission supplémentaire, celle d'être la lumière et le sel.</p>



<p>Nous vous souhaitons un temps de l'Avent proche du cœur de notre Père, peut-être en lui demandant : "Que puis-je faire pour toi ?"</p>



<p><em>Si tu souhaites t'abonner à la lettre d'information de la famille Hansen, tu peux contacter leur personne de contact a.I. Tirza Zürcher (079 730 11 14).</em></p>
