{"id":9325,"date":"2023-12-27T07:20:53","date_gmt":"2023-12-27T07:20:53","guid":{"rendered":"https:\/\/blog.seetal-chile.ch\/?post_type=seetal_chile_poscht&#038;p=9325"},"modified":"2023-12-27T07:20:54","modified_gmt":"2023-12-27T07:20:54","slug":"fuer-die-agenda-7","status":"publish","type":"seetal_chile_poscht","link":"https:\/\/blog.seetal-chile.ch\/fr\/seetal_chile_poscht\/fuer-die-agenda-7\/","title":{"rendered":"Pour l'agenda"},"content":{"rendered":"<p><strong>La prochaine matin\u00e9e de d\u00e9couverte aura lieu le 20 janvier \u00e0 9h.<\/strong>. Cet \u00e9v\u00e9nement est un bon moyen de se familiariser avec la seetal chile. Tu peux t'inscrire sur notre blog.<\/p>\n\n\n\n<p>Au <strong>17 f\u00e9vrier<\/strong> aura lieu notre annuelle <strong>F\u00eate de remerciement<\/strong> Toutes les personnes \u00e0 partir de l'\u00e2ge Youth sont invit\u00e9es \u00e0 y participer.<\/p>\n\n\n\n<p><strong>Du 9 au 12 mai 2024<\/strong> trouve notre <strong>Week-end de la communaut\u00e9 \u00e0 Bad Schussenried<\/strong> aura lieu. R\u00e9serve donc cette date pour que tu puisses \u00eatre pr\u00e9sent lorsque nous passerons du temps ensemble en tant que famille d'\u00e9glise. C'est une bonne occasion pour les nouveaux arrivants de mieux s'int\u00e9grer dans la seetal chile et pour les anciens de rencontrer de nouvelles personnes.<\/p>","protected":false},"author":4,"featured_media":0,"template":"","seetal_chile_poscht_ausgabe":[],"class_list":["post-9325","seetal_chile_poscht","type-seetal_chile_poscht","status-publish","hentry"],"acf":[],"_links":{"self":[{"href":"https:\/\/blog.seetal-chile.ch\/fr\/wp-json\/wp\/v2\/seetal_chile_poscht\/9325","targetHints":{"allow":["GET"]}}],"collection":[{"href":"https:\/\/blog.seetal-chile.ch\/fr\/wp-json\/wp\/v2\/seetal_chile_poscht"}],"about":[{"href":"https:\/\/blog.seetal-chile.ch\/fr\/wp-json\/wp\/v2\/types\/seetal_chile_poscht"}],"author":[{"embeddable":true,"href":"https:\/\/blog.seetal-chile.ch\/fr\/wp-json\/wp\/v2\/users\/4"}],"version-history":[{"count":3,"href":"https:\/\/blog.seetal-chile.ch\/fr\/wp-json\/wp\/v2\/seetal_chile_poscht\/9325\/revisions"}],"predecessor-version":[{"id":9328,"href":"https:\/\/blog.seetal-chile.ch\/fr\/wp-json\/wp\/v2\/seetal_chile_poscht\/9325\/revisions\/9328"}],"wp:attachment":[{"href":"https:\/\/blog.seetal-chile.ch\/fr\/wp-json\/wp\/v2\/media?parent=9325"}],"wp:term":[{"taxonomy":"seetal_chile_poscht_ausgabe","embeddable":true,"href":"https:\/\/blog.seetal-chile.ch\/fr\/wp-json\/wp\/v2\/seetal_chile_poscht_ausgabe?post=9325"}],"curies":[{"name":"wp","href":"https:\/\/api.w.org\/{rel}","templated":true}]}}

<p><strong>La prochaine matinée de découverte aura lieu le 20 janvier à 9h.</strong>. Cet événement est un bon moyen de se familiariser avec la seetal chile. Tu peux t'inscrire sur notre blog.</p>



<p>Au <strong>17 février</strong> aura lieu notre annuelle <strong>Fête de remerciement</strong> Toutes les personnes à partir de l'âge Youth sont invitées à y participer.</p>



<p><strong>Du 9 au 12 mai 2024</strong> trouve notre <strong>Week-end de la communauté à Bad Schussenried</strong> aura lieu. Réserve donc cette date pour que tu puisses être présent lorsque nous passerons du temps ensemble en tant que famille d'église. C'est une bonne occasion pour les nouveaux arrivants de mieux s'intégrer dans la seetal chile et pour les anciens de rencontrer de nouvelles personnes.</p>
