{"id":9329,"date":"2023-12-27T07:22:16","date_gmt":"2023-12-27T07:22:16","guid":{"rendered":"https:\/\/blog.seetal-chile.ch\/?post_type=seetal_chile_poscht&#038;p=9329"},"modified":"2023-12-27T07:22:16","modified_gmt":"2023-12-27T07:22:16","slug":"infos-zu-personen-7","status":"publish","type":"seetal_chile_poscht","link":"https:\/\/blog.seetal-chile.ch\/fr\/seetal_chile_poscht\/infos-zu-personen-7\/","title":{"rendered":"Infos sur les personnes"},"content":{"rendered":"<p>Le 15 novembre, on a <strong>Hannah Mae Darrow<\/strong>, fille de Johanan et St\u00e9phanie et s\u0153ur de Sophie, est n\u00e9e. Le 14 d\u00e9cembre, l'heure (de la naissance) de <strong>Ja\u00ebl Sulser<\/strong>. Elle fait maintenant la joie de ses parents Deborah et Silas ainsi que de son fr\u00e8re Elia. Nous souhaitons aux deux familles beaucoup de joie et la b\u00e9n\u00e9diction de Dieu !<\/p>\n\n\n\n<p>Le 24 d\u00e9cembre, nous a quitt\u00e9s <strong>Liselotte Blanc<\/strong> (90 ans) pour d\u00e9m\u00e9nager dans l'appartement aupr\u00e8s du P\u00e8re c\u00e9leste. Liselotte a \u00e9t\u00e9 un membre fid\u00e8le de seetal chile pendant pr\u00e8s de 65 ans. De tout c\u0153ur, nous souhaitons \u00e0 ses proches la paix et la consolation de Dieu !<\/p>\n\n\n\n<p><strong>Urs et Heike Fuchs<\/strong> demandent \u00e0 devenir membres de seetal chile. Nous nous en r\u00e9jouissons et ouvrons ainsi le d\u00e9lai de 30 jours pendant lequel les anciens membres peuvent faire opposition.<\/p>\n\n\n\n<p>Dans nos \u00e9quipes, il y a eu les renouvellements suivants : <strong>Mirjam Hauser<\/strong> (mettre la c\u00e8ne \u00e0 disposition). La liste des \"sortants\" est un peu plus longue : <strong>Nicola Staehelin<\/strong> &amp; <strong>Daniel Rubsch <\/strong>(traduction), <strong>C\u00e9line et Pascal B\u00fchler<\/strong> (Abent\u00fc\u00fcr Geb\u00e4t), <strong>Ueli G\u00fcnter <\/strong>(M\u00e4nner Event), <strong>Stefanie Graf &amp; Stefan Walti<\/strong> (glow Kids), <strong>Timon Altwegg<\/strong> (glow Band &amp; glow Youth core team). Nous vous remercions tous tr\u00e8s chaleureusement pour votre grand engagement, parfois de longue date !<\/p>","protected":false},"author":4,"featured_media":0,"template":"","seetal_chile_poscht_ausgabe":[],"class_list":["post-9329","seetal_chile_poscht","type-seetal_chile_poscht","status-publish","hentry"],"acf":[],"_links":{"self":[{"href":"https:\/\/blog.seetal-chile.ch\/fr\/wp-json\/wp\/v2\/seetal_chile_poscht\/9329","targetHints":{"allow":["GET"]}}],"collection":[{"href":"https:\/\/blog.seetal-chile.ch\/fr\/wp-json\/wp\/v2\/seetal_chile_poscht"}],"about":[{"href":"https:\/\/blog.seetal-chile.ch\/fr\/wp-json\/wp\/v2\/types\/seetal_chile_poscht"}],"author":[{"embeddable":true,"href":"https:\/\/blog.seetal-chile.ch\/fr\/wp-json\/wp\/v2\/users\/4"}],"version-history":[{"count":3,"href":"https:\/\/blog.seetal-chile.ch\/fr\/wp-json\/wp\/v2\/seetal_chile_poscht\/9329\/revisions"}],"predecessor-version":[{"id":9332,"href":"https:\/\/blog.seetal-chile.ch\/fr\/wp-json\/wp\/v2\/seetal_chile_poscht\/9329\/revisions\/9332"}],"wp:attachment":[{"href":"https:\/\/blog.seetal-chile.ch\/fr\/wp-json\/wp\/v2\/media?parent=9329"}],"wp:term":[{"taxonomy":"seetal_chile_poscht_ausgabe","embeddable":true,"href":"https:\/\/blog.seetal-chile.ch\/fr\/wp-json\/wp\/v2\/seetal_chile_poscht_ausgabe?post=9329"}],"curies":[{"name":"wp","href":"https:\/\/api.w.org\/{rel}","templated":true}]}}

<p>Le 15 novembre, on a <strong>Hannah Mae Darrow</strong>, fille de Johanan et Stéphanie et sœur de Sophie, est née. Le 14 décembre, l'heure (de la naissance) de <strong>Jaël Sulser</strong>. Elle fait maintenant la joie de ses parents Deborah et Silas ainsi que de son frère Elia. Nous souhaitons aux deux familles beaucoup de joie et la bénédiction de Dieu !</p>



<p>Le 24 décembre, nous a quittés <strong>Liselotte Blanc</strong> (90 ans) pour déménager dans l'appartement auprès du Père céleste. Liselotte a été un membre fidèle de seetal chile pendant près de 65 ans. De tout cœur, nous souhaitons à ses proches la paix et la consolation de Dieu !</p>



<p><strong>Urs et Heike Fuchs</strong> demandent à devenir membres de seetal chile. Nous nous en réjouissons et ouvrons ainsi le délai de 30 jours pendant lequel les anciens membres peuvent faire opposition.</p>



<p>Dans nos équipes, il y a eu les renouvellements suivants : <strong>Mirjam Hauser</strong> (mettre la cène à disposition). La liste des "sortants" est un peu plus longue : <strong>Nicola Staehelin</strong> &amp; <strong>Daniel Rubsch </strong>(traduction), <strong>Céline et Pascal Bühler</strong> (Abentüür Gebät), <strong>Ueli Günter </strong>(Männer Event), <strong>Stefanie Graf &amp; Stefan Walti</strong> (glow Kids), <strong>Timon Altwegg</strong> (glow Band &amp; glow Youth core team). Nous vous remercions tous très chaleureusement pour votre grand engagement, parfois de longue date !</p>
