{"id":9817,"date":"2024-05-18T07:39:39","date_gmt":"2024-05-18T07:39:39","guid":{"rendered":"https:\/\/blog.seetal-chile.ch\/?post_type=seetal_chile_poscht&#038;p=9817"},"modified":"2024-05-24T07:46:10","modified_gmt":"2024-05-24T07:46:10","slug":"fuer-die-agenda-12","status":"publish","type":"seetal_chile_poscht","link":"https:\/\/blog.seetal-chile.ch\/fr\/seetal_chile_poscht\/fuer-die-agenda-12\/","title":{"rendered":"Pour l'agenda"},"content":{"rendered":"<p><a>Dans le <\/a><strong>Culte du 2 juin<\/strong> au lieu d'un sermon, Bernhard Hohl s'entretiendra avec Amir Khalid. Amir est n\u00e9 musulman en Asie du Sud-Est et est devenu chr\u00e9tien plus tard. Il a une vie mouvement\u00e9e derri\u00e8re lui et fera encore bouger les choses ! Ce culte est id\u00e9al pour inviter des personnes \u00e9loign\u00e9es de l'\u00e9glise.<\/p>\n\n\n\n<p>Au <strong>8 juin <\/strong>lance<strong> \u00e0 14:00 heures<\/strong> le <strong>M\u00e4nner Event<\/strong>. Nous partons en excursion dans la startup o\u00f9 travaille Timon Wehmann. Ils font des recherches sur les avions \u00e9lectriques \u00e0 d\u00e9collage vertical. Le soir, \u00e0 18 heures, on mange le d\u00eener dans la seetal chile. L'inscription sur notre blog n'est n\u00e9cessaire que pour la premi\u00e8re partie.<\/p>\n\n\n\n<p>Une semaine plus tard, <strong>le 15 juin<\/strong>, c'est Sisterhood. A cette occasion, les femmes marcheront sur le chemin d'Argovie de Muri \u00e0 Bremgarten avec une pause caf\u00e9 et une halte \u00e0 midi. Tu trouveras des informations plus d\u00e9taill\u00e9es sur notre blog.<\/p>\n\n\n\n<p>Le glow Youth part du <strong>14 au 16 juin<\/strong> ans <strong>Festival Melo. <\/strong>Tu trouveras des informations sur ce festival chr\u00e9tien d'\u00e9t\u00e9 et la possibilit\u00e9 de t'inscrire sur notre blog ou directement sur www.melo.ch.<\/p>\n\n\n\n<p>Au <strong>23 juin <\/strong>trouve<strong> \u00e0 15:00 heures<\/strong> - entre le bapt\u00eame et le culte du soir - une autre occasion avec les <strong>Oldie-Singers<\/strong> aura lieu \u00e0 la maison des jeunes.<\/p>\n\n\n\n<p>Au <strong>27 juin \u00e0 14h30<\/strong> Les personnes ayant une exp\u00e9rience de vie sup\u00e9rieure \u00e0 la moyenne se rencontrent dans un <strong>Generation+ Occasion<\/strong> avec le sujet important <em>La d\u00e9pression chez les personnes \u00e2g\u00e9es<\/em>. Avec le go\u00fbter qui suit, cela donne une affaire rondement men\u00e9e.<\/p>\n\n\n\n<p>De <strong>Du 6 au 8 juillet<\/strong> trouve le <strong>camp glow<\/strong> aura lieu pour tous, de la 3e \u00e0 la terminale. Tu en apprendras plus sur notre blog et tu pourras aussi t'inscrire.<\/p>\n\n\n\n<p>Au <strong>8 septembre 2024<\/strong> nous allons nous retrouver dans un <strong>Culte suivi d'un d\u00e9jeuner<\/strong> f\u00eater le 10e anniversaire du centre, le lancement de Livestream 500(0) et l'inauguration des r\u00e9novations de la maison des jeunes et de la sc\u00e8ne.<\/p>\n\n\n\n<p>De <strong>Du 15 au 21 septembre<\/strong> trouve la <strong>Semaine de vacances dans le Tyrol du Sud 60+<\/strong> aura lieu. Il reste encore quelques places libres. Les personnes int\u00e9ress\u00e9es devraient s'inscrire prochainement via notre blog. Nous nous r\u00e9jouissons de t'accueillir !<\/p>\n\n\n\n<p>De <strong>Du 27 septembre au 6 octobre 2024<\/strong> trouve le <strong>Camp d'automne du glow<\/strong> aura lieu pour tous \u00e0 partir de 16 ans. L'inscription via le blog est ouverte d\u00e8s maintenant.<\/p>","protected":false},"author":4,"featured_media":0,"template":"","seetal_chile_poscht_ausgabe":[],"class_list":["post-9817","seetal_chile_poscht","type-seetal_chile_poscht","status-publish","hentry"],"acf":[],"_links":{"self":[{"href":"https:\/\/blog.seetal-chile.ch\/fr\/wp-json\/wp\/v2\/seetal_chile_poscht\/9817","targetHints":{"allow":["GET"]}}],"collection":[{"href":"https:\/\/blog.seetal-chile.ch\/fr\/wp-json\/wp\/v2\/seetal_chile_poscht"}],"about":[{"href":"https:\/\/blog.seetal-chile.ch\/fr\/wp-json\/wp\/v2\/types\/seetal_chile_poscht"}],"author":[{"embeddable":true,"href":"https:\/\/blog.seetal-chile.ch\/fr\/wp-json\/wp\/v2\/users\/4"}],"version-history":[{"count":2,"href":"https:\/\/blog.seetal-chile.ch\/fr\/wp-json\/wp\/v2\/seetal_chile_poscht\/9817\/revisions"}],"predecessor-version":[{"id":9850,"href":"https:\/\/blog.seetal-chile.ch\/fr\/wp-json\/wp\/v2\/seetal_chile_poscht\/9817\/revisions\/9850"}],"wp:attachment":[{"href":"https:\/\/blog.seetal-chile.ch\/fr\/wp-json\/wp\/v2\/media?parent=9817"}],"wp:term":[{"taxonomy":"seetal_chile_poscht_ausgabe","embeddable":true,"href":"https:\/\/blog.seetal-chile.ch\/fr\/wp-json\/wp\/v2\/seetal_chile_poscht_ausgabe?post=9817"}],"curies":[{"name":"wp","href":"https:\/\/api.w.org\/{rel}","templated":true}]}}

<p><a>Dans le </a><strong>Culte du 2 juin</strong> au lieu d'un sermon, Bernhard Hohl s'entretiendra avec Amir Khalid. Amir est né musulman en Asie du Sud-Est et est devenu chrétien plus tard. Il a une vie mouvementée derrière lui et fera encore bouger les choses ! Ce culte est idéal pour inviter des personnes éloignées de l'église.</p>



<p>Au <strong>8 juin </strong>lance<strong> à 14:00 heures</strong> le <strong>Männer Event</strong>. Nous partons en excursion dans la startup où travaille Timon Wehmann. Ils font des recherches sur les avions électriques à décollage vertical. Le soir, à 18 heures, on mange le dîner dans la seetal chile. L'inscription sur notre blog n'est nécessaire que pour la première partie.</p>



<p>Une semaine plus tard, <strong>le 15 juin</strong>, c'est Sisterhood. A cette occasion, les femmes marcheront sur le chemin d'Argovie de Muri à Bremgarten avec une pause café et une halte à midi. Tu trouveras des informations plus détaillées sur notre blog.</p>



<p>Le glow Youth part du <strong>14 au 16 juin</strong> ans <strong>Festival Melo. </strong>Tu trouveras des informations sur ce festival chrétien d'été et la possibilité de t'inscrire sur notre blog ou directement sur www.melo.ch.</p>



<p>Au <strong>23 juin </strong>trouve<strong> à 15:00 heures</strong> - entre le baptême et le culte du soir - une autre occasion avec les <strong>Oldie-Singers</strong> aura lieu à la maison des jeunes.</p>



<p>Au <strong>27 juin à 14h30</strong> Les personnes ayant une expérience de vie supérieure à la moyenne se rencontrent dans un <strong>Generation+ Occasion</strong> avec le sujet important <em>La dépression chez les personnes âgées</em>. Avec le goûter qui suit, cela donne une affaire rondement menée.</p>



<p>De <strong>Du 6 au 8 juillet</strong> trouve le <strong>camp glow</strong> aura lieu pour tous, de la 3e à la terminale. Tu en apprendras plus sur notre blog et tu pourras aussi t'inscrire.</p>



<p>Au <strong>8 septembre 2024</strong> nous allons nous retrouver dans un <strong>Culte suivi d'un déjeuner</strong> fêter le 10e anniversaire du centre, le lancement de Livestream 500(0) et l'inauguration des rénovations de la maison des jeunes et de la scène.</p>



<p>De <strong>Du 15 au 21 septembre</strong> trouve la <strong>Semaine de vacances dans le Tyrol du Sud 60+</strong> aura lieu. Il reste encore quelques places libres. Les personnes intéressées devraient s'inscrire prochainement via notre blog. Nous nous réjouissons de t'accueillir !</p>



<p>De <strong>Du 27 septembre au 6 octobre 2024</strong> trouve le <strong>Camp d'automne du glow</strong> aura lieu pour tous à partir de 16 ans. L'inscription via le blog est ouverte dès maintenant.</p>
