{"id":10051,"date":"2024-08-30T05:45:01","date_gmt":"2024-08-30T05:45:01","guid":{"rendered":"https:\/\/blog.seetal-chile.ch\/?post_type=seetal_chile_poscht&#038;p=10051"},"modified":"2024-08-30T05:45:03","modified_gmt":"2024-08-30T05:45:03","slug":"infos-zu-personen-14","status":"publish","type":"seetal_chile_poscht","link":"https:\/\/blog.seetal-chile.ch\/it\/seetal_chile_poscht\/infos-zu-personen-14\/","title":{"rendered":"Informazioni sulle persone"},"content":{"rendered":"<p>Sono nati i seguenti figli:<\/p>\n\n\n\n<ul class=\"wp-block-list\">\n<li><strong>Romee Ellis Merz<\/strong> il 22 luglio (figlia di Rebecca e Sandro Merz, sorella di Sanna ed Enny).<\/li>\n\n\n\n<li><strong>Luisa Elena Probst<\/strong> il 27 luglio (figlia di Hanna e Tobias Probst, sorella di Sophia).<\/li>\n\n\n\n<li><strong>Leonelle Hugentobler<\/strong> il 07.08. (figlia di Debora e Patrick, sorella di Nelyo e Maivie).<\/li>\n\n\n\n<li><strong>Malou Eyla Roth<\/strong> il 17 agosto (figlia di Cornelia e Damian Roth).<\/li>\n\n\n\n<li><strong>Emilia Hauser<\/strong> il 22 agosto (figlia di Melanie e Dominik Hauser).<\/li>\n<\/ul>\n\n\n\n<p>Auguriamo alle 5 ragazze (!) e alle loro famiglie una ricca benedizione di Dio.<\/p>\n\n\n\n<p><strong>Theresa Lay<\/strong> e <strong>Viktor D\u00fcck<\/strong> si sposeranno il 28.09.2024 nella Frisia orientale. Vi auguriamo una ricca benedizione da parte di Dio dal profondo dei nostri cuori!<\/p>\n\n\n\n<p>Poich\u00e9 non ci sono state obiezioni, possiamo <strong>Eveliina Franz <\/strong>come nuovo membro. Siamo felici di questo passo vincolante! <strong>Tim Grossenbacher <\/strong>e <strong>Manuel Grossenbacher<\/strong> stanno facendo domanda di adesione. Ne siamo felici e con la presente apriamo il periodo di obiezione di due settimane per i nostri membri.<\/p>\n\n\n\n<p><strong>Timon Altwegg <\/strong>vola alle Hawaii a met\u00e0 settembre. L\u00ec si occuper\u00e0 di <em>Navigare tra le nazioni<\/em> un programma di formazione al discepolato della durata di tre mesi. Questo include anche il lavoro diaconale sociale. <strong>Jana Fischer<\/strong> si recher\u00e0 in Nuova Zelanda alla fine di settembre. L\u00ec si recher\u00e0 <em>Giovani con una missione <\/em>una scuola di discepolato di tre mesi seguita da un programma di sensibilizzazione di dieci settimane. Auguriamo a entrambi una ricca benedizione di Dio, nuove intuizioni e tanti buoni incontri.<\/p>\n\n\n\n<p><strong>Matthias Staehelin<\/strong> \u00e8 stato eletto nel Consiglio di Amministrazione della Fondazione Chrischona Heime di Zurigo il 6 luglio come successore di Hans D\u00f6ssegger. Tra le altre cose, la fondazione gestisce un immobile nel centro di Zurigo. L'affittuario \u00e8 VBG, che opera in scuole e universit\u00e0. <strong>Barbara Grossenbacher, Leonie Altwegg, Silvan Senn <\/strong>e<strong> Melanie Hauser <\/strong>sono coinvolti nel nuovo programma glow Preteens<strong>. Nicola Sigg &amp; Anisha Hunziker<\/strong> sono nuove aggiunte al team glow Next<strong>. Arianne Hasler <\/strong>si \u00e8 unito al team di preghiera. I nuovi conduttori di Livestream sono: <strong>Adrian Hasler<\/strong>, <strong>Rahel Beck<\/strong>, <strong>Ren\u00e9 Gr\u00f6ber<\/strong> e <strong>Nils Janshon<\/strong>.<\/p>","protected":false},"author":4,"featured_media":0,"template":"","seetal_chile_poscht_ausgabe":[],"class_list":["post-10051","seetal_chile_poscht","type-seetal_chile_poscht","status-publish","hentry"],"acf":[],"_links":{"self":[{"href":"https:\/\/blog.seetal-chile.ch\/it\/wp-json\/wp\/v2\/seetal_chile_poscht\/10051","targetHints":{"allow":["GET"]}}],"collection":[{"href":"https:\/\/blog.seetal-chile.ch\/it\/wp-json\/wp\/v2\/seetal_chile_poscht"}],"about":[{"href":"https:\/\/blog.seetal-chile.ch\/it\/wp-json\/wp\/v2\/types\/seetal_chile_poscht"}],"author":[{"embeddable":true,"href":"https:\/\/blog.seetal-chile.ch\/it\/wp-json\/wp\/v2\/users\/4"}],"version-history":[{"count":1,"href":"https:\/\/blog.seetal-chile.ch\/it\/wp-json\/wp\/v2\/seetal_chile_poscht\/10051\/revisions"}],"predecessor-version":[{"id":10052,"href":"https:\/\/blog.seetal-chile.ch\/it\/wp-json\/wp\/v2\/seetal_chile_poscht\/10051\/revisions\/10052"}],"wp:attachment":[{"href":"https:\/\/blog.seetal-chile.ch\/it\/wp-json\/wp\/v2\/media?parent=10051"}],"wp:term":[{"taxonomy":"seetal_chile_poscht_ausgabe","embeddable":true,"href":"https:\/\/blog.seetal-chile.ch\/it\/wp-json\/wp\/v2\/seetal_chile_poscht_ausgabe?post=10051"}],"curies":[{"name":"wp","href":"https:\/\/api.w.org\/{rel}","templated":true}]}}

<p>Sono nati i seguenti figli:</p>



<ul class="wp-block-list">
<li><strong>Romee Ellis Merz</strong> il 22 luglio (figlia di Rebecca e Sandro Merz, sorella di Sanna ed Enny).</li>



<li><strong>Luisa Elena Probst</strong> il 27 luglio (figlia di Hanna e Tobias Probst, sorella di Sophia).</li>



<li><strong>Leonelle Hugentobler</strong> il 07.08. (figlia di Debora e Patrick, sorella di Nelyo e Maivie).</li>



<li><strong>Malou Eyla Roth</strong> il 17 agosto (figlia di Cornelia e Damian Roth).</li>



<li><strong>Emilia Hauser</strong> il 22 agosto (figlia di Melanie e Dominik Hauser).</li>
</ul>



<p>Auguriamo alle 5 ragazze (!) e alle loro famiglie una ricca benedizione di Dio.</p>



<p><strong>Theresa Lay</strong> e <strong>Viktor Dück</strong> si sposeranno il 28.09.2024 nella Frisia orientale. Vi auguriamo una ricca benedizione da parte di Dio dal profondo dei nostri cuori!</p>



<p>Poiché non ci sono state obiezioni, possiamo <strong>Eveliina Franz </strong>come nuovo membro. Siamo felici di questo passo vincolante! <strong>Tim Grossenbacher </strong>e <strong>Manuel Grossenbacher</strong> stanno facendo domanda di adesione. Ne siamo felici e con la presente apriamo il periodo di obiezione di due settimane per i nostri membri.</p>



<p><strong>Timon Altwegg </strong>vola alle Hawaii a metà settembre. Lì si occuperà di <em>Navigare tra le nazioni</em> un programma di formazione al discepolato della durata di tre mesi. Questo include anche il lavoro diaconale sociale. <strong>Jana Fischer</strong> si recherà in Nuova Zelanda alla fine di settembre. Lì si recherà <em>Giovani con una missione </em>una scuola di discepolato di tre mesi seguita da un programma di sensibilizzazione di dieci settimane. Auguriamo a entrambi una ricca benedizione di Dio, nuove intuizioni e tanti buoni incontri.</p>



<p><strong>Matthias Staehelin</strong> è stato eletto nel Consiglio di Amministrazione della Fondazione Chrischona Heime di Zurigo il 6 luglio come successore di Hans Dössegger. Tra le altre cose, la fondazione gestisce un immobile nel centro di Zurigo. L'affittuario è VBG, che opera in scuole e università. <strong>Barbara Grossenbacher, Leonie Altwegg, Silvan Senn </strong>e<strong> Melanie Hauser </strong>sono coinvolti nel nuovo programma glow Preteens<strong>. Nicola Sigg &amp; Anisha Hunziker</strong> sono nuove aggiunte al team glow Next<strong>. Arianne Hasler </strong>si è unito al team di preghiera. I nuovi conduttori di Livestream sono: <strong>Adrian Hasler</strong>, <strong>Rahel Beck</strong>, <strong>René Gröber</strong> e <strong>Nils Janshon</strong>.</p>
