{"id":10191,"date":"2024-10-24T14:50:56","date_gmt":"2024-10-24T12:50:56","guid":{"rendered":"https:\/\/blog.seetal-chile.ch\/?post_type=seetal_chile_poscht&#038;p=10191"},"modified":"2024-10-24T14:50:57","modified_gmt":"2024-10-24T12:50:57","slug":"martin-von-schoultz","status":"publish","type":"seetal_chile_poscht","link":"https:\/\/blog.seetal-chile.ch\/it\/seetal_chile_poscht\/martin-von-schoultz\/","title":{"rendered":"Martin von Schoultz"},"content":{"rendered":"<p>\u0639\u0644\u064a\u0643\u0645 \"Salam Aleikum\"<\/p>\n\n\n\n<p>Non \u00e8 passato nemmeno un mese da quando ero in Svizzera a bere caff\u00e8 e mangiare torta di carote con te. E gi\u00e0 sono tornata in Mesopotamia, dove c'era il Giardino dell'Eden e dove nacque Abramo. Mentre viaggiavo in autobus attraverso la vastit\u00e0 del mio paese, vedevo il possente Tigri e guardavo le pianure brulle e prive di alberi, sono stata sopraffatta da una sensazione di casa: \"<em>Finalmente sono tornato.<\/em>\"<\/p>\n\n\n\n<p>Mi sono tolta un peso enorme quando ho capito che, dopotutto, non avevo dimenticato del tutto il mio curdo. Mi ci \u00e8 voluto un po' per immergermi di nuovo nella cultura. Ad esempio, di recente un amico mi ha invitato a una partita di calcio. Sono rimasto un po' sorpreso quando mi ha detto che si svolge dalle 00:00 alle 02:00 del mattino. Tuttavia, questi sono i normali orari curdi qui.<\/p>\n\n\n\n<p>Una cosa che mi ha fatto riflettere di pi\u00f9 da quando sono tornato qui sono i numerosi contatti e le amicizie che ho stretto. Ora conosco cos\u00ec tanti curdi che non so pi\u00f9 su chi investire e su chi no. C'\u00e8 il proprietario del negozio di alimentari dietro l'angolo, il portiere della nostra casa o la guida turistica della porta accanto, ecc.<\/p>\n\n\n\n<p>Qui chiedo le tue preghiere, caro seetal chile, affinch\u00e9 io possa discernere sempre meglio chi tra loro \u00e8 aperto e chi no. E pregate affinch\u00e9 si apra una porta per la nostra speranza.<\/p>\n\n\n\n<p>Grazie mille, \u00e8 cos\u00ec bello essere in contatto con voi, cari amici. Insieme stiamo andando nella stessa direzione.<\/p>\n\n\n\n<p>Cordiali saluti, eue Tinu<\/p>\n\n\n\n<p><em>Se vuoi iscriverti alla newsletter di Martin von Schoultz, puoi contattare la sua referente Melanie Meier (079 723 18 33).<\/em><\/p>","protected":false},"author":4,"featured_media":0,"template":"","seetal_chile_poscht_ausgabe":[],"class_list":["post-10191","seetal_chile_poscht","type-seetal_chile_poscht","status-publish","hentry"],"acf":[],"_links":{"self":[{"href":"https:\/\/blog.seetal-chile.ch\/it\/wp-json\/wp\/v2\/seetal_chile_poscht\/10191","targetHints":{"allow":["GET"]}}],"collection":[{"href":"https:\/\/blog.seetal-chile.ch\/it\/wp-json\/wp\/v2\/seetal_chile_poscht"}],"about":[{"href":"https:\/\/blog.seetal-chile.ch\/it\/wp-json\/wp\/v2\/types\/seetal_chile_poscht"}],"author":[{"embeddable":true,"href":"https:\/\/blog.seetal-chile.ch\/it\/wp-json\/wp\/v2\/users\/4"}],"version-history":[{"count":1,"href":"https:\/\/blog.seetal-chile.ch\/it\/wp-json\/wp\/v2\/seetal_chile_poscht\/10191\/revisions"}],"predecessor-version":[{"id":10192,"href":"https:\/\/blog.seetal-chile.ch\/it\/wp-json\/wp\/v2\/seetal_chile_poscht\/10191\/revisions\/10192"}],"wp:attachment":[{"href":"https:\/\/blog.seetal-chile.ch\/it\/wp-json\/wp\/v2\/media?parent=10191"}],"wp:term":[{"taxonomy":"seetal_chile_poscht_ausgabe","embeddable":true,"href":"https:\/\/blog.seetal-chile.ch\/it\/wp-json\/wp\/v2\/seetal_chile_poscht_ausgabe?post=10191"}],"curies":[{"name":"wp","href":"https:\/\/api.w.org\/{rel}","templated":true}]}}

<p>عليكم "Salam Aleikum"</p>



<p>Non è passato nemmeno un mese da quando ero in Svizzera a bere caffè e mangiare torta di carote con te. E già sono tornata in Mesopotamia, dove c'era il Giardino dell'Eden e dove nacque Abramo. Mentre viaggiavo in autobus attraverso la vastità del mio paese, vedevo il possente Tigri e guardavo le pianure brulle e prive di alberi, sono stata sopraffatta da una sensazione di casa: "<em>Finalmente sono tornato.</em>"</p>



<p>Mi sono tolta un peso enorme quando ho capito che, dopotutto, non avevo dimenticato del tutto il mio curdo. Mi ci è voluto un po' per immergermi di nuovo nella cultura. Ad esempio, di recente un amico mi ha invitato a una partita di calcio. Sono rimasto un po' sorpreso quando mi ha detto che si svolge dalle 00:00 alle 02:00 del mattino. Tuttavia, questi sono i normali orari curdi qui.</p>



<p>Una cosa che mi ha fatto riflettere di più da quando sono tornato qui sono i numerosi contatti e le amicizie che ho stretto. Ora conosco così tanti curdi che non so più su chi investire e su chi no. C'è il proprietario del negozio di alimentari dietro l'angolo, il portiere della nostra casa o la guida turistica della porta accanto, ecc.</p>



<p>Qui chiedo le tue preghiere, caro seetal chile, affinché io possa discernere sempre meglio chi tra loro è aperto e chi no. E pregate affinché si apra una porta per la nostra speranza.</p>



<p>Grazie mille, è così bello essere in contatto con voi, cari amici. Insieme stiamo andando nella stessa direzione.</p>



<p>Cordiali saluti, eue Tinu</p>



<p><em>Se vuoi iscriverti alla newsletter di Martin von Schoultz, puoi contattare la sua referente Melanie Meier (079 723 18 33).</em></p>
