{"id":10412,"date":"2024-12-23T15:37:02","date_gmt":"2024-12-23T14:37:02","guid":{"rendered":"https:\/\/blog.seetal-chile.ch\/?post_type=seetal_chile_poscht&#038;p=10412"},"modified":"2024-12-23T15:37:02","modified_gmt":"2024-12-23T14:37:02","slug":"infos-in-aller-kuerze-17","status":"publish","type":"seetal_chile_poscht","link":"https:\/\/blog.seetal-chile.ch\/it\/seetal_chile_poscht\/infos-in-aller-kuerze-17\/","title":{"rendered":"Informazioni in breve"},"content":{"rendered":"<p>Dopo un servizio religioso a dicembre, \u00e8 stato lasciato nella cassetta delle offerte un biglietto scritto a mano con un messaggio anonimo su un comportamento moralmente riprovevole da parte di una persona attiva nel servizio. Invitiamo cordialmente la persona che ha inviato il biglietto a rivolgersi a uno dei pastori in modo da poter discutere la questione e, se necessario, affrontarla pastoralmente. In generale, per noi \u00e8 importante che preoccupazioni e sospetti importanti, che acquistano molto potere in segreto, vengano affrontati in modo aperto e trasparente. Lavoriamo insieme per una cultura del Regno di Dio!<\/p>\n\n\n\n<p>Dall'agosto 2024, i bambini pi\u00f9 grandi non arricchiscono pi\u00f9 il Kigo, ma sono nei Preadolescenti. Kigo \u00e8 ora sensibilmente pi\u00f9 giovane, dato che mancano i bambini di prima e seconda media. A gennaio vorremmo dare una ventata di freschezza al Kigo con alcuni aggiustamenti. Canzoni semplici, meno testi teatrali, un nuovo rituale di apertura... Rimanete sintonizzati, anche i visitatori sono i benvenuti.<\/p>\n\n\n\n<p>Due anni fa, il gruppo di lavoro \"Situazioni di vita diverse\" ha iniziato il suo lavoro. L'obiettivo era quello di capire come l'seetal chile possa essere una casa non solo per le famiglie con bambini, ma anche per le persone con altre situazioni di vita. Il gruppo \u00e8 riuscito a sensibilizzare l'opinione pubblica e ha suggerito alcuni suggerimenti. Dal momento che al momento non c'\u00e8 una forte necessit\u00e0 di intervento, il gruppo di lavoro sta terminando le sue attivit\u00e0. Ringraziamo Philippe Ehrsam, Martina Hauri, Mirjam Hauser, Denise Pival, Andrea Werder e C\u00e9dric Br\u00fcgger per il loro contributo a questo gruppo.<\/p>","protected":false},"author":4,"featured_media":0,"template":"","seetal_chile_poscht_ausgabe":[],"class_list":["post-10412","seetal_chile_poscht","type-seetal_chile_poscht","status-publish","hentry"],"acf":[],"_links":{"self":[{"href":"https:\/\/blog.seetal-chile.ch\/it\/wp-json\/wp\/v2\/seetal_chile_poscht\/10412","targetHints":{"allow":["GET"]}}],"collection":[{"href":"https:\/\/blog.seetal-chile.ch\/it\/wp-json\/wp\/v2\/seetal_chile_poscht"}],"about":[{"href":"https:\/\/blog.seetal-chile.ch\/it\/wp-json\/wp\/v2\/types\/seetal_chile_poscht"}],"author":[{"embeddable":true,"href":"https:\/\/blog.seetal-chile.ch\/it\/wp-json\/wp\/v2\/users\/4"}],"version-history":[{"count":1,"href":"https:\/\/blog.seetal-chile.ch\/it\/wp-json\/wp\/v2\/seetal_chile_poscht\/10412\/revisions"}],"predecessor-version":[{"id":10413,"href":"https:\/\/blog.seetal-chile.ch\/it\/wp-json\/wp\/v2\/seetal_chile_poscht\/10412\/revisions\/10413"}],"wp:attachment":[{"href":"https:\/\/blog.seetal-chile.ch\/it\/wp-json\/wp\/v2\/media?parent=10412"}],"wp:term":[{"taxonomy":"seetal_chile_poscht_ausgabe","embeddable":true,"href":"https:\/\/blog.seetal-chile.ch\/it\/wp-json\/wp\/v2\/seetal_chile_poscht_ausgabe?post=10412"}],"curies":[{"name":"wp","href":"https:\/\/api.w.org\/{rel}","templated":true}]}}

<p>Dopo un servizio religioso a dicembre, è stato lasciato nella cassetta delle offerte un biglietto scritto a mano con un messaggio anonimo su un comportamento moralmente riprovevole da parte di una persona attiva nel servizio. Invitiamo cordialmente la persona che ha inviato il biglietto a rivolgersi a uno dei pastori in modo da poter discutere la questione e, se necessario, affrontarla pastoralmente. In generale, per noi è importante che preoccupazioni e sospetti importanti, che acquistano molto potere in segreto, vengano affrontati in modo aperto e trasparente. Lavoriamo insieme per una cultura del Regno di Dio!</p>



<p>Dall'agosto 2024, i bambini più grandi non arricchiscono più il Kigo, ma sono nei Preadolescenti. Kigo è ora sensibilmente più giovane, dato che mancano i bambini di prima e seconda media. A gennaio vorremmo dare una ventata di freschezza al Kigo con alcuni aggiustamenti. Canzoni semplici, meno testi teatrali, un nuovo rituale di apertura... Rimanete sintonizzati, anche i visitatori sono i benvenuti.</p>



<p>Due anni fa, il gruppo di lavoro "Situazioni di vita diverse" ha iniziato il suo lavoro. L'obiettivo era quello di capire come l'seetal chile possa essere una casa non solo per le famiglie con bambini, ma anche per le persone con altre situazioni di vita. Il gruppo è riuscito a sensibilizzare l'opinione pubblica e ha suggerito alcuni suggerimenti. Dal momento che al momento non c'è una forte necessità di intervento, il gruppo di lavoro sta terminando le sue attività. Ringraziamo Philippe Ehrsam, Martina Hauri, Mirjam Hauser, Denise Pival, Andrea Werder e Cédric Brügger per il loro contributo a questo gruppo.</p>
