{"id":10503,"date":"2025-01-21T14:31:10","date_gmt":"2025-01-21T13:31:10","guid":{"rendered":"https:\/\/blog.seetal-chile.ch\/?post_type=seetal_chile_poscht&#038;p=10503"},"modified":"2025-01-21T14:31:11","modified_gmt":"2025-01-21T13:31:11","slug":"dankesfest-2025","status":"publish","type":"seetal_chile_poscht","link":"https:\/\/blog.seetal-chile.ch\/it\/seetal_chile_poscht\/dankesfest-2025\/","title":{"rendered":"Ringraziamento 2025"},"content":{"rendered":"<p>L'seetal chile vive grazie al tuo impegno, che sia nella preghiera, nel finanziamento, nella cooperazione o semplicemente nella tua benevola partecipazione. Le cose decisive avvengono in segreto. Alla festa di ringraziamento del 15 febbraio, noi della direzione della chiesa vogliamo rendere visibile ci\u00f2 che \u00e8 nascosto, ringraziarti sinceramente, rallegrarci di ci\u00f2 che \u00e8 successo e offrirti una cena (con offerte speciali per vegani e vegetariani) e un'allegra conversazione.<\/p>\n\n\n\n<p>A volte sentiamo frasi come: \"Non lavoro in nessun team\" o \"Non ho fatto nulla\". Vogliamo contrastare queste voci dicendo che sono invitati davvero tutti gli uomini e le donne dell'et\u00e0 glow Youth. L'evento inizia alle 18:00. Termineremo al pi\u00f9 tardi alle 22:00.<\/p>\n\n\n\n<p>Ti saremmo grati se potessi iscriverti entro il 9 febbraio, in modo da poter preparare adeguatamente la cena e la sala.<\/p>","protected":false},"author":4,"featured_media":0,"template":"","seetal_chile_poscht_ausgabe":[],"class_list":["post-10503","seetal_chile_poscht","type-seetal_chile_poscht","status-publish","hentry"],"acf":[],"_links":{"self":[{"href":"https:\/\/blog.seetal-chile.ch\/it\/wp-json\/wp\/v2\/seetal_chile_poscht\/10503","targetHints":{"allow":["GET"]}}],"collection":[{"href":"https:\/\/blog.seetal-chile.ch\/it\/wp-json\/wp\/v2\/seetal_chile_poscht"}],"about":[{"href":"https:\/\/blog.seetal-chile.ch\/it\/wp-json\/wp\/v2\/types\/seetal_chile_poscht"}],"author":[{"embeddable":true,"href":"https:\/\/blog.seetal-chile.ch\/it\/wp-json\/wp\/v2\/users\/4"}],"version-history":[{"count":1,"href":"https:\/\/blog.seetal-chile.ch\/it\/wp-json\/wp\/v2\/seetal_chile_poscht\/10503\/revisions"}],"predecessor-version":[{"id":10504,"href":"https:\/\/blog.seetal-chile.ch\/it\/wp-json\/wp\/v2\/seetal_chile_poscht\/10503\/revisions\/10504"}],"wp:attachment":[{"href":"https:\/\/blog.seetal-chile.ch\/it\/wp-json\/wp\/v2\/media?parent=10503"}],"wp:term":[{"taxonomy":"seetal_chile_poscht_ausgabe","embeddable":true,"href":"https:\/\/blog.seetal-chile.ch\/it\/wp-json\/wp\/v2\/seetal_chile_poscht_ausgabe?post=10503"}],"curies":[{"name":"wp","href":"https:\/\/api.w.org\/{rel}","templated":true}]}}

<p>L'seetal chile vive grazie al tuo impegno, che sia nella preghiera, nel finanziamento, nella cooperazione o semplicemente nella tua benevola partecipazione. Le cose decisive avvengono in segreto. Alla festa di ringraziamento del 15 febbraio, noi della direzione della chiesa vogliamo rendere visibile ciò che è nascosto, ringraziarti sinceramente, rallegrarci di ciò che è successo e offrirti una cena (con offerte speciali per vegani e vegetariani) e un'allegra conversazione.</p>



<p>A volte sentiamo frasi come: "Non lavoro in nessun team" o "Non ho fatto nulla". Vogliamo contrastare queste voci dicendo che sono invitati davvero tutti gli uomini e le donne dell'età glow Youth. L'evento inizia alle 18:00. Termineremo al più tardi alle 22:00.</p>



<p>Ti saremmo grati se potessi iscriverti entro il 9 febbraio, in modo da poter preparare adeguatamente la cena e la sala.</p>
