{"id":10835,"date":"2025-05-30T08:52:26","date_gmt":"2025-05-30T06:52:26","guid":{"rendered":"https:\/\/blog.seetal-chile.ch\/?post_type=seetal_chile_poscht&#038;p=10835"},"modified":"2025-05-30T08:52:27","modified_gmt":"2025-05-30T06:52:27","slug":"infos-zu-personen-23","status":"publish","type":"seetal_chile_poscht","link":"https:\/\/blog.seetal-chile.ch\/it\/seetal_chile_poscht\/infos-zu-personen-23\/","title":{"rendered":"Informazioni sulle persone"},"content":{"rendered":"<p>L'8 maggio Meik e Alisa Ramseier hanno dato il benvenuto al loro figlio <strong>Nathan Matthis Ramseier<\/strong> tra le braccia dell'altro per la prima volta. Johanna ed Helena hanno avuto un fratellino. Auguriamo a tutta la famiglia la benedizione di Dio dal profondo del cuore!<\/p>\n\n\n\n<p><strong>Ruedi Kunz<\/strong> ha potuto tornare a casa dal suo Creatore e Padre celeste il 21 maggio 2025. Ruedi \u00e8 stato un pilastro importante della nostra chiesa per molti decenni. Auguriamo a tutti i suoi familiari e amici di sperimentare la vicinanza e il conforto di Dio.<\/p>\n\n\n\n<p><strong>Miriam Oberholzer<\/strong> \u00e8 ora responsabile della cucina (ed \u00e8 anche un membro del team di gestione del bistrot). <strong>Hadassa Zollinger<\/strong> si \u00e8 trasferita nella Svizzera centrale dopo essersi sposata. Per questo motivo ha rinunciato al suo ruolo di responsabile del gruppo di vita e di <strong>Steffi Altwegg<\/strong> si occupa del suo Lifegroup. <strong>Chiara Adamo<\/strong> si sposta dall'glow Next al team di assistenza all'infanzia. <strong>Andrea Schmid<\/strong> lascia il team Sisterhood. Nella squadra Zieschtigs-Kafi <strong>Seraina Gugger<\/strong> il luogo di <strong>Esthi Wildi<\/strong>. <strong>Barbara Urech<\/strong> sta terminando il suo impegno nel team di decorazione. Grazie mille per i suoi molti anni di servizio! Un buon inizio nel nuovo ruolo a tutti coloro che stanno per iniziare.<\/p>\n\n\n\n<p><strong>Timon Altwegg<\/strong> studier\u00e0 teologia a distanza presso l'IGW di Zurigo a partire dall'autunno 2025. Completer\u00e0 la parte pratica del programma di studio duale su base volontaria presso l'seetal chile. Il nostro compito \u00e8 quello di fornirgli un supporto professionale e personale e di pagare il contributo comunitario richiesto dall'IGW per i suoi studi. Stiamo facendo questo anche per Jonas Hauser. Poich\u00e9 viene pagato con le decime, non incide sul bilancio. Siamo felici quando i giovani si preparano in modo specifico per il servizio nel regno di Dio.<\/p>","protected":false},"author":4,"featured_media":0,"template":"","seetal_chile_poscht_ausgabe":[102],"class_list":["post-10835","seetal_chile_poscht","type-seetal_chile_poscht","status-publish","hentry","seetal_chile_poscht_ausgabe-seetal-chile-poscht-06-2025-73240253-3479-46f2-8e56-d7fc5aa4dff1"],"acf":[],"_links":{"self":[{"href":"https:\/\/blog.seetal-chile.ch\/it\/wp-json\/wp\/v2\/seetal_chile_poscht\/10835","targetHints":{"allow":["GET"]}}],"collection":[{"href":"https:\/\/blog.seetal-chile.ch\/it\/wp-json\/wp\/v2\/seetal_chile_poscht"}],"about":[{"href":"https:\/\/blog.seetal-chile.ch\/it\/wp-json\/wp\/v2\/types\/seetal_chile_poscht"}],"author":[{"embeddable":true,"href":"https:\/\/blog.seetal-chile.ch\/it\/wp-json\/wp\/v2\/users\/4"}],"version-history":[{"count":1,"href":"https:\/\/blog.seetal-chile.ch\/it\/wp-json\/wp\/v2\/seetal_chile_poscht\/10835\/revisions"}],"predecessor-version":[{"id":10836,"href":"https:\/\/blog.seetal-chile.ch\/it\/wp-json\/wp\/v2\/seetal_chile_poscht\/10835\/revisions\/10836"}],"wp:attachment":[{"href":"https:\/\/blog.seetal-chile.ch\/it\/wp-json\/wp\/v2\/media?parent=10835"}],"wp:term":[{"taxonomy":"seetal_chile_poscht_ausgabe","embeddable":true,"href":"https:\/\/blog.seetal-chile.ch\/it\/wp-json\/wp\/v2\/seetal_chile_poscht_ausgabe?post=10835"}],"curies":[{"name":"wp","href":"https:\/\/api.w.org\/{rel}","templated":true}]}}

<p>L'8 maggio Meik e Alisa Ramseier hanno dato il benvenuto al loro figlio <strong>Nathan Matthis Ramseier</strong> tra le braccia dell'altro per la prima volta. Johanna ed Helena hanno avuto un fratellino. Auguriamo a tutta la famiglia la benedizione di Dio dal profondo del cuore!</p>



<p><strong>Ruedi Kunz</strong> ha potuto tornare a casa dal suo Creatore e Padre celeste il 21 maggio 2025. Ruedi è stato un pilastro importante della nostra chiesa per molti decenni. Auguriamo a tutti i suoi familiari e amici di sperimentare la vicinanza e il conforto di Dio.</p>



<p><strong>Miriam Oberholzer</strong> è ora responsabile della cucina (ed è anche un membro del team di gestione del bistrot). <strong>Hadassa Zollinger</strong> si è trasferita nella Svizzera centrale dopo essersi sposata. Per questo motivo ha rinunciato al suo ruolo di responsabile del gruppo di vita e di <strong>Steffi Altwegg</strong> si occupa del suo Lifegroup. <strong>Chiara Adamo</strong> si sposta dall'glow Next al team di assistenza all'infanzia. <strong>Andrea Schmid</strong> lascia il team Sisterhood. Nella squadra Zieschtigs-Kafi <strong>Seraina Gugger</strong> il luogo di <strong>Esthi Wildi</strong>. <strong>Barbara Urech</strong> sta terminando il suo impegno nel team di decorazione. Grazie mille per i suoi molti anni di servizio! Un buon inizio nel nuovo ruolo a tutti coloro che stanno per iniziare.</p>



<p><strong>Timon Altwegg</strong> studierà teologia a distanza presso l'IGW di Zurigo a partire dall'autunno 2025. Completerà la parte pratica del programma di studio duale su base volontaria presso l'seetal chile. Il nostro compito è quello di fornirgli un supporto professionale e personale e di pagare il contributo comunitario richiesto dall'IGW per i suoi studi. Stiamo facendo questo anche per Jonas Hauser. Poiché viene pagato con le decime, non incide sul bilancio. Siamo felici quando i giovani si preparano in modo specifico per il servizio nel regno di Dio.</p>
