{"id":11009,"date":"2025-08-29T07:48:39","date_gmt":"2025-08-29T05:48:39","guid":{"rendered":"https:\/\/blog.seetal-chile.ch\/?post_type=seetal_chile_poscht&#038;p=11009"},"modified":"2025-08-29T07:48:39","modified_gmt":"2025-08-29T05:48:39","slug":"infos-zu-personen-25","status":"publish","type":"seetal_chile_poscht","link":"https:\/\/blog.seetal-chile.ch\/it\/seetal_chile_poscht\/infos-zu-personen-25\/","title":{"rendered":"Informazioni sulle persone"},"content":{"rendered":"<p>Negli ultimi due mesi sono nati due secondogeniti:<\/p>\n\n\n\n<ul class=\"wp-block-list\">\n<li>Il 15 luglio 2025 Samuel e Isabelle hanno potuto <strong>Gloor<\/strong> <strong>Elissia Adaja<\/strong> abbracciarla. \u00c8 la sorella di Joana Liara.<\/li>\n\n\n\n<li>Il 4 agosto 2025 \u00e8 arrivata l'ora della nascita di <strong>Finn Friess<\/strong>. I suoi genitori Samuel e Catrina e suo fratello Benaja sono super felici.<\/li>\n<\/ul>\n\n\n\n<p>Auguriamo di cuore alle due famiglie felici tanta gioia, forza, saggezza e tutte le altre benedizioni di Dio.<\/p>\n\n\n\n<p><strong>Michael e Alisa Ramseier<\/strong> hanno cambiato la loro affiliazione da seetal chile a Lenzchile Reinach. Come famiglia, sono diventati parte della Lenzchile pi\u00f9 vicina. Vi ringraziamo per le esperienze condivise e vi mandiamo i nostri migliori auguri!<\/p>\n\n\n\n<p>La linea Kafi-Chnopf \u00e8 di <strong>Nathalie Gloor<\/strong> a <strong>Simona Spichtig<\/strong> sono passati; i nuovi arrivati nel team sono <strong>Salom\u00e9 Wildy<\/strong>, <strong>Samira Fr\u00f6hlich<\/strong>, <strong>Sandra B\u00fchler<\/strong> e <strong>Hanna Pl\u00fcss<\/strong>. I nuovi arrivati nel team glow Next sono <strong>Metin Tung<\/strong> e <strong>Fabienne Hertig. <\/strong>Nuovi arrivati al Kigo <strong>Melina Pariyar,<\/strong> <strong>Debora e Patrick Hugentobler<\/strong>.<\/p>\n\n\n\n<p><strong>Madlene Zingg<\/strong> finisce di lavorare nel team di traduzione e <strong>Simona Spichtig<\/strong> finisce nel Kinderh\u00fceti. Grazie mille a voi due per il tempo e l'impegno che ci avete messo!<\/p>\n\n\n\n<p><strong>Matthias Altwegg<\/strong> sar\u00e0 relatore alla conferenza annuale dell'EGW, che si terr\u00e0 dal 10 al 14 settembre a M\u00fcnchenbuchsee e domenica a Berna (https:\/\/egw.ch\/jahreskonferenz). In quella settimana sar\u00e0 super impegnato con questo lavoro.<\/p>\n\n\n\n<p><strong>C\u00e9dric Br\u00fcgger<\/strong> ha iniziato un corso di formazione continua. Nel programma di sviluppo comunale si occupa della teoria e della pratica dello sviluppo organizzativo. Ci sono sei moduli in totale fino ad agosto 2026.<\/p>","protected":false},"author":4,"featured_media":0,"template":"","seetal_chile_poscht_ausgabe":[104],"class_list":["post-11009","seetal_chile_poscht","type-seetal_chile_poscht","status-publish","hentry","seetal_chile_poscht_ausgabe-seetal-chile-poscht-09-2025-0f6736fd-9ee3-4e88-b516-fd291409ed65"],"acf":[],"_links":{"self":[{"href":"https:\/\/blog.seetal-chile.ch\/it\/wp-json\/wp\/v2\/seetal_chile_poscht\/11009","targetHints":{"allow":["GET"]}}],"collection":[{"href":"https:\/\/blog.seetal-chile.ch\/it\/wp-json\/wp\/v2\/seetal_chile_poscht"}],"about":[{"href":"https:\/\/blog.seetal-chile.ch\/it\/wp-json\/wp\/v2\/types\/seetal_chile_poscht"}],"author":[{"embeddable":true,"href":"https:\/\/blog.seetal-chile.ch\/it\/wp-json\/wp\/v2\/users\/4"}],"version-history":[{"count":1,"href":"https:\/\/blog.seetal-chile.ch\/it\/wp-json\/wp\/v2\/seetal_chile_poscht\/11009\/revisions"}],"predecessor-version":[{"id":11010,"href":"https:\/\/blog.seetal-chile.ch\/it\/wp-json\/wp\/v2\/seetal_chile_poscht\/11009\/revisions\/11010"}],"wp:attachment":[{"href":"https:\/\/blog.seetal-chile.ch\/it\/wp-json\/wp\/v2\/media?parent=11009"}],"wp:term":[{"taxonomy":"seetal_chile_poscht_ausgabe","embeddable":true,"href":"https:\/\/blog.seetal-chile.ch\/it\/wp-json\/wp\/v2\/seetal_chile_poscht_ausgabe?post=11009"}],"curies":[{"name":"wp","href":"https:\/\/api.w.org\/{rel}","templated":true}]}}

<p>Negli ultimi due mesi sono nati due secondogeniti:</p>



<ul class="wp-block-list">
<li>Il 15 luglio 2025 Samuel e Isabelle hanno potuto <strong>Gloor</strong> <strong>Elissia Adaja</strong> abbracciarla. È la sorella di Joana Liara.</li>



<li>Il 4 agosto 2025 è arrivata l'ora della nascita di <strong>Finn Friess</strong>. I suoi genitori Samuel e Catrina e suo fratello Benaja sono super felici.</li>
</ul>



<p>Auguriamo di cuore alle due famiglie felici tanta gioia, forza, saggezza e tutte le altre benedizioni di Dio.</p>



<p><strong>Michael e Alisa Ramseier</strong> hanno cambiato la loro affiliazione da seetal chile a Lenzchile Reinach. Come famiglia, sono diventati parte della Lenzchile più vicina. Vi ringraziamo per le esperienze condivise e vi mandiamo i nostri migliori auguri!</p>



<p>La linea Kafi-Chnopf è di <strong>Nathalie Gloor</strong> a <strong>Simona Spichtig</strong> sono passati; i nuovi arrivati nel team sono <strong>Salomé Wildy</strong>, <strong>Samira Fröhlich</strong>, <strong>Sandra Bühler</strong> e <strong>Hanna Plüss</strong>. I nuovi arrivati nel team glow Next sono <strong>Metin Tung</strong> e <strong>Fabienne Hertig. </strong>Nuovi arrivati al Kigo <strong>Melina Pariyar,</strong> <strong>Debora e Patrick Hugentobler</strong>.</p>



<p><strong>Madlene Zingg</strong> finisce di lavorare nel team di traduzione e <strong>Simona Spichtig</strong> finisce nel Kinderhüeti. Grazie mille a voi due per il tempo e l'impegno che ci avete messo!</p>



<p><strong>Matthias Altwegg</strong> sarà relatore alla conferenza annuale dell'EGW, che si terrà dal 10 al 14 settembre a Münchenbuchsee e domenica a Berna (https://egw.ch/jahreskonferenz). In quella settimana sarà super impegnato con questo lavoro.</p>



<p><strong>Cédric Brügger</strong> ha iniziato un corso di formazione continua. Nel programma di sviluppo comunale si occupa della teoria e della pratica dello sviluppo organizzativo. Ci sono sei moduli in totale fino ad agosto 2026.</p>
