{"id":11175,"date":"2025-10-21T16:38:44","date_gmt":"2025-10-21T14:38:44","guid":{"rendered":"https:\/\/blog.seetal-chile.ch\/?post_type=seetal_chile_poscht&#038;p=11175"},"modified":"2025-10-24T08:45:20","modified_gmt":"2025-10-24T06:45:20","slug":"silas-burgherr-unser-musikverantwortliche","status":"publish","type":"seetal_chile_poscht","link":"https:\/\/blog.seetal-chile.ch\/it\/seetal_chile_poscht\/silas-burgherr-unser-musikverantwortliche\/","title":{"rendered":"Silas Burgherr \u2013 il nuovo responsabile della musica"},"content":{"rendered":"<p>Mi chiamo Silas Burgherr e vivo con mia moglie No\u00eblle (ex Schneider) nel bellissimo centro storico di Lenzburg. Sono cresciuto con i miei cinque fratelli a Reitnau. Sono un carpentiere qualificato e da quasi tre anni lavoro nella falegnameria Doppelpunkt a K\u00f6lliken. Io e No\u00eblle ci siamo sposati nel maggio 2025 e da allora faccio ufficialmente parte della seetal chile.<\/p>\n\n\n\n<p>Da tanti anni la musica \u00e8 una parte importante della mia vita. Sono cresciuto con gli strumenti e la lode e per dieci anni ho suonato attivamente nella mia vecchia chiesa in vari gruppi e band. L'adorazione e la musica sono diventate una mia grande passione e ho capito sempre di pi\u00f9 quanto sia importante la lode nella nostra comunit\u00e0.<\/p>\n\n\n\n<p>Un anno fa ho finito la scuola di discepolato e leadership Acts a Thun, che dura nove mesi e si concentra sull'adorazione e la preghiera. L\u00ec ho imparato un sacco sulla leadership organizzativa e spirituale nelle comunit\u00e0. Pi\u00f9 o meno nello stesso periodo ho fondato una band giovanile con studenti delle scuole superiori nella chiesa regionale di Reitnau, per condividere con loro la mia passione per la musica e promuovere i giovani musicisti nella nostra comunit\u00e0.<\/p>\n\n\n\n<p>Sono davvero contento di poter iniziare a gennaio con diversi compiti nel campo della musica e sono curioso di vedere le opportunit\u00e0, ma anche le sfide, che la musica e la lode possono portare in una comunit\u00e0.<\/p>\n\n\n\n<p>Vedo un sacco di potenziale nella nostra fede comune e nel desiderio di servire e adorare il nostro Dio, ma anche nei musicisti e tecnici talentuosi e motivati e nelle risorse materiali di seetal chile.<\/p>\n\n\n\n<p>Non vedo l'ora di lavorare con voi, di avere scambi aperti e di lodare Dio insieme a tutti voi!<\/p>","protected":false},"author":4,"featured_media":11176,"template":"","seetal_chile_poscht_ausgabe":[106],"class_list":["post-11175","seetal_chile_poscht","type-seetal_chile_poscht","status-publish","has-post-thumbnail","hentry","seetal_chile_poscht_ausgabe-seetal-chile-poscht-11-2025-d6a8ee5e-f883-4a67-b50c-754e92dbf3eb"],"acf":[],"_links":{"self":[{"href":"https:\/\/blog.seetal-chile.ch\/it\/wp-json\/wp\/v2\/seetal_chile_poscht\/11175","targetHints":{"allow":["GET"]}}],"collection":[{"href":"https:\/\/blog.seetal-chile.ch\/it\/wp-json\/wp\/v2\/seetal_chile_poscht"}],"about":[{"href":"https:\/\/blog.seetal-chile.ch\/it\/wp-json\/wp\/v2\/types\/seetal_chile_poscht"}],"author":[{"embeddable":true,"href":"https:\/\/blog.seetal-chile.ch\/it\/wp-json\/wp\/v2\/users\/4"}],"version-history":[{"count":3,"href":"https:\/\/blog.seetal-chile.ch\/it\/wp-json\/wp\/v2\/seetal_chile_poscht\/11175\/revisions"}],"predecessor-version":[{"id":11195,"href":"https:\/\/blog.seetal-chile.ch\/it\/wp-json\/wp\/v2\/seetal_chile_poscht\/11175\/revisions\/11195"}],"wp:featuredmedia":[{"embeddable":true,"href":"https:\/\/blog.seetal-chile.ch\/it\/wp-json\/wp\/v2\/media\/11176"}],"wp:attachment":[{"href":"https:\/\/blog.seetal-chile.ch\/it\/wp-json\/wp\/v2\/media?parent=11175"}],"wp:term":[{"taxonomy":"seetal_chile_poscht_ausgabe","embeddable":true,"href":"https:\/\/blog.seetal-chile.ch\/it\/wp-json\/wp\/v2\/seetal_chile_poscht_ausgabe?post=11175"}],"curies":[{"name":"wp","href":"https:\/\/api.w.org\/{rel}","templated":true}]}}

<p>Mi chiamo Silas Burgherr e vivo con mia moglie Noëlle (ex Schneider) nel bellissimo centro storico di Lenzburg. Sono cresciuto con i miei cinque fratelli a Reitnau. Sono un carpentiere qualificato e da quasi tre anni lavoro nella falegnameria Doppelpunkt a Kölliken. Io e Noëlle ci siamo sposati nel maggio 2025 e da allora faccio ufficialmente parte della seetal chile.</p>



<p>Da tanti anni la musica è una parte importante della mia vita. Sono cresciuto con gli strumenti e la lode e per dieci anni ho suonato attivamente nella mia vecchia chiesa in vari gruppi e band. L'adorazione e la musica sono diventate una mia grande passione e ho capito sempre di più quanto sia importante la lode nella nostra comunità.</p>



<p>Un anno fa ho finito la scuola di discepolato e leadership Acts a Thun, che dura nove mesi e si concentra sull'adorazione e la preghiera. Lì ho imparato un sacco sulla leadership organizzativa e spirituale nelle comunità. Più o meno nello stesso periodo ho fondato una band giovanile con studenti delle scuole superiori nella chiesa regionale di Reitnau, per condividere con loro la mia passione per la musica e promuovere i giovani musicisti nella nostra comunità.</p>



<p>Sono davvero contento di poter iniziare a gennaio con diversi compiti nel campo della musica e sono curioso di vedere le opportunità, ma anche le sfide, che la musica e la lode possono portare in una comunità.</p>



<p>Vedo un sacco di potenziale nella nostra fede comune e nel desiderio di servire e adorare il nostro Dio, ma anche nei musicisti e tecnici talentuosi e motivati e nelle risorse materiali di seetal chile.</p>



<p>Non vedo l'ora di lavorare con voi, di avere scambi aperti e di lodare Dio insieme a tutti voi!</p>
