{"id":11602,"date":"2026-02-27T07:45:09","date_gmt":"2026-02-27T06:45:09","guid":{"rendered":"https:\/\/blog.seetal-chile.ch\/?post_type=seetal_chile_poscht&#038;p=11602"},"modified":"2026-02-27T07:45:10","modified_gmt":"2026-02-27T06:45:10","slug":"fuer-die-agenda-47","status":"publish","type":"seetal_chile_poscht","link":"https:\/\/blog.seetal-chile.ch\/it\/seetal_chile_poscht\/fuer-die-agenda-47\/","title":{"rendered":"Per l'ordine del giorno"},"content":{"rendered":"<p>A <strong>11 marzo alle 19:30<\/strong> un altro <strong>serata d'impulso regionale <\/strong>nella Lenzokirche di Lenzburg. In linea con il motto dell'anno (\u00ab<em>Dio dice: \"Sto creando un nuovo cielo e una nuova terra\".<\/em>\u00bb) affronteremo i temi del futuro. Il nostro relatore sar\u00e0 il dottor Stefan Wenger.<\/p>\n\n\n\n<p>Am Tag nach Ferienplausch und Teens Event, <strong>am 18. April, findet von 8:00 bis 12:00 Uhr <\/strong>die Grundreinigung unserer R\u00e4umlichkeiten statt. Wenn wir die riesige Arbeit auf viele Leute aufteilen k\u00f6nnen, kann dies sogar etwas Spass machen! Bereits beim anschliessenden gemeinsamen Mittagessen sind jeweils alle Strapazen vergessen. \ud83d\ude09<\/p>\n\n\n\n<p>Da <strong>23-25 maggio<\/strong> siamo tutta la comunit\u00e0 di Bad Schussenried. Il <strong>Weekend della comunit\u00e0 <\/strong>sul tema \u00ab<em>koinonia - vivere (sperimentare) la fede insieme<\/em>\u00bb bietet hervorragende M\u00f6glichkeiten, um miteinander und mit Gott in Beziehung zu kommen. Die Anmeldung ist ab sofort \u00fcber den Blog m\u00f6glich.<\/p>\n\n\n\n<p>Da <strong>Dal 30 agosto al 5 settembre 2026<\/strong> Insieme al tour operator Surprise e a due delle nostre Viva Kirchen vicine (Beinwil am See e Reinach), stiamo organizzando un <strong>Interessante settimana di vacanza per 60+ nel bellissimo Tirolo<\/strong> attraverso. Puoi trovare tutte le informazioni di cui hai bisogno sul nostro blog!<\/p>","protected":false},"author":4,"featured_media":0,"template":"","seetal_chile_poscht_ausgabe":[110],"class_list":["post-11602","seetal_chile_poscht","type-seetal_chile_poscht","status-publish","hentry","seetal_chile_poscht_ausgabe-seetal-chile-poscht-03-2026-0cdef7cc-9aa7-4d3b-9332-3afc940ec601"],"acf":[],"_links":{"self":[{"href":"https:\/\/blog.seetal-chile.ch\/it\/wp-json\/wp\/v2\/seetal_chile_poscht\/11602","targetHints":{"allow":["GET"]}}],"collection":[{"href":"https:\/\/blog.seetal-chile.ch\/it\/wp-json\/wp\/v2\/seetal_chile_poscht"}],"about":[{"href":"https:\/\/blog.seetal-chile.ch\/it\/wp-json\/wp\/v2\/types\/seetal_chile_poscht"}],"author":[{"embeddable":true,"href":"https:\/\/blog.seetal-chile.ch\/it\/wp-json\/wp\/v2\/users\/4"}],"version-history":[{"count":1,"href":"https:\/\/blog.seetal-chile.ch\/it\/wp-json\/wp\/v2\/seetal_chile_poscht\/11602\/revisions"}],"predecessor-version":[{"id":11603,"href":"https:\/\/blog.seetal-chile.ch\/it\/wp-json\/wp\/v2\/seetal_chile_poscht\/11602\/revisions\/11603"}],"wp:attachment":[{"href":"https:\/\/blog.seetal-chile.ch\/it\/wp-json\/wp\/v2\/media?parent=11602"}],"wp:term":[{"taxonomy":"seetal_chile_poscht_ausgabe","embeddable":true,"href":"https:\/\/blog.seetal-chile.ch\/it\/wp-json\/wp\/v2\/seetal_chile_poscht_ausgabe?post=11602"}],"curies":[{"name":"wp","href":"https:\/\/api.w.org\/{rel}","templated":true}]}}

<p>A <strong>11 marzo alle 19:30</strong> un altro <strong>serata d'impulso regionale </strong>nella Lenzokirche di Lenzburg. In linea con il motto dell'anno («<em>Dio dice: "Sto creando un nuovo cielo e una nuova terra".</em>») affronteremo i temi del futuro. Il nostro relatore sarà il dottor Stefan Wenger.</p>



<p>Am Tag nach Ferienplausch und Teens Event, <strong>am 18. April, findet von 8:00 bis 12:00 Uhr </strong>die Grundreinigung unserer Räumlichkeiten statt. Wenn wir die riesige Arbeit auf viele Leute aufteilen können, kann dies sogar etwas Spass machen! Bereits beim anschliessenden gemeinsamen Mittagessen sind jeweils alle Strapazen vergessen. 😉</p>



<p>Da <strong>23-25 maggio</strong> siamo tutta la comunità di Bad Schussenried. Il <strong>Weekend della comunità </strong>sul tema «<em>koinonia - vivere (sperimentare) la fede insieme</em>» bietet hervorragende Möglichkeiten, um miteinander und mit Gott in Beziehung zu kommen. Die Anmeldung ist ab sofort über den Blog möglich.</p>



<p>Da <strong>Dal 30 agosto al 5 settembre 2026</strong> Insieme al tour operator Surprise e a due delle nostre Viva Kirchen vicine (Beinwil am See e Reinach), stiamo organizzando un <strong>Interessante settimana di vacanza per 60+ nel bellissimo Tirolo</strong> attraverso. Puoi trovare tutte le informazioni di cui hai bisogno sul nostro blog!</p>
