{"id":11616,"date":"2026-02-27T07:52:07","date_gmt":"2026-02-27T06:52:07","guid":{"rendered":"https:\/\/blog.seetal-chile.ch\/?post_type=seetal_chile_poscht&#038;p=11616"},"modified":"2026-02-27T07:52:08","modified_gmt":"2026-02-27T06:52:08","slug":"liebe-freunde-der-seetal-chile-48","status":"publish","type":"seetal_chile_poscht","link":"https:\/\/blog.seetal-chile.ch\/it\/seetal_chile_poscht\/liebe-freunde-der-seetal-chile-48\/","title":{"rendered":"Cari amici di seetal chile"},"content":{"rendered":"<p>Einfach. Leise. Gegenw\u00e4rtig.<\/p>\n\n\n\n<p>In unserer aktuellen Familiensituation mit drei kleinen Jungs begegnen mir vor allem zwei der obgenannten Dinge \u2013 eines fehlt komplett. Immer wieder wird es einfacher: In der Aktivit\u00e4t, in der Men\u00fcwahl, in allem, was wir tun, schrauben wir unsere Erwartungen immer wieder runter. Dies bedeutet jedoch nicht, dass unser Alltag weniger komplex ist.<\/p>\n\n\n\n<p>Da unsere Kinder oft unsere volle Aufmerksamkeit beanspruchen, sind wir jede Minute gegenw\u00e4rtig. Und sind wir es einmal nicht, werden wir sofort daran erinnert, was unsere erste Priorit\u00e4t ist: \u00abPapa\u2026\u00bb. So gegenw\u00e4rtig wir momentan sind, so schwerer f\u00e4llt es mir, in Gottes Gegenwart zu kommen.<\/p>\n\n\n\n<p>Wie gesagt, eines fehlt in unserem Alltag vollst\u00e4ndig \u2013 es ist alles andere als leise. Kehrt am Abend Ruhe ein, bedeutet dies noch lange nicht, dass es auch in uns still wird.<\/p>\n\n\n\n<p>Daher gilt es, immer wieder Oasen bewusst in unseren Alltag einzubauen \u2013 Oasen, die Begegnung mit Gott m\u00f6glich machen. Mir pers\u00f6nlich hat die Auseinandersetzung mit dem Thema Fasten genau dies gebracht: eine Oase. In der aktuellen Fasten- und Gebetszeit vor Ostern m\u00f6chte ich weiter eintauchen und das w\u00f6chentliche Fasten ein\u00fcben. Ich verzichte einen Tag pro Woche auf zwei Mahlzeiten und nutze diese Zeiten, um Gott zu begegnen \u2013 im Gebet, im Sein vor ihm, im Musikh\u00f6ren, im Bestaunen seiner Sch\u00f6pfung oder im Eintauchen in sein Wort. Es ist mein Versuch, mehr Einfachheit, weniger Geschwindigkeit und mehr Pr\u00e4senz in Gottes Gegenwart in meine Woche zu bringen.<\/p>\n\n\n\n<p>Wie sieht es mit dir aus? Was macht die Einladung&nbsp;<em>\u00abSii tranquillo e riconosci che io sono Dio!\u00bb.\u00bb&nbsp;<\/em>(Psalm 46,11a) mit dir? In mir weckt sie die Sehnsucht nach mehr Oasenzeiten im Alltag \u2013 Zeiten, die sich unterscheiden. Zeiten, in denen ich nichts leisten muss, sondern einfach sein darf. Zeiten, um Gott zu bestaunen und anzubeten. Dabei geht es mir nicht mehr um den Verzicht auf Essen, sondern um den Gewinn an Zeit mit Gott. Wie und wo ziehst du dich aus der Hektik des Alltags zur\u00fcck, um mehr in Gottes Gegenwart zu kommen? Sehr gerne w\u00fcrde ich davon h\u00f6ren \u2013 erz\u00e4hle es mir oder schreibe mir eine Nachricht.<\/p>","protected":false},"author":41,"featured_media":0,"template":"","seetal_chile_poscht_ausgabe":[110],"class_list":["post-11616","seetal_chile_poscht","type-seetal_chile_poscht","status-publish","hentry","seetal_chile_poscht_ausgabe-seetal-chile-poscht-03-2026-0cdef7cc-9aa7-4d3b-9332-3afc940ec601"],"acf":[],"_links":{"self":[{"href":"https:\/\/blog.seetal-chile.ch\/it\/wp-json\/wp\/v2\/seetal_chile_poscht\/11616","targetHints":{"allow":["GET"]}}],"collection":[{"href":"https:\/\/blog.seetal-chile.ch\/it\/wp-json\/wp\/v2\/seetal_chile_poscht"}],"about":[{"href":"https:\/\/blog.seetal-chile.ch\/it\/wp-json\/wp\/v2\/types\/seetal_chile_poscht"}],"author":[{"embeddable":true,"href":"https:\/\/blog.seetal-chile.ch\/it\/wp-json\/wp\/v2\/users\/41"}],"version-history":[{"count":1,"href":"https:\/\/blog.seetal-chile.ch\/it\/wp-json\/wp\/v2\/seetal_chile_poscht\/11616\/revisions"}],"predecessor-version":[{"id":11617,"href":"https:\/\/blog.seetal-chile.ch\/it\/wp-json\/wp\/v2\/seetal_chile_poscht\/11616\/revisions\/11617"}],"wp:attachment":[{"href":"https:\/\/blog.seetal-chile.ch\/it\/wp-json\/wp\/v2\/media?parent=11616"}],"wp:term":[{"taxonomy":"seetal_chile_poscht_ausgabe","embeddable":true,"href":"https:\/\/blog.seetal-chile.ch\/it\/wp-json\/wp\/v2\/seetal_chile_poscht_ausgabe?post=11616"}],"curies":[{"name":"wp","href":"https:\/\/api.w.org\/{rel}","templated":true}]}}

<p>Einfach. Leise. Gegenwärtig.</p>



<p>In unserer aktuellen Familiensituation mit drei kleinen Jungs begegnen mir vor allem zwei der obgenannten Dinge – eines fehlt komplett. Immer wieder wird es einfacher: In der Aktivität, in der Menüwahl, in allem, was wir tun, schrauben wir unsere Erwartungen immer wieder runter. Dies bedeutet jedoch nicht, dass unser Alltag weniger komplex ist.</p>



<p>Da unsere Kinder oft unsere volle Aufmerksamkeit beanspruchen, sind wir jede Minute gegenwärtig. Und sind wir es einmal nicht, werden wir sofort daran erinnert, was unsere erste Priorität ist: «Papa…». So gegenwärtig wir momentan sind, so schwerer fällt es mir, in Gottes Gegenwart zu kommen.</p>



<p>Wie gesagt, eines fehlt in unserem Alltag vollständig – es ist alles andere als leise. Kehrt am Abend Ruhe ein, bedeutet dies noch lange nicht, dass es auch in uns still wird.</p>



<p>Daher gilt es, immer wieder Oasen bewusst in unseren Alltag einzubauen – Oasen, die Begegnung mit Gott möglich machen. Mir persönlich hat die Auseinandersetzung mit dem Thema Fasten genau dies gebracht: eine Oase. In der aktuellen Fasten- und Gebetszeit vor Ostern möchte ich weiter eintauchen und das wöchentliche Fasten einüben. Ich verzichte einen Tag pro Woche auf zwei Mahlzeiten und nutze diese Zeiten, um Gott zu begegnen – im Gebet, im Sein vor ihm, im Musikhören, im Bestaunen seiner Schöpfung oder im Eintauchen in sein Wort. Es ist mein Versuch, mehr Einfachheit, weniger Geschwindigkeit und mehr Präsenz in Gottes Gegenwart in meine Woche zu bringen.</p>



<p>Wie sieht es mit dir aus? Was macht die Einladung&nbsp;<em>«Sii tranquillo e riconosci che io sono Dio!».»&nbsp;</em>(Psalm 46,11a) mit dir? In mir weckt sie die Sehnsucht nach mehr Oasenzeiten im Alltag – Zeiten, die sich unterscheiden. Zeiten, in denen ich nichts leisten muss, sondern einfach sein darf. Zeiten, um Gott zu bestaunen und anzubeten. Dabei geht es mir nicht mehr um den Verzicht auf Essen, sondern um den Gewinn an Zeit mit Gott. Wie und wo ziehst du dich aus der Hektik des Alltags zurück, um mehr in Gottes Gegenwart zu kommen? Sehr gerne würde ich davon hören – erzähle es mir oder schreibe mir eine Nachricht.</p>
