{"id":6077,"date":"2021-12-26T11:10:51","date_gmt":"2021-12-26T11:10:51","guid":{"rendered":"https:\/\/blog.seetal-chile.ch\/?post_type=seetal_chile_poscht&#038;p=6077"},"modified":"2021-12-26T11:13:23","modified_gmt":"2021-12-26T11:13:23","slug":"neuland-kirche","status":"publish","type":"seetal_chile_poscht","link":"https:\/\/blog.seetal-chile.ch\/it\/seetal_chile_poscht\/neuland-kirche\/","title":{"rendered":"Chiesa del nuovo territorio"},"content":{"rendered":"<p>Qualche tempo fa, il pastore della Chiesa di Neuland (ex: Chrischona Buchs ZH) ci ha contattato con una domanda. Voleva sapere se potevano partecipare come chiesa intera a un servizio seetal chile via livestream una volta al mese da gennaio a luglio 2022. La Chiesa di Neuland \u00e8 una chiesa dinamica che sta per intraprendere un importante progetto edilizio. Purtroppo, per\u00f2, sta vivendo un momento difficile in termini di personale, poich\u00e9 il pastore principale ha dovuto riorientarsi professionalmente per motivi personali. Come abbiamo spiegato nell'ultimo numero, crediamo che Dio ci abbia affidato molti talenti da gestire attraverso il nostro livestream. Pertanto, siamo felici quando possiamo servire gli altri con questo strumento. Affinch\u00e9 questa non diventi una storia completamente unilaterale, vogliamo organizzare consapevolmente questi servizi insieme. Ci\u00f2 significa che al primo servizio del 9 gennaio, Doro Kr\u00f6ker (pastore) rappresenter\u00e0 la Chiesa di Neuland. Sono in fase di pianificazione ulteriori incarichi di \"Neul\u00e4nder\" come la banda e la co-moderazione. Non vediamo l'ora di partecipare a questi servizi comuni e siamo convinti che anche noi saremo benedetti da questa collaborazione.<\/p>","protected":false},"author":4,"featured_media":0,"template":"","seetal_chile_poscht_ausgabe":[],"class_list":["post-6077","seetal_chile_poscht","type-seetal_chile_poscht","status-publish","hentry"],"acf":[],"_links":{"self":[{"href":"https:\/\/blog.seetal-chile.ch\/it\/wp-json\/wp\/v2\/seetal_chile_poscht\/6077","targetHints":{"allow":["GET"]}}],"collection":[{"href":"https:\/\/blog.seetal-chile.ch\/it\/wp-json\/wp\/v2\/seetal_chile_poscht"}],"about":[{"href":"https:\/\/blog.seetal-chile.ch\/it\/wp-json\/wp\/v2\/types\/seetal_chile_poscht"}],"author":[{"embeddable":true,"href":"https:\/\/blog.seetal-chile.ch\/it\/wp-json\/wp\/v2\/users\/4"}],"version-history":[{"count":0,"href":"https:\/\/blog.seetal-chile.ch\/it\/wp-json\/wp\/v2\/seetal_chile_poscht\/6077\/revisions"}],"wp:attachment":[{"href":"https:\/\/blog.seetal-chile.ch\/it\/wp-json\/wp\/v2\/media?parent=6077"}],"wp:term":[{"taxonomy":"seetal_chile_poscht_ausgabe","embeddable":true,"href":"https:\/\/blog.seetal-chile.ch\/it\/wp-json\/wp\/v2\/seetal_chile_poscht_ausgabe?post=6077"}],"curies":[{"name":"wp","href":"https:\/\/api.w.org\/{rel}","templated":true}]}}

<p>Qualche tempo fa, il pastore della Chiesa di Neuland (ex: Chrischona Buchs ZH) ci ha contattato con una domanda. Voleva sapere se potevano partecipare come chiesa intera a un servizio seetal chile via livestream una volta al mese da gennaio a luglio 2022. La Chiesa di Neuland è una chiesa dinamica che sta per intraprendere un importante progetto edilizio. Purtroppo, però, sta vivendo un momento difficile in termini di personale, poiché il pastore principale ha dovuto riorientarsi professionalmente per motivi personali. Come abbiamo spiegato nell'ultimo numero, crediamo che Dio ci abbia affidato molti talenti da gestire attraverso il nostro livestream. Pertanto, siamo felici quando possiamo servire gli altri con questo strumento. Affinché questa non diventi una storia completamente unilaterale, vogliamo organizzare consapevolmente questi servizi insieme. Ciò significa che al primo servizio del 9 gennaio, Doro Kröker (pastore) rappresenterà la Chiesa di Neuland. Sono in fase di pianificazione ulteriori incarichi di "Neuländer" come la banda e la co-moderazione. Non vediamo l'ora di partecipare a questi servizi comuni e siamo convinti che anche noi saremo benedetti da questa collaborazione.</p>
