{"id":7830,"date":"2023-01-24T16:02:39","date_gmt":"2023-01-24T16:02:39","guid":{"rendered":"https:\/\/blog.seetal-chile.ch\/?post_type=seetal_chile_poscht&#038;p=7830"},"modified":"2023-01-24T16:02:39","modified_gmt":"2023-01-24T16:02:39","slug":"liebe-freunde-der-seetal-chile-38","status":"publish","type":"seetal_chile_poscht","link":"https:\/\/blog.seetal-chile.ch\/it\/seetal_chile_poscht\/liebe-freunde-der-seetal-chile-38\/","title":{"rendered":"Cari amici di seetal chile"},"content":{"rendered":"<p>Nel frattempo ho partecipato ad alcuni campi, ma il campo invernale di quest'anno si \u00e8 distinto in modo particolare. Il motto del campo di quest'anno era \"Ritorno alle radici\". L'obiettivo era quello di tornare alle radici, alle fondamenta della nostra fede, anche negli elementi spirituali del campo. La prima sera abbiamo iniziato con una canzone con il ritornello \"Bi eus chunnt Jesus zerscht!\". Il mio desiderio interiore era che questo ritornello permeasse il campo e che gli adolescenti non solo lo cantassero, ma ne fossero anche testimoni - e quello che \u00e8 successo nei giorni successivi \u00e8 andato oltre ogni immaginazione.<\/p>\n\n\n\n<p>Durante il culto, ogni due sere, c'era la possibilit\u00e0 di pregare. Questa possibilit\u00e0 \u00e8 stata sfruttata attivamente, tanto che circa 15-20 persone hanno approfittato della preghiera ogni sera! Alcuni adolescenti hanno condiviso per la prima volta i loro sentimenti pi\u00f9 profondi. Dopo la prima serata, io e un altro leader ci siamo trovati insieme e ci siamo detti: \"Che cosa \u00e8 successo?\". Eravamo completamente sopraffatti dal fatto che cos\u00ec tanti giovani stessero pregando, portando alla luce le cose per la prima volta e adorando Dio con tutto il loro cuore. Non potevamo fare a meno di ringraziare e lodare Dio.<\/p>\n\n\n\n<p>Come ti sembra tutto questo? S\u00ec, se devo essere del tutto sincero, mi sembra anche un po' troppo spirituale, troppo pio, semplicemente troppo incredibile per me e s\u00ec, \"come pastore devi scrivere cos\u00ec!\". Mi rendo anche conto che dopo un solo mese mi sto gi\u00e0 chiedendo: \"Ma \u00e8 successo davvero?\". Ma \u00e8 successo anche qualcos'altro. Ho fame di altro. Una fame di cielo che si apra e cambi la vita di tutti noi cos\u00ec tanto da non poter fare a meno di cantare \"Bi eus chunnt Jesus zerscht!\". E tu? Anche tu hai fame di sperimentare di pi\u00f9? Perch\u00e9 <em>\"[...] dove c'\u00e8 lo Spirito del Signore, c'\u00e8 libert\u00e0\".<\/em> (2 Corinzi 3:17).<\/p>\n\n\n\n<p>Per quanto mi riguarda, non voglio smettere di pregare con questa aspettativa. Perch\u00e9 non possiamo fare incontri con Dio, possiamo solo chiederli.<\/p>","protected":false},"author":41,"featured_media":0,"template":"","seetal_chile_poscht_ausgabe":[],"class_list":["post-7830","seetal_chile_poscht","type-seetal_chile_poscht","status-publish","hentry"],"acf":[],"_links":{"self":[{"href":"https:\/\/blog.seetal-chile.ch\/it\/wp-json\/wp\/v2\/seetal_chile_poscht\/7830","targetHints":{"allow":["GET"]}}],"collection":[{"href":"https:\/\/blog.seetal-chile.ch\/it\/wp-json\/wp\/v2\/seetal_chile_poscht"}],"about":[{"href":"https:\/\/blog.seetal-chile.ch\/it\/wp-json\/wp\/v2\/types\/seetal_chile_poscht"}],"author":[{"embeddable":true,"href":"https:\/\/blog.seetal-chile.ch\/it\/wp-json\/wp\/v2\/users\/41"}],"version-history":[{"count":0,"href":"https:\/\/blog.seetal-chile.ch\/it\/wp-json\/wp\/v2\/seetal_chile_poscht\/7830\/revisions"}],"wp:attachment":[{"href":"https:\/\/blog.seetal-chile.ch\/it\/wp-json\/wp\/v2\/media?parent=7830"}],"wp:term":[{"taxonomy":"seetal_chile_poscht_ausgabe","embeddable":true,"href":"https:\/\/blog.seetal-chile.ch\/it\/wp-json\/wp\/v2\/seetal_chile_poscht_ausgabe?post=7830"}],"curies":[{"name":"wp","href":"https:\/\/api.w.org\/{rel}","templated":true}]}}

<p>Nel frattempo ho partecipato ad alcuni campi, ma il campo invernale di quest'anno si è distinto in modo particolare. Il motto del campo di quest'anno era "Ritorno alle radici". L'obiettivo era quello di tornare alle radici, alle fondamenta della nostra fede, anche negli elementi spirituali del campo. La prima sera abbiamo iniziato con una canzone con il ritornello "Bi eus chunnt Jesus zerscht!". Il mio desiderio interiore era che questo ritornello permeasse il campo e che gli adolescenti non solo lo cantassero, ma ne fossero anche testimoni - e quello che è successo nei giorni successivi è andato oltre ogni immaginazione.</p>



<p>Durante il culto, ogni due sere, c'era la possibilità di pregare. Questa possibilità è stata sfruttata attivamente, tanto che circa 15-20 persone hanno approfittato della preghiera ogni sera! Alcuni adolescenti hanno condiviso per la prima volta i loro sentimenti più profondi. Dopo la prima serata, io e un altro leader ci siamo trovati insieme e ci siamo detti: "Che cosa è successo?". Eravamo completamente sopraffatti dal fatto che così tanti giovani stessero pregando, portando alla luce le cose per la prima volta e adorando Dio con tutto il loro cuore. Non potevamo fare a meno di ringraziare e lodare Dio.</p>



<p>Come ti sembra tutto questo? Sì, se devo essere del tutto sincero, mi sembra anche un po' troppo spirituale, troppo pio, semplicemente troppo incredibile per me e sì, "come pastore devi scrivere così!". Mi rendo anche conto che dopo un solo mese mi sto già chiedendo: "Ma è successo davvero?". Ma è successo anche qualcos'altro. Ho fame di altro. Una fame di cielo che si apra e cambi la vita di tutti noi così tanto da non poter fare a meno di cantare "Bi eus chunnt Jesus zerscht!". E tu? Anche tu hai fame di sperimentare di più? Perché <em>"[...] dove c'è lo Spirito del Signore, c'è libertà".</em> (2 Corinzi 3:17).</p>



<p>Per quanto mi riguarda, non voglio smettere di pregare con questa aspettativa. Perché non possiamo fare incontri con Dio, possiamo solo chiederli.</p>
