{"id":8328,"date":"2023-04-28T06:48:13","date_gmt":"2023-04-28T06:48:13","guid":{"rendered":"https:\/\/blog.seetal-chile.ch\/?post_type=seetal_chile_poscht&#038;p=8328"},"modified":"2023-04-28T06:58:01","modified_gmt":"2023-04-28T06:58:01","slug":"infos-in-aller-kuerze-40","status":"publish","type":"seetal_chile_poscht","link":"https:\/\/blog.seetal-chile.ch\/it\/seetal_chile_poscht\/infos-in-aller-kuerze-40\/","title":{"rendered":"Informazioni in breve"},"content":{"rendered":"<p>In un'e-mail settimanale \u00e8 stato annunciato che in futuro <strong>nell'seetal chile<\/strong> qualcuno con un <strong>Cani da assistenza<\/strong> apparir\u00e0. Siamo felici di poter permettere a questa persona di partecipare nuovamente alla nostra comunit\u00e0.<\/p>\n\n\n\n<p><strong>Tutti i sermoni sono coperti durante il timeout di Matthias Altwegg.<\/strong> Oltre ai noti sostituti (Daniel Bieri e Bernhard Hohl), ci sono due persone che predicheranno per la prima volta nel seetal chile. Si tratta di Nelia Roth e Harry Graf. Inoltre, il nostro leader regionale Christian Seitz e Ren\u00e9 Winkler del tsc (Seminario Teologico di Chrischona) predicheranno una volta ciascuno. Il resto sar\u00e0 coperto dal nostro pastore C\u00e9dric Br\u00fcgger. Anche in ufficio riceviamo un supporto qualificato da una \"vecchia conoscenza\". Melanie Meier aiuta generosamente il team dell'ufficio nella gestione quotidiana dell'ufficio su base volontaria. Siamo molto grati per questa grande soluzione.<\/p>\n\n\n\n<p>Dal gruppo di lavoro <strong>\"Situazioni di vita diverse\"<\/strong> \u00e8 emerso il desiderio di offrire alle persone maggiori opportunit\u00e0 di fare rete tra loro e di rimuovere le barriere che impediscono di farlo. A maggio, nell'area di <em>info egge<\/em> \u00e8 stato creato un punto di contatto. Maggiori informazioni sull'effettiva implementazione seguiranno in un blog separato.<\/p>","protected":false},"author":41,"featured_media":0,"template":"","seetal_chile_poscht_ausgabe":[],"class_list":["post-8328","seetal_chile_poscht","type-seetal_chile_poscht","status-publish","hentry"],"acf":[],"_links":{"self":[{"href":"https:\/\/blog.seetal-chile.ch\/it\/wp-json\/wp\/v2\/seetal_chile_poscht\/8328","targetHints":{"allow":["GET"]}}],"collection":[{"href":"https:\/\/blog.seetal-chile.ch\/it\/wp-json\/wp\/v2\/seetal_chile_poscht"}],"about":[{"href":"https:\/\/blog.seetal-chile.ch\/it\/wp-json\/wp\/v2\/types\/seetal_chile_poscht"}],"author":[{"embeddable":true,"href":"https:\/\/blog.seetal-chile.ch\/it\/wp-json\/wp\/v2\/users\/41"}],"version-history":[{"count":3,"href":"https:\/\/blog.seetal-chile.ch\/it\/wp-json\/wp\/v2\/seetal_chile_poscht\/8328\/revisions"}],"predecessor-version":[{"id":8345,"href":"https:\/\/blog.seetal-chile.ch\/it\/wp-json\/wp\/v2\/seetal_chile_poscht\/8328\/revisions\/8345"}],"wp:attachment":[{"href":"https:\/\/blog.seetal-chile.ch\/it\/wp-json\/wp\/v2\/media?parent=8328"}],"wp:term":[{"taxonomy":"seetal_chile_poscht_ausgabe","embeddable":true,"href":"https:\/\/blog.seetal-chile.ch\/it\/wp-json\/wp\/v2\/seetal_chile_poscht_ausgabe?post=8328"}],"curies":[{"name":"wp","href":"https:\/\/api.w.org\/{rel}","templated":true}]}}

<p>In un'e-mail settimanale è stato annunciato che in futuro <strong>nell'seetal chile</strong> qualcuno con un <strong>Cani da assistenza</strong> apparirà. Siamo felici di poter permettere a questa persona di partecipare nuovamente alla nostra comunità.</p>



<p><strong>Tutti i sermoni sono coperti durante il timeout di Matthias Altwegg.</strong> Oltre ai noti sostituti (Daniel Bieri e Bernhard Hohl), ci sono due persone che predicheranno per la prima volta nel seetal chile. Si tratta di Nelia Roth e Harry Graf. Inoltre, il nostro leader regionale Christian Seitz e René Winkler del tsc (Seminario Teologico di Chrischona) predicheranno una volta ciascuno. Il resto sarà coperto dal nostro pastore Cédric Brügger. Anche in ufficio riceviamo un supporto qualificato da una "vecchia conoscenza". Melanie Meier aiuta generosamente il team dell'ufficio nella gestione quotidiana dell'ufficio su base volontaria. Siamo molto grati per questa grande soluzione.</p>



<p>Dal gruppo di lavoro <strong>"Situazioni di vita diverse"</strong> è emerso il desiderio di offrire alle persone maggiori opportunità di fare rete tra loro e di rimuovere le barriere che impediscono di farlo. A maggio, nell'area di <em>info egge</em> è stato creato un punto di contatto. Maggiori informazioni sull'effettiva implementazione seguiranno in un blog separato.</p>
