{"id":8673,"date":"2023-05-26T09:10:57","date_gmt":"2023-05-26T09:10:57","guid":{"rendered":"https:\/\/blog.seetal-chile.ch\/?post_type=seetal_chile_poscht&#038;p=8673"},"modified":"2023-05-26T09:10:57","modified_gmt":"2023-05-26T09:10:57","slug":"infos-zu-personen","status":"publish","type":"seetal_chile_poscht","link":"https:\/\/blog.seetal-chile.ch\/it\/seetal_chile_poscht\/infos-zu-personen\/","title":{"rendered":"Informazioni sulle persone"},"content":{"rendered":"<p>Luned\u00ec 15 maggio <strong>Mae L\u00fcscher<\/strong> nel mondo. Auguriamo ai genitori, Stefanie e Thomas con Lia e Sarai, una ricca benedizione di Dio e un buon inizio di vita familiare per tutti e cinque!<\/p>\n\n\n\n<p><strong>Anette e Beni Brugger <\/strong>e <strong>Tamara e Stefan R\u00f6thlisberger<\/strong> richiedere l'adesione all'seetal chile. Ne siamo lieti e quindi apriamo il periodo di obiezione di 30 giorni per i membri.<\/p>\n\n\n\n<p><strong>Hadassa Binggeli<\/strong> inizier\u00e0 a lavorare come responsabile dei gruppi di vita in estate. <strong>Daniel R\u00fcegger<\/strong> ha assunto la funzione di property manager per <strong>Mats Staehelin<\/strong> e ora \u00e8 a capo del team di manutenzione degli edifici e responsabile di tutte le questioni relative ai nostri edifici. <strong>Roger Zingg <\/strong>\u00e8 disponibile per la posizione di responsabile della sicurezza. In questo ruolo, \u00e8 responsabile del rispetto di un'ampia gamma di normative e ha l'autorit\u00e0 di impartire istruzioni in questi casi, per il bene della nostra sicurezza. Auguriamo a tutti voi un buon inizio e tanto vigore per il vostro lavoro. Grazie!<\/p>\n\n\n\n<p><strong>Sandro Merz<\/strong> e <strong>Ruedi Sommer<\/strong> termineranno il loro coinvolgimento nel team di manutenzione dell'edificio nel corso dell'anno. Ti ringraziamo molto per il tempo e le conoscenze con cui hai sostenuto il team.<\/p>","protected":false},"author":41,"featured_media":0,"template":"","seetal_chile_poscht_ausgabe":[],"class_list":["post-8673","seetal_chile_poscht","type-seetal_chile_poscht","status-publish","hentry"],"acf":[],"_links":{"self":[{"href":"https:\/\/blog.seetal-chile.ch\/it\/wp-json\/wp\/v2\/seetal_chile_poscht\/8673","targetHints":{"allow":["GET"]}}],"collection":[{"href":"https:\/\/blog.seetal-chile.ch\/it\/wp-json\/wp\/v2\/seetal_chile_poscht"}],"about":[{"href":"https:\/\/blog.seetal-chile.ch\/it\/wp-json\/wp\/v2\/types\/seetal_chile_poscht"}],"author":[{"embeddable":true,"href":"https:\/\/blog.seetal-chile.ch\/it\/wp-json\/wp\/v2\/users\/41"}],"version-history":[{"count":2,"href":"https:\/\/blog.seetal-chile.ch\/it\/wp-json\/wp\/v2\/seetal_chile_poscht\/8673\/revisions"}],"predecessor-version":[{"id":8675,"href":"https:\/\/blog.seetal-chile.ch\/it\/wp-json\/wp\/v2\/seetal_chile_poscht\/8673\/revisions\/8675"}],"wp:attachment":[{"href":"https:\/\/blog.seetal-chile.ch\/it\/wp-json\/wp\/v2\/media?parent=8673"}],"wp:term":[{"taxonomy":"seetal_chile_poscht_ausgabe","embeddable":true,"href":"https:\/\/blog.seetal-chile.ch\/it\/wp-json\/wp\/v2\/seetal_chile_poscht_ausgabe?post=8673"}],"curies":[{"name":"wp","href":"https:\/\/api.w.org\/{rel}","templated":true}]}}

<p>Lunedì 15 maggio <strong>Mae Lüscher</strong> nel mondo. Auguriamo ai genitori, Stefanie e Thomas con Lia e Sarai, una ricca benedizione di Dio e un buon inizio di vita familiare per tutti e cinque!</p>



<p><strong>Anette e Beni Brugger </strong>e <strong>Tamara e Stefan Röthlisberger</strong> richiedere l'adesione all'seetal chile. Ne siamo lieti e quindi apriamo il periodo di obiezione di 30 giorni per i membri.</p>



<p><strong>Hadassa Binggeli</strong> inizierà a lavorare come responsabile dei gruppi di vita in estate. <strong>Daniel Rüegger</strong> ha assunto la funzione di property manager per <strong>Mats Staehelin</strong> e ora è a capo del team di manutenzione degli edifici e responsabile di tutte le questioni relative ai nostri edifici. <strong>Roger Zingg </strong>è disponibile per la posizione di responsabile della sicurezza. In questo ruolo, è responsabile del rispetto di un'ampia gamma di normative e ha l'autorità di impartire istruzioni in questi casi, per il bene della nostra sicurezza. Auguriamo a tutti voi un buon inizio e tanto vigore per il vostro lavoro. Grazie!</p>



<p><strong>Sandro Merz</strong> e <strong>Ruedi Sommer</strong> termineranno il loro coinvolgimento nel team di manutenzione dell'edificio nel corso dell'anno. Ti ringraziamo molto per il tempo e le conoscenze con cui hai sostenuto il team.</p>
