{"id":8960,"date":"2023-09-26T14:28:13","date_gmt":"2023-09-26T14:28:13","guid":{"rendered":"https:\/\/blog.seetal-chile.ch\/?post_type=seetal_chile_poscht&#038;p=8960"},"modified":"2023-09-26T14:28:13","modified_gmt":"2023-09-26T14:28:13","slug":"krank-was-nun","status":"publish","type":"seetal_chile_poscht","link":"https:\/\/blog.seetal-chile.ch\/it\/seetal_chile_poscht\/krank-was-nun\/","title":{"rendered":"Malato - e adesso?"},"content":{"rendered":"<p>Tutti noi dobbiamo affrontare una malattia nella nostra vita. Quale supporto puoi ottenere con l'seetal chile?<\/p>\n\n\n\n<ul class=\"wp-block-list\">\n<li>Come responsabili della chiesa, siamo felici di offrire la preghiera per i malati secondo Giacomo 5:13 e seguenti. Crediamo che ci sia una grande promessa in questo tipo di preghiera con l'unzione.<\/li>\n\n\n\n<li>Il team di preghiera \u00e8 felice di pregare per te durante le nostre funzioni religiose. La preghiera di guarigione \u00e8 una priorit\u00e0 particolarmente alta nei nostri servizi serali mensili.<\/li>\n\n\n\n<li>Siamo anche felici di attivare l'enorme potenziale che risiede nelle preghiere di un'intera congregazione. Puoi scriverci la tua richiesta di preghiera in una breve frase in modo che possiamo pubblicarla sul volantino del servizio e\/o nel calendario delle preghiere. Immagina un'intera congregazione che prega per la tua richiesta nello stesso giorno! Questo avr\u00e0 sicuramente un grande impatto nel mondo invisibile.<\/li>\n<\/ul>\n\n\n\n<p>Ti invitiamo ad approfittare di queste offerte. La palla \u00e8 nel tuo campo. Saremo lieti di servirti.<\/p>","protected":false},"author":4,"featured_media":0,"template":"","seetal_chile_poscht_ausgabe":[],"class_list":["post-8960","seetal_chile_poscht","type-seetal_chile_poscht","status-publish","hentry"],"acf":[],"_links":{"self":[{"href":"https:\/\/blog.seetal-chile.ch\/it\/wp-json\/wp\/v2\/seetal_chile_poscht\/8960","targetHints":{"allow":["GET"]}}],"collection":[{"href":"https:\/\/blog.seetal-chile.ch\/it\/wp-json\/wp\/v2\/seetal_chile_poscht"}],"about":[{"href":"https:\/\/blog.seetal-chile.ch\/it\/wp-json\/wp\/v2\/types\/seetal_chile_poscht"}],"author":[{"embeddable":true,"href":"https:\/\/blog.seetal-chile.ch\/it\/wp-json\/wp\/v2\/users\/4"}],"version-history":[{"count":3,"href":"https:\/\/blog.seetal-chile.ch\/it\/wp-json\/wp\/v2\/seetal_chile_poscht\/8960\/revisions"}],"predecessor-version":[{"id":8963,"href":"https:\/\/blog.seetal-chile.ch\/it\/wp-json\/wp\/v2\/seetal_chile_poscht\/8960\/revisions\/8963"}],"wp:attachment":[{"href":"https:\/\/blog.seetal-chile.ch\/it\/wp-json\/wp\/v2\/media?parent=8960"}],"wp:term":[{"taxonomy":"seetal_chile_poscht_ausgabe","embeddable":true,"href":"https:\/\/blog.seetal-chile.ch\/it\/wp-json\/wp\/v2\/seetal_chile_poscht_ausgabe?post=8960"}],"curies":[{"name":"wp","href":"https:\/\/api.w.org\/{rel}","templated":true}]}}

<p>Tutti noi dobbiamo affrontare una malattia nella nostra vita. Quale supporto puoi ottenere con l'seetal chile?</p>



<ul class="wp-block-list">
<li>Come responsabili della chiesa, siamo felici di offrire la preghiera per i malati secondo Giacomo 5:13 e seguenti. Crediamo che ci sia una grande promessa in questo tipo di preghiera con l'unzione.</li>



<li>Il team di preghiera è felice di pregare per te durante le nostre funzioni religiose. La preghiera di guarigione è una priorità particolarmente alta nei nostri servizi serali mensili.</li>



<li>Siamo anche felici di attivare l'enorme potenziale che risiede nelle preghiere di un'intera congregazione. Puoi scriverci la tua richiesta di preghiera in una breve frase in modo che possiamo pubblicarla sul volantino del servizio e/o nel calendario delle preghiere. Immagina un'intera congregazione che prega per la tua richiesta nello stesso giorno! Questo avrà sicuramente un grande impatto nel mondo invisibile.</li>
</ul>



<p>Ti invitiamo ad approfittare di queste offerte. La palla è nel tuo campo. Saremo lieti di servirti.</p>
