{"id":8966,"date":"2023-09-26T14:29:56","date_gmt":"2023-09-26T14:29:56","guid":{"rendered":"https:\/\/blog.seetal-chile.ch\/?post_type=seetal_chile_poscht&#038;p=8966"},"modified":"2023-09-26T14:29:56","modified_gmt":"2023-09-26T14:29:56","slug":"ferienwoche-im-suedtirol-60","status":"publish","type":"seetal_chile_poscht","link":"https:\/\/blog.seetal-chile.ch\/it\/seetal_chile_poscht\/ferienwoche-im-suedtirol-60\/","title":{"rendered":"Settimana di vacanza in Alto Adige 60+"},"content":{"rendered":"<p>Insieme al tour operator Surprise e a due delle nostre vicine Viva Kirchen (Beinwil am See e Reinach), stiamo organizzando un'interessante settimana di vacanza per 60+ nel bellissimo Alto Adige dal 15.09.2024 al 21.09.2024.<\/p>\n\n\n\n<p>Nei singoli giorni vengono proposte diverse attivit\u00e0. Ognuno sceglie ci\u00f2 che si adatta alle proprie esigenze fisiche per vivere una vacanza rilassante. Escursionisti, ciclisti, amanti della buona tavola, ecc... tutti avranno il loro tornaconto. La stimolazione quotidiana attraverso brevi devozioni e canti sar\u00e0 una parte importante dei nostri giorni di vacanza. Esploreremo i dintorni e il bellissimo paesaggio con escursioni organizzate e adatteremo l'offerta in base agli interessi e alle possibilit\u00e0: Tour delle Dolomiti, Castel Trautmannsdorf con giardino botanico, Museo di \u00d6tzi a Bolzano, Marmo di Lasa, Sentiero dei Riflessi di Ges\u00f9, Escursione sul Sentiero delle Balene, Passeggiata in citt\u00e0 a Merano, ecc.<\/p>\n\n\n\n<p>Nel nostro blog troverai il link al sito web di Surprise, dove potrai saperne di pi\u00f9 e registrarti. Non vediamo l'ora di incontrarti!<\/p>","protected":false},"author":4,"featured_media":0,"template":"","seetal_chile_poscht_ausgabe":[],"class_list":["post-8966","seetal_chile_poscht","type-seetal_chile_poscht","status-publish","hentry"],"acf":[],"_links":{"self":[{"href":"https:\/\/blog.seetal-chile.ch\/it\/wp-json\/wp\/v2\/seetal_chile_poscht\/8966","targetHints":{"allow":["GET"]}}],"collection":[{"href":"https:\/\/blog.seetal-chile.ch\/it\/wp-json\/wp\/v2\/seetal_chile_poscht"}],"about":[{"href":"https:\/\/blog.seetal-chile.ch\/it\/wp-json\/wp\/v2\/types\/seetal_chile_poscht"}],"author":[{"embeddable":true,"href":"https:\/\/blog.seetal-chile.ch\/it\/wp-json\/wp\/v2\/users\/4"}],"version-history":[{"count":3,"href":"https:\/\/blog.seetal-chile.ch\/it\/wp-json\/wp\/v2\/seetal_chile_poscht\/8966\/revisions"}],"predecessor-version":[{"id":8969,"href":"https:\/\/blog.seetal-chile.ch\/it\/wp-json\/wp\/v2\/seetal_chile_poscht\/8966\/revisions\/8969"}],"wp:attachment":[{"href":"https:\/\/blog.seetal-chile.ch\/it\/wp-json\/wp\/v2\/media?parent=8966"}],"wp:term":[{"taxonomy":"seetal_chile_poscht_ausgabe","embeddable":true,"href":"https:\/\/blog.seetal-chile.ch\/it\/wp-json\/wp\/v2\/seetal_chile_poscht_ausgabe?post=8966"}],"curies":[{"name":"wp","href":"https:\/\/api.w.org\/{rel}","templated":true}]}}

<p>Insieme al tour operator Surprise e a due delle nostre vicine Viva Kirchen (Beinwil am See e Reinach), stiamo organizzando un'interessante settimana di vacanza per 60+ nel bellissimo Alto Adige dal 15.09.2024 al 21.09.2024.</p>



<p>Nei singoli giorni vengono proposte diverse attività. Ognuno sceglie ciò che si adatta alle proprie esigenze fisiche per vivere una vacanza rilassante. Escursionisti, ciclisti, amanti della buona tavola, ecc... tutti avranno il loro tornaconto. La stimolazione quotidiana attraverso brevi devozioni e canti sarà una parte importante dei nostri giorni di vacanza. Esploreremo i dintorni e il bellissimo paesaggio con escursioni organizzate e adatteremo l'offerta in base agli interessi e alle possibilità: Tour delle Dolomiti, Castel Trautmannsdorf con giardino botanico, Museo di Ötzi a Bolzano, Marmo di Lasa, Sentiero dei Riflessi di Gesù, Escursione sul Sentiero delle Balene, Passeggiata in città a Merano, ecc.</p>



<p>Nel nostro blog troverai il link al sito web di Surprise, dove potrai saperne di più e registrarti. Non vediamo l'ora di incontrarti!</p>
