{"id":9325,"date":"2023-12-27T07:20:53","date_gmt":"2023-12-27T07:20:53","guid":{"rendered":"https:\/\/blog.seetal-chile.ch\/?post_type=seetal_chile_poscht&#038;p=9325"},"modified":"2023-12-27T07:20:54","modified_gmt":"2023-12-27T07:20:54","slug":"fuer-die-agenda-7","status":"publish","type":"seetal_chile_poscht","link":"https:\/\/blog.seetal-chile.ch\/it\/seetal_chile_poscht\/fuer-die-agenda-7\/","title":{"rendered":"Per l'ordine del giorno"},"content":{"rendered":"<p><strong>La prossima mattinata conoscitiva si terr\u00e0 il 20 gennaio alle ore 9:00.<\/strong>. Questo evento \u00e8 un'ottima occasione per conoscere l'seetal chile. Puoi registrarti sul nostro blog.<\/p>\n\n\n\n<p>A <strong>17 febbraio<\/strong> il nostro annuale <strong>Festa del Ringraziamento<\/strong> a cui sono invitate tutte le persone di et\u00e0 giovanile o superiore.<\/p>\n\n\n\n<p><strong>Dal 9 al 12 maggio 2024<\/strong> trova il nostro <strong>Weekend comunitario a Bad Schussenried<\/strong> si terr\u00e0. Perch\u00e9 non prenoti questa data in modo da poterti unire a noi quando passeremo del tempo insieme come famiglia della Chiesa? Questa \u00e8 un'ottima opportunit\u00e0 per le persone che sono nuove all'seetal chile di familiarizzare con il gruppo e un'ottima opportunit\u00e0 per i vecchi utenti di conoscere nuove persone.<\/p>","protected":false},"author":4,"featured_media":0,"template":"","seetal_chile_poscht_ausgabe":[],"class_list":["post-9325","seetal_chile_poscht","type-seetal_chile_poscht","status-publish","hentry"],"acf":[],"_links":{"self":[{"href":"https:\/\/blog.seetal-chile.ch\/it\/wp-json\/wp\/v2\/seetal_chile_poscht\/9325","targetHints":{"allow":["GET"]}}],"collection":[{"href":"https:\/\/blog.seetal-chile.ch\/it\/wp-json\/wp\/v2\/seetal_chile_poscht"}],"about":[{"href":"https:\/\/blog.seetal-chile.ch\/it\/wp-json\/wp\/v2\/types\/seetal_chile_poscht"}],"author":[{"embeddable":true,"href":"https:\/\/blog.seetal-chile.ch\/it\/wp-json\/wp\/v2\/users\/4"}],"version-history":[{"count":3,"href":"https:\/\/blog.seetal-chile.ch\/it\/wp-json\/wp\/v2\/seetal_chile_poscht\/9325\/revisions"}],"predecessor-version":[{"id":9328,"href":"https:\/\/blog.seetal-chile.ch\/it\/wp-json\/wp\/v2\/seetal_chile_poscht\/9325\/revisions\/9328"}],"wp:attachment":[{"href":"https:\/\/blog.seetal-chile.ch\/it\/wp-json\/wp\/v2\/media?parent=9325"}],"wp:term":[{"taxonomy":"seetal_chile_poscht_ausgabe","embeddable":true,"href":"https:\/\/blog.seetal-chile.ch\/it\/wp-json\/wp\/v2\/seetal_chile_poscht_ausgabe?post=9325"}],"curies":[{"name":"wp","href":"https:\/\/api.w.org\/{rel}","templated":true}]}}

<p><strong>La prossima mattinata conoscitiva si terrà il 20 gennaio alle ore 9:00.</strong>. Questo evento è un'ottima occasione per conoscere l'seetal chile. Puoi registrarti sul nostro blog.</p>



<p>A <strong>17 febbraio</strong> il nostro annuale <strong>Festa del Ringraziamento</strong> a cui sono invitate tutte le persone di età giovanile o superiore.</p>



<p><strong>Dal 9 al 12 maggio 2024</strong> trova il nostro <strong>Weekend comunitario a Bad Schussenried</strong> si terrà. Perché non prenoti questa data in modo da poterti unire a noi quando passeremo del tempo insieme come famiglia della Chiesa? Questa è un'ottima opportunità per le persone che sono nuove all'seetal chile di familiarizzare con il gruppo e un'ottima opportunità per i vecchi utenti di conoscere nuove persone.</p>
