{"id":9817,"date":"2024-05-18T07:39:39","date_gmt":"2024-05-18T07:39:39","guid":{"rendered":"https:\/\/blog.seetal-chile.ch\/?post_type=seetal_chile_poscht&#038;p=9817"},"modified":"2024-05-24T07:46:10","modified_gmt":"2024-05-24T07:46:10","slug":"fuer-die-agenda-12","status":"publish","type":"seetal_chile_poscht","link":"https:\/\/blog.seetal-chile.ch\/it\/seetal_chile_poscht\/fuer-die-agenda-12\/","title":{"rendered":"Per l'ordine del giorno"},"content":{"rendered":"<p><a>Nel <\/a><strong>Servizio religioso del 2 giugno<\/strong> Bernhard Hohl terr\u00e0 una discussione con Amir Khalid invece di un sermone. Amir \u00e8 nato musulmano nel sud-est asiatico e in seguito \u00e8 diventato cristiano. Ha avuto una vita movimentata e continuer\u00e0 a fare la differenza! Questo servizio \u00e8 ideale per invitare persone esterne alla chiesa.<\/p>\n\n\n\n<p>A <strong>8 giugno <\/strong>inizia<strong> alle 14:00<\/strong> il <strong>M\u00e4nner Event<\/strong>. Facciamo un viaggio nella start-up in cui lavora Timon Wehmann. Stanno facendo ricerche su aerei elettrici a decollo verticale. La sera alle 18:00 ceneremo all'seetal chile. Per la prima parte \u00e8 sufficiente registrarsi sul nostro blog.<\/p>\n\n\n\n<p>Una settimana dopo, <strong>il 15 giugno<\/strong>\u00e8 Sisterhood. Le donne cammineranno lungo il Sentiero dell'Argovia da Muri a Bremgarten, fermandosi per un caff\u00e8 e un pranzo. Puoi trovare informazioni pi\u00f9 dettagliate sul nostro blog.<\/p>\n\n\n\n<p>L'glow Youth viaggia dal <strong>Dal 14 al 16 giugno<\/strong> ans <strong>Melo Festival. <\/strong>Le informazioni su questo festival estivo cristiano e la possibilit\u00e0 di iscriversi sono disponibili sul nostro blog o direttamente su www.melo.ch.<\/p>\n\n\n\n<p>A <strong>23 giugno <\/strong>trova<strong> alle 15:00<\/strong> - tra il battesimo e la funzione religiosa della sera - un'altra occasione con il <strong>Cantanti anziani<\/strong> nel centro giovanile.<\/p>\n\n\n\n<p>A <strong>27 giugno alle 14:30<\/strong> persone con un'esperienza di vita superiore alla media si incontrano in una <strong>Generation+ Occasione<\/strong> con l'importante argomento <em>Depressione in et\u00e0 avanzata<\/em>. Insieme alla merenda che seguir\u00e0, sar\u00e0 un evento completo.<\/p>\n\n\n\n<p>Da <strong>Dal 6 all'8 luglio<\/strong> trova il <strong>Campo luminoso<\/strong> per tutti, dal terzo anno di scuola all'ultimo anno di scuola superiore. Puoi trovare maggiori informazioni e iscriverti nel nostro blog.<\/p>\n\n\n\n<p>A <strong>8 settembre 2024<\/strong> saremo in un <strong>Servizio religioso seguito da pranzo<\/strong> per celebrare il 10\u00b0 anniversario del centro, il lancio di Livestream 500(0) e l'inaugurazione dei lavori di ristrutturazione del centro giovanile e del palco.<\/p>\n\n\n\n<p>Da <strong>Dal 15 al 21 settembre<\/strong> trova il <strong>Settimana di vacanza in Alto Adige 60+<\/strong> si svolger\u00e0. Ci sono ancora alcuni posti disponibili. Gli interessati devono registrarsi al pi\u00f9 presto sul nostro blog. Non vediamo l'ora di vederti!<\/p>\n\n\n\n<p>Da <strong>Dal 27 settembre al 6 ottobre 2024<\/strong> trova il <strong>Campo autunnale del bagliore<\/strong> per tutti coloro che hanno pi\u00f9 di 16 anni. Le iscrizioni tramite il blog sono aperte.<\/p>","protected":false},"author":4,"featured_media":0,"template":"","seetal_chile_poscht_ausgabe":[],"class_list":["post-9817","seetal_chile_poscht","type-seetal_chile_poscht","status-publish","hentry"],"acf":[],"_links":{"self":[{"href":"https:\/\/blog.seetal-chile.ch\/it\/wp-json\/wp\/v2\/seetal_chile_poscht\/9817","targetHints":{"allow":["GET"]}}],"collection":[{"href":"https:\/\/blog.seetal-chile.ch\/it\/wp-json\/wp\/v2\/seetal_chile_poscht"}],"about":[{"href":"https:\/\/blog.seetal-chile.ch\/it\/wp-json\/wp\/v2\/types\/seetal_chile_poscht"}],"author":[{"embeddable":true,"href":"https:\/\/blog.seetal-chile.ch\/it\/wp-json\/wp\/v2\/users\/4"}],"version-history":[{"count":2,"href":"https:\/\/blog.seetal-chile.ch\/it\/wp-json\/wp\/v2\/seetal_chile_poscht\/9817\/revisions"}],"predecessor-version":[{"id":9850,"href":"https:\/\/blog.seetal-chile.ch\/it\/wp-json\/wp\/v2\/seetal_chile_poscht\/9817\/revisions\/9850"}],"wp:attachment":[{"href":"https:\/\/blog.seetal-chile.ch\/it\/wp-json\/wp\/v2\/media?parent=9817"}],"wp:term":[{"taxonomy":"seetal_chile_poscht_ausgabe","embeddable":true,"href":"https:\/\/blog.seetal-chile.ch\/it\/wp-json\/wp\/v2\/seetal_chile_poscht_ausgabe?post=9817"}],"curies":[{"name":"wp","href":"https:\/\/api.w.org\/{rel}","templated":true}]}}

<p><a>Nel </a><strong>Servizio religioso del 2 giugno</strong> Bernhard Hohl terrà una discussione con Amir Khalid invece di un sermone. Amir è nato musulmano nel sud-est asiatico e in seguito è diventato cristiano. Ha avuto una vita movimentata e continuerà a fare la differenza! Questo servizio è ideale per invitare persone esterne alla chiesa.</p>



<p>A <strong>8 giugno </strong>inizia<strong> alle 14:00</strong> il <strong>Männer Event</strong>. Facciamo un viaggio nella start-up in cui lavora Timon Wehmann. Stanno facendo ricerche su aerei elettrici a decollo verticale. La sera alle 18:00 ceneremo all'seetal chile. Per la prima parte è sufficiente registrarsi sul nostro blog.</p>



<p>Una settimana dopo, <strong>il 15 giugno</strong>è Sisterhood. Le donne cammineranno lungo il Sentiero dell'Argovia da Muri a Bremgarten, fermandosi per un caffè e un pranzo. Puoi trovare informazioni più dettagliate sul nostro blog.</p>



<p>L'glow Youth viaggia dal <strong>Dal 14 al 16 giugno</strong> ans <strong>Melo Festival. </strong>Le informazioni su questo festival estivo cristiano e la possibilità di iscriversi sono disponibili sul nostro blog o direttamente su www.melo.ch.</p>



<p>A <strong>23 giugno </strong>trova<strong> alle 15:00</strong> - tra il battesimo e la funzione religiosa della sera - un'altra occasione con il <strong>Cantanti anziani</strong> nel centro giovanile.</p>



<p>A <strong>27 giugno alle 14:30</strong> persone con un'esperienza di vita superiore alla media si incontrano in una <strong>Generation+ Occasione</strong> con l'importante argomento <em>Depressione in età avanzata</em>. Insieme alla merenda che seguirà, sarà un evento completo.</p>



<p>Da <strong>Dal 6 all'8 luglio</strong> trova il <strong>Campo luminoso</strong> per tutti, dal terzo anno di scuola all'ultimo anno di scuola superiore. Puoi trovare maggiori informazioni e iscriverti nel nostro blog.</p>



<p>A <strong>8 settembre 2024</strong> saremo in un <strong>Servizio religioso seguito da pranzo</strong> per celebrare il 10° anniversario del centro, il lancio di Livestream 500(0) e l'inaugurazione dei lavori di ristrutturazione del centro giovanile e del palco.</p>



<p>Da <strong>Dal 15 al 21 settembre</strong> trova il <strong>Settimana di vacanza in Alto Adige 60+</strong> si svolgerà. Ci sono ancora alcuni posti disponibili. Gli interessati devono registrarsi al più presto sul nostro blog. Non vediamo l'ora di vederti!</p>



<p>Da <strong>Dal 27 settembre al 6 ottobre 2024</strong> trova il <strong>Campo autunnale del bagliore</strong> per tutti coloro che hanno più di 16 anni. Le iscrizioni tramite il blog sono aperte.</p>
