{"id":11604,"date":"2026-02-27T07:45:55","date_gmt":"2026-02-27T06:45:55","guid":{"rendered":"https:\/\/blog.seetal-chile.ch\/?post_type=seetal_chile_poscht&#038;p=11604"},"modified":"2026-02-27T07:51:59","modified_gmt":"2026-02-27T06:51:59","slug":"infos-zu-personen-45","status":"publish","type":"seetal_chile_poscht","link":"https:\/\/blog.seetal-chile.ch\/ru\/seetal_chile_poscht\/infos-zu-personen-45\/","title":{"rendered":"\u0418\u043d\u0444\u043e\u0440\u043c\u0430\u0446\u0438\u044f \u043e \u043b\u044e\u0434\u044f\u0445"},"content":{"rendered":"<p><strong>Hava L\u00fcscher<\/strong> ist am 12. Februar als vierte Tochter von Stefanie &amp; Thomas zur Welt gekommen. Was f\u00fcr ein Wunder! Was f\u00fcr eine Freude! Zu diesem wunderbaren Ereignis w\u00fcnschen wir Euch Gottes Segen!<\/p>\n\n\n\n<p>\u041c\u044b \u0440\u0430\u0434\u044b, \u0447\u0442\u043e \u043f\u043e\u0441\u043b\u0435 \u00ab\u0443\u0441\u043f\u0435\u0448\u043d\u043e\u0433\u043e\u00bb \u043f\u0435\u0440\u0438\u043e\u0434\u0430 \u0432\u043e\u0437\u0440\u0430\u0436\u0435\u043d\u0438\u0439 <strong>\u0428\u0430\u0440\u043b\u0438 \u0438 \u0420\u0430\u0445\u0438\u043b\u044c \u0411\u0435\u043a<\/strong> als neue Mitglieder unter uns begr\u00fcssen d\u00fcrfen!<\/p>\n\n\n\n<p>Die Mitgliedschaft von <strong>Nicolas Baur<\/strong> wurde von der Lenzokirche zu uns in die seetal chile \u00fcbertragen. Wenn jemand aus einer anderen Freikirche zu uns st\u00f6sst, braucht es kein Aufnahmeverfahren.<\/p>\n\n\n\n<p><strong>Andreas &amp; Mirjam D\u00e4twyler<\/strong> \u0438 <strong>Daniel, Jeanine und Zo\u00e9 Rindlisbacher<\/strong> \u043f\u043e\u0434\u0430\u044e\u0442 \u0437\u0430\u044f\u0432\u043a\u0443 \u043d\u0430 \u0447\u043b\u0435\u043d\u0441\u0442\u0432\u043e \u0432 seetal chile. \u041c\u044b \u043e\u0447\u0435\u043d\u044c \u0440\u0430\u0434\u044b \u044d\u0442\u043e\u043c\u0443 \u0438 \u043d\u0430\u0447\u0438\u043d\u0430\u0435\u043c 14-\u0434\u043d\u0435\u0432\u043d\u044b\u0439 \u0441\u0440\u043e\u043a, \u0432 \u0442\u0435\u0447\u0435\u043d\u0438\u0435 \u043a\u043e\u0442\u043e\u0440\u043e\u0433\u043e \u043d\u044b\u043d\u0435\u0448\u043d\u0438\u0435 \u0447\u043b\u0435\u043d\u044b \u043c\u043e\u0433\u0443\u0442 \u043f\u043e\u0434\u0430\u0442\u044c \u0432\u043e\u0437\u0440\u0430\u0436\u0435\u043d\u0438\u044f.<\/p>\n\n\n\n<p><strong>\u041c\u0438\u0440\u044c\u044f\u043c \u0421\u0438\u0433\u0433<\/strong> (VL und Delegierte), <strong>\u0410\u043d\u0434\u0440\u0435\u0430 \u0412\u0435\u0440\u0434\u0435\u0440<\/strong> (VL), <strong>\u0414\u0430\u043d\u0438\u044d\u043b\u044c \u0420\u044e\u044d\u0433\u0433\u0435\u0440<\/strong> (Delegierter) sowie <strong>\u0424\u0438\u043b\u0438\u043f\u043f \u042d\u0440\u0441\u0430\u043c<\/strong> \u0438 <strong>Paul Walti<\/strong> (Revisoren) wurden an der GV vom 26. Februar in ihren \u00c4mtern best\u00e4tigt bzw. neu gew\u00e4hlt.<\/p>\n\n\n\n<p><strong>\u0421\u0430\u0439\u043c\u043e\u043d \u0412\u0438\u043a<\/strong> pausiert vorl\u00e4ufig seine T\u00e4tigkeit in der Gemeindeleitung. Ebenso wird <strong>\u0414\u0436\u0443\u043b\u0438\u0430\u043d\u0430 \u0412\u0438\u043a<\/strong> ihren Dienst in der Moderation unterbrechen. Ausserdem beendet sie die Leitung des Besuchsdienst.<\/p>\n\n\n\n<p><strong>Jennifer Ravinger<\/strong> arbeitet neu bei glow Murmeli mit. <strong>\u041c\u0430\u0440\u0441\u0435\u043b\u044c \u0412\u0443\u043d\u0434\u0435\u0440\u043b\u0438<\/strong> beendet seine Mitarbeit im Audio-Team und <strong>\u0421\u0435\u0440\u0430\u0439\u043d\u0430 \u0413\u0443\u0433\u0433\u0435\u0440<\/strong> im Besuchsdienst.<\/p>","protected":false},"author":4,"featured_media":0,"template":"","seetal_chile_poscht_ausgabe":[110],"class_list":["post-11604","seetal_chile_poscht","type-seetal_chile_poscht","status-publish","hentry","seetal_chile_poscht_ausgabe-seetal-chile-poscht-03-2026-0cdef7cc-9aa7-4d3b-9332-3afc940ec601"],"acf":[],"_links":{"self":[{"href":"https:\/\/blog.seetal-chile.ch\/ru\/wp-json\/wp\/v2\/seetal_chile_poscht\/11604","targetHints":{"allow":["GET"]}}],"collection":[{"href":"https:\/\/blog.seetal-chile.ch\/ru\/wp-json\/wp\/v2\/seetal_chile_poscht"}],"about":[{"href":"https:\/\/blog.seetal-chile.ch\/ru\/wp-json\/wp\/v2\/types\/seetal_chile_poscht"}],"author":[{"embeddable":true,"href":"https:\/\/blog.seetal-chile.ch\/ru\/wp-json\/wp\/v2\/users\/4"}],"version-history":[{"count":2,"href":"https:\/\/blog.seetal-chile.ch\/ru\/wp-json\/wp\/v2\/seetal_chile_poscht\/11604\/revisions"}],"predecessor-version":[{"id":11618,"href":"https:\/\/blog.seetal-chile.ch\/ru\/wp-json\/wp\/v2\/seetal_chile_poscht\/11604\/revisions\/11618"}],"wp:attachment":[{"href":"https:\/\/blog.seetal-chile.ch\/ru\/wp-json\/wp\/v2\/media?parent=11604"}],"wp:term":[{"taxonomy":"seetal_chile_poscht_ausgabe","embeddable":true,"href":"https:\/\/blog.seetal-chile.ch\/ru\/wp-json\/wp\/v2\/seetal_chile_poscht_ausgabe?post=11604"}],"curies":[{"name":"wp","href":"https:\/\/api.w.org\/{rel}","templated":true}]}}

Информация о людях

<p><strong>Hava Lüscher</strong> ist am 12. Februar als vierte Tochter von Stefanie &amp; Thomas zur Welt gekommen. Was für ein Wunder! Was für eine Freude! Zu diesem wunderbaren Ereignis wünschen wir Euch Gottes Segen!</p>



<p>Мы рады, что после «успешного» периода возражений <strong>Шарли и Рахиль Бек</strong> als neue Mitglieder unter uns begrüssen dürfen!</p>



<p>Die Mitgliedschaft von <strong>Nicolas Baur</strong> wurde von der Lenzokirche zu uns in die seetal chile übertragen. Wenn jemand aus einer anderen Freikirche zu uns stösst, braucht es kein Aufnahmeverfahren.</p>



<p><strong>Andreas &amp; Mirjam Dätwyler</strong> и <strong>Daniel, Jeanine und Zoé Rindlisbacher</strong> подают заявку на членство в seetal chile. Мы очень рады этому и начинаем 14-дневный срок, в течение которого нынешние члены могут подать возражения.</p>



<p><strong>Мирьям Сигг</strong> (VL und Delegierte), <strong>Андреа Вердер</strong> (VL), <strong>Даниэль Рюэггер</strong> (Delegierter) sowie <strong>Филипп Эрсам</strong> и <strong>Paul Walti</strong> (Revisoren) wurden an der GV vom 26. Februar in ihren Ämtern bestätigt bzw. neu gewählt.</p>



<p><strong>Саймон Вик</strong> pausiert vorläufig seine Tätigkeit in der Gemeindeleitung. Ebenso wird <strong>Джулиана Вик</strong> ihren Dienst in der Moderation unterbrechen. Ausserdem beendet sie die Leitung des Besuchsdienst.</p>



<p><strong>Jennifer Ravinger</strong> arbeitet neu bei glow Murmeli mit. <strong>Марсель Вундерли</strong> beendet seine Mitarbeit im Audio-Team und <strong>Серайна Гуггер</strong> im Besuchsdienst.</p>
